
{"id":6690,"date":"2019-06-25T16:14:44","date_gmt":"2019-06-25T14:14:44","guid":{"rendered":"http:\/\/www.comercialanma.es\/?post_type=product&#038;p=6690"},"modified":"2019-06-28T12:54:06","modified_gmt":"2019-06-28T10:54:06","slug":"lacastellana","status":"publish","type":"product","link":"https:\/\/www.comercialanma.es\/?product=lacastellana","title":{"rendered":"Anis La Castellana dulce 1L"},"content":{"rendered":"<ul>\n<li><span class=\"a-list-item\"> Contenido de alcohol: 35 % <\/span><\/li>\n<li><span class=\"a-list-item\"> Pa\u00eds de origen: Espa\u00f1a <\/span><\/li>\n<li><span class=\"a-list-item\"> Destilado de grano de an\u00eds y badiana, mezclados con agua desmineralizada, jarabe de az\u00facar y alcoholes de melaza <\/span><\/li>\n<li><span class=\"a-list-item\"> Destilado de plantas: an\u00eds estrellado, an\u00eds matalahuga, ra\u00edz de lirio, regaliz, flor de azahar, macis, canela, cilantro <\/span><\/li>\n<li><span class=\"a-list-item\"> La botella tiene un volumen de 700 ml <\/span><\/li>\n<\/ul>\n","protected":false},"excerpt":{"rendered":"<p>Contenido de alcohol: 35 % Pa\u00eds de origen: Espa\u00f1a Destilado de grano de an\u00eds y badiana, mezclados con agua desmineralizada, jarabe de az\u00facar y alcoholes de melaza Destilado de plantas: an\u00eds estrellado, an\u00eds matalahuga, ra\u00edz de lirio, regaliz, flor de azahar, macis, canela, cilantro La botella tiene un volumen de 700 ml<\/p>\n","protected":false},"featured_media":6691,"template":"","meta":{"spay_email":""},"yoast_head":"<!-- This site is optimized with the Yoast SEO plugin v15.9 - https:\/\/yoast.com\/wordpress\/plugins\/seo\/ -->\n<title>Anis La Castellana dulce 1L - Comercial de Hosteleria Anma<\/title>\n<meta name=\"robots\" content=\"index, follow, max-snippet:-1, max-image-preview:large, max-video-preview:-1\" \/>\n<link rel=\"canonical\" href=\"https:\/\/www.comercialanma.es\/?product=lacastellana\" \/>\n<meta property=\"og:locale\" content=\"es_ES\" \/>\n<meta property=\"og:type\" content=\"article\" \/>\n<meta property=\"og:title\" content=\"Anis La Castellana dulce 1L - Comercial de Hosteleria Anma\" \/>\n<meta property=\"og:description\" content=\"Contenido de alcohol: 35 % Pa\u00eds de origen: Espa\u00f1a Destilado de grano de an\u00eds y badiana, mezclados con agua desmineralizada, jarabe de az\u00facar y alcoholes de melaza Destilado de plantas: an\u00eds estrellado, an\u00eds matalahuga, ra\u00edz de lirio, regaliz, flor de azahar, macis, canela, cilantro La botella tiene un volumen de 700 ml\" \/>\n<meta property=\"og:url\" content=\"https:\/\/www.comercialanma.es\/?product=lacastellana\" \/>\n<meta property=\"og:site_name\" content=\"Comercial de Hosteleria Anma\" \/>\n<meta property=\"article:publisher\" content=\"https:\/\/www.facebook.com\/AnmaHosteleria\" \/>\n<meta property=\"article:modified_time\" content=\"2019-06-28T10:54:06+00:00\" \/>\n<meta property=\"og:image\" content=\"https:\/\/i0.wp.com\/www.comercialanma.es\/wp-content\/uploads\/2019\/06\/anis-lacastellana.jpg?fit=1200%2C1200&#038;ssl=1\" \/>\n\t<meta property=\"og:image:width\" content=\"1200\" \/>\n\t<meta property=\"og:image:height\" content=\"1200\" \/>\n<meta name=\"twitter:card\" content=\"summary_large_image\" \/>\n<script type=\"application\/ld+json\" class=\"yoast-schema-graph\">{\"@context\":\"https:\/\/schema.org\",\"@graph\":[{\"@type\":\"Organization\",\"@id\":\"https:\/\/www.comercialanma.es\/#organization\",\"name\":\"Comercial Anma\",\"url\":\"https:\/\/www.comercialanma.es\/\",\"sameAs\":[\"https:\/\/www.facebook.com\/AnmaHosteleria\",\"https:\/\/www.instagram.com\/anmahosteleria\/?hl=es\",\"https:\/\/www.youtube.com\/channel\/UCT2nmn08Ntks0hmpZPnDgCA\"],\"logo\":{\"@type\":\"ImageObject\",\"@id\":\"https:\/\/www.comercialanma.es\/#logo\",\"inLanguage\":\"es\",\"url\":\"https:\/\/i2.wp.com\/www.comercialanma.es\/wp-content\/uploads\/2019\/06\/logo-anma-color.png?fit=247%2C101&ssl=1\",\"width\":247,\"height\":101,\"caption\":\"Comercial Anma\"},\"image\":{\"@id\":\"https:\/\/www.comercialanma.es\/#logo\"}},{\"@type\":\"WebSite\",\"@id\":\"https:\/\/www.comercialanma.es\/#website\",\"url\":\"https:\/\/www.comercialanma.es\/\",\"name\":\"Comercial de Hosteleria Anma\",\"description\":\"\",\"publisher\":{\"@id\":\"https:\/\/www.comercialanma.es\/#organization\"},\"potentialAction\":[{\"@type\":\"SearchAction\",\"target\":\"https:\/\/www.comercialanma.es\/?s={search_term_string}\",\"query-input\":\"required name=search_term_string\"}],\"inLanguage\":\"es\"},{\"@type\":\"ImageObject\",\"@id\":\"https:\/\/www.comercialanma.es\/?product=lacastellana#primaryimage\",\"inLanguage\":\"es\",\"url\":\"https:\/\/i0.wp.com\/www.comercialanma.es\/wp-content\/uploads\/2019\/06\/anis-lacastellana.jpg?fit=1200%2C1200&ssl=1\",\"width\":1200,\"height\":1200},{\"@type\":\"WebPage\",\"@id\":\"https:\/\/www.comercialanma.es\/?product=lacastellana#webpage\",\"url\":\"https:\/\/www.comercialanma.es\/?product=lacastellana\",\"name\":\"Anis La Castellana dulce 1L - Comercial de Hosteleria Anma\",\"isPartOf\":{\"@id\":\"https:\/\/www.comercialanma.es\/#website\"},\"primaryImageOfPage\":{\"@id\":\"https:\/\/www.comercialanma.es\/?product=lacastellana#primaryimage\"},\"datePublished\":\"2019-06-25T14:14:44+00:00\",\"dateModified\":\"2019-06-28T10:54:06+00:00\",\"breadcrumb\":{\"@id\":\"https:\/\/www.comercialanma.es\/?product=lacastellana#breadcrumb\"},\"inLanguage\":\"es\",\"potentialAction\":[{\"@type\":\"ReadAction\",\"target\":[\"https:\/\/www.comercialanma.es\/?product=lacastellana\"]}]},{\"@type\":\"BreadcrumbList\",\"@id\":\"https:\/\/www.comercialanma.es\/?product=lacastellana#breadcrumb\",\"itemListElement\":[{\"@type\":\"ListItem\",\"position\":1,\"item\":{\"@type\":\"WebPage\",\"@id\":\"https:\/\/www.comercialanma.es\/\",\"url\":\"https:\/\/www.comercialanma.es\/\",\"name\":\"Portada\"}},{\"@type\":\"ListItem\",\"position\":2,\"item\":{\"@type\":\"WebPage\",\"@id\":\"https:\/\/www.comercialanma.es\/?page_id=3963\",\"url\":\"https:\/\/www.comercialanma.es\/?page_id=3963\",\"name\":\"Cat\\u00e1logo de Productos\"}},{\"@type\":\"ListItem\",\"position\":3,\"item\":{\"@type\":\"WebPage\",\"@id\":\"https:\/\/www.comercialanma.es\/?product=lacastellana\",\"url\":\"https:\/\/www.comercialanma.es\/?product=lacastellana\",\"name\":\"Anis La Castellana dulce 1L\"}}]}]}<\/script>\n<!-- \/ Yoast SEO plugin. -->","_links":{"self":[{"href":"https:\/\/www.comercialanma.es\/index.php?rest_route=\/wp\/v2\/product\/6690"}],"collection":[{"href":"https:\/\/www.comercialanma.es\/index.php?rest_route=\/wp\/v2\/product"}],"about":[{"href":"https:\/\/www.comercialanma.es\/index.php?rest_route=\/wp\/v2\/types\/product"}],"version-history":[{"count":2,"href":"https:\/\/www.comercialanma.es\/index.php?rest_route=\/wp\/v2\/product\/6690\/revisions"}],"predecessor-version":[{"id":6693,"href":"https:\/\/www.comercialanma.es\/index.php?rest_route=\/wp\/v2\/product\/6690\/revisions\/6693"}],"wp:featuredmedia":[{"embeddable":true,"href":"https:\/\/www.comercialanma.es\/index.php?rest_route=\/wp\/v2\/media\/6691"}],"wp:attachment":[{"href":"https:\/\/www.comercialanma.es\/index.php?rest_route=%2Fwp%2Fv2%2Fmedia&parent=6690"}],"curies":[{"name":"wp","href":"https:\/\/api.w.org\/{rel}","templated":true}]}}