
{"id":6701,"date":"2019-06-25T16:56:28","date_gmt":"2019-06-25T14:56:28","guid":{"rendered":"http:\/\/www.comercialanma.es\/?post_type=product&#038;p=6701"},"modified":"2019-06-28T12:53:15","modified_gmt":"2019-06-28T10:53:15","slug":"mono-carajillo","status":"publish","type":"product","link":"https:\/\/www.comercialanma.es\/?product=mono-carajillo","title":{"rendered":"Anis del Mono carajillo 70cl."},"content":{"rendered":"<section id=\"info\">\n<div>\n<h2>NOTA DE CATA DE CARAJILLO AN\u00cdS DEL MONO<\/h2>\n<p>&#8211; En vista:\u00a0Carajillo de Anis ofrece un color caoba oscuro, intenso y brillante<\/p>\n<p>&#8211; En nariz: Los aromas de An\u00eds del Mono se expresan en perfecta armon\u00eda con notas de caf\u00e9 suave y tostado, ofreciendo una seductora complejidad.<\/p>\n<p>&#8211; En boca: Paladar suave, untuoso, persistente, en el que las notas de an\u00eds y caf\u00e9 se enriquecen mutuamente para culminar en un final largo y placentero.<\/p>\n<h2>DATOS DE ELABORACI\u00d3N<\/h2>\n<p>&#8211; Elaboraci\u00f3n:\u00a0La grasa de an\u00eds natural y otras plantas se destilan en alambiques de cobre para obtener los aceites esenciales que junto con el az\u00facar de ca\u00f1a. el agua desmineralizada y el alcohol neutro de primera calidad componen el an\u00eds.<\/p>\n<p>&#8211; Graduaci\u00f3n alcoh\u00f3lica: 26%Vol.<\/p>\n<p>&#8211; Categor\u00eda:\u00a0Carajillo de an\u00eds<\/p>\n<h2>CONSERVACI\u00d3N Y SUGERENCIAS DE CONSUMO<\/h2>\n<p>Conservar en lugares bien ventilados y alejados de fuentes de calor.<\/p>\n<p>S\u00edrvase muy fr\u00edo, para tomar solo en chupito o en copa ancha con hielo.<\/p>\n<\/div>\n<\/section>\n","protected":false},"excerpt":{"rendered":"<p>Carajillo de An\u00eds del Mono es una bebida de sobremesa que reinventa la tradici\u00f3n de acompa\u00f1ar una tertulia de un buen caf\u00e9.<\/p>\n","protected":false},"featured_media":6702,"template":"","meta":{"spay_email":""},"yoast_head":"<!-- This site is optimized with the Yoast SEO plugin v15.9 - https:\/\/yoast.com\/wordpress\/plugins\/seo\/ -->\n<title>Anis del Mono carajillo 70cl. - Comercial de Hosteleria Anma<\/title>\n<meta name=\"robots\" content=\"index, follow, max-snippet:-1, max-image-preview:large, max-video-preview:-1\" \/>\n<link rel=\"canonical\" href=\"https:\/\/www.comercialanma.es\/?product=mono-carajillo\" \/>\n<meta property=\"og:locale\" content=\"es_ES\" \/>\n<meta property=\"og:type\" content=\"article\" \/>\n<meta property=\"og:title\" content=\"Anis del Mono carajillo 70cl. - Comercial de Hosteleria Anma\" \/>\n<meta property=\"og:description\" content=\"Carajillo de An\u00eds del Mono es una bebida de sobremesa que reinventa la tradici\u00f3n de acompa\u00f1ar una tertulia de un buen caf\u00e9.\" \/>\n<meta property=\"og:url\" content=\"https:\/\/www.comercialanma.es\/?product=mono-carajillo\" \/>\n<meta property=\"og:site_name\" content=\"Comercial de Hosteleria Anma\" \/>\n<meta property=\"article:publisher\" content=\"https:\/\/www.facebook.com\/AnmaHosteleria\" \/>\n<meta property=\"article:modified_time\" content=\"2019-06-28T10:53:15+00:00\" \/>\n<meta property=\"og:image\" content=\"https:\/\/i0.wp.com\/www.comercialanma.es\/wp-content\/uploads\/2019\/06\/anis-mono-carajillo.jpg?fit=1200%2C1200&#038;ssl=1\" \/>\n\t<meta property=\"og:image:width\" content=\"1200\" \/>\n\t<meta property=\"og:image:height\" content=\"1200\" \/>\n<meta name=\"twitter:card\" content=\"summary_large_image\" \/>\n<meta name=\"twitter:label1\" content=\"Tiempo de lectura\">\n\t<meta name=\"twitter:data1\" content=\"1 minuto\">\n<script type=\"application\/ld+json\" class=\"yoast-schema-graph\">{\"@context\":\"https:\/\/schema.org\",\"@graph\":[{\"@type\":\"Organization\",\"@id\":\"https:\/\/www.comercialanma.es\/#organization\",\"name\":\"Comercial Anma\",\"url\":\"https:\/\/www.comercialanma.es\/\",\"sameAs\":[\"https:\/\/www.facebook.com\/AnmaHosteleria\",\"https:\/\/www.instagram.com\/anmahosteleria\/?hl=es\",\"https:\/\/www.youtube.com\/channel\/UCT2nmn08Ntks0hmpZPnDgCA\"],\"logo\":{\"@type\":\"ImageObject\",\"@id\":\"https:\/\/www.comercialanma.es\/#logo\",\"inLanguage\":\"es\",\"url\":\"https:\/\/i2.wp.com\/www.comercialanma.es\/wp-content\/uploads\/2019\/06\/logo-anma-color.png?fit=247%2C101&ssl=1\",\"width\":247,\"height\":101,\"caption\":\"Comercial Anma\"},\"image\":{\"@id\":\"https:\/\/www.comercialanma.es\/#logo\"}},{\"@type\":\"WebSite\",\"@id\":\"https:\/\/www.comercialanma.es\/#website\",\"url\":\"https:\/\/www.comercialanma.es\/\",\"name\":\"Comercial de Hosteleria Anma\",\"description\":\"\",\"publisher\":{\"@id\":\"https:\/\/www.comercialanma.es\/#organization\"},\"potentialAction\":[{\"@type\":\"SearchAction\",\"target\":\"https:\/\/www.comercialanma.es\/?s={search_term_string}\",\"query-input\":\"required name=search_term_string\"}],\"inLanguage\":\"es\"},{\"@type\":\"ImageObject\",\"@id\":\"https:\/\/www.comercialanma.es\/?product=mono-carajillo#primaryimage\",\"inLanguage\":\"es\",\"url\":\"https:\/\/i0.wp.com\/www.comercialanma.es\/wp-content\/uploads\/2019\/06\/anis-mono-carajillo.jpg?fit=1200%2C1200&ssl=1\",\"width\":1200,\"height\":1200},{\"@type\":\"WebPage\",\"@id\":\"https:\/\/www.comercialanma.es\/?product=mono-carajillo#webpage\",\"url\":\"https:\/\/www.comercialanma.es\/?product=mono-carajillo\",\"name\":\"Anis del Mono carajillo 70cl. - Comercial de Hosteleria Anma\",\"isPartOf\":{\"@id\":\"https:\/\/www.comercialanma.es\/#website\"},\"primaryImageOfPage\":{\"@id\":\"https:\/\/www.comercialanma.es\/?product=mono-carajillo#primaryimage\"},\"datePublished\":\"2019-06-25T14:56:28+00:00\",\"dateModified\":\"2019-06-28T10:53:15+00:00\",\"breadcrumb\":{\"@id\":\"https:\/\/www.comercialanma.es\/?product=mono-carajillo#breadcrumb\"},\"inLanguage\":\"es\",\"potentialAction\":[{\"@type\":\"ReadAction\",\"target\":[\"https:\/\/www.comercialanma.es\/?product=mono-carajillo\"]}]},{\"@type\":\"BreadcrumbList\",\"@id\":\"https:\/\/www.comercialanma.es\/?product=mono-carajillo#breadcrumb\",\"itemListElement\":[{\"@type\":\"ListItem\",\"position\":1,\"item\":{\"@type\":\"WebPage\",\"@id\":\"https:\/\/www.comercialanma.es\/\",\"url\":\"https:\/\/www.comercialanma.es\/\",\"name\":\"Portada\"}},{\"@type\":\"ListItem\",\"position\":2,\"item\":{\"@type\":\"WebPage\",\"@id\":\"https:\/\/www.comercialanma.es\/?page_id=3963\",\"url\":\"https:\/\/www.comercialanma.es\/?page_id=3963\",\"name\":\"Cat\\u00e1logo de Productos\"}},{\"@type\":\"ListItem\",\"position\":3,\"item\":{\"@type\":\"WebPage\",\"@id\":\"https:\/\/www.comercialanma.es\/?product=mono-carajillo\",\"url\":\"https:\/\/www.comercialanma.es\/?product=mono-carajillo\",\"name\":\"Anis del Mono carajillo 70cl.\"}}]}]}<\/script>\n<!-- \/ Yoast SEO plugin. -->","_links":{"self":[{"href":"https:\/\/www.comercialanma.es\/index.php?rest_route=\/wp\/v2\/product\/6701"}],"collection":[{"href":"https:\/\/www.comercialanma.es\/index.php?rest_route=\/wp\/v2\/product"}],"about":[{"href":"https:\/\/www.comercialanma.es\/index.php?rest_route=\/wp\/v2\/types\/product"}],"version-history":[{"count":1,"href":"https:\/\/www.comercialanma.es\/index.php?rest_route=\/wp\/v2\/product\/6701\/revisions"}],"predecessor-version":[{"id":6703,"href":"https:\/\/www.comercialanma.es\/index.php?rest_route=\/wp\/v2\/product\/6701\/revisions\/6703"}],"wp:featuredmedia":[{"embeddable":true,"href":"https:\/\/www.comercialanma.es\/index.php?rest_route=\/wp\/v2\/media\/6702"}],"wp:attachment":[{"href":"https:\/\/www.comercialanma.es\/index.php?rest_route=%2Fwp%2Fv2%2Fmedia&parent=6701"}],"curies":[{"name":"wp","href":"https:\/\/api.w.org\/{rel}","templated":true}]}}

<section id="info">
<div>
<h2>NOTA DE CATA DE CARAJILLO ANÍS DEL MONO</h2>
<p>&#8211; En vista: Carajillo de Anis ofrece un color caoba oscuro, intenso y brillante</p>
<p>&#8211; En nariz: Los aromas de Anís del Mono se expresan en perfecta armonía con notas de café suave y tostado, ofreciendo una seductora complejidad.</p>
<p>&#8211; En boca: Paladar suave, untuoso, persistente, en el que las notas de anís y café se enriquecen mutuamente para culminar en un final largo y placentero.</p>
<h2>DATOS DE ELABORACIÓN</h2>
<p>&#8211; Elaboración: La grasa de anís natural y otras plantas se destilan en alambiques de cobre para obtener los aceites esenciales que junto con el azúcar de caña. el agua desmineralizada y el alcohol neutro de primera calidad componen el anís.</p>
<p>&#8211; Graduación alcohólica: 26%Vol.</p>
<p>&#8211; Categoría: Carajillo de anís</p>
<h2>CONSERVACIÓN Y SUGERENCIAS DE CONSUMO</h2>
<p>Conservar en lugares bien ventilados y alejados de fuentes de calor.</p>
<p>Sírvase muy frío, para tomar solo en chupito o en copa ancha con hielo.</p>
</div>
</section>

<p>Carajillo de Anís del Mono es una bebida de sobremesa que reinventa la tradición de acompañar una tertulia de un buen café.</p>

<!-- This site is optimized with the Yoast SEO plugin v15.9 - https://yoast.com/wordpress/plugins/seo/ -->
<title>Anis del Mono carajillo 70cl. - Comercial de Hosteleria Anma</title>
<meta name="robots" content="index, follow, max-snippet:-1, max-image-preview:large, max-video-preview:-1" />
<link rel="canonical" href="https://www.comercialanma.es/?product=mono-carajillo" />
<meta property="og:locale" content="es_ES" />
<meta property="og:type" content="article" />
<meta property="og:title" content="Anis del Mono carajillo 70cl. - Comercial de Hosteleria Anma" />
<meta property="og:description" content="Carajillo de Anís del Mono es una bebida de sobremesa que reinventa la tradición de acompañar una tertulia de un buen café." />
<meta property="og:url" content="https://www.comercialanma.es/?product=mono-carajillo" />
<meta property="og:site_name" content="Comercial de Hosteleria Anma" />
<meta property="article:publisher" content="https://www.facebook.com/AnmaHosteleria" />
<meta property="article:modified_time" content="2019-06-28T10:53:15+00:00" />
<meta property="og:image" content="https://i0.wp.com/www.comercialanma.es/wp-content/uploads/2019/06/anis-mono-carajillo.jpg?fit=1200%2C1200&#038;ssl=1" />
	<meta property="og:image:width" content="1200" />
	<meta property="og:image:height" content="1200" />
<meta name="twitter:card" content="summary_large_image" />
<meta name="twitter:label1" content="Tiempo de lectura">
	<meta name="twitter:data1" content="1 minuto">
<script type="application/ld+json" class="yoast-schema-graph">{"@context":"https://schema.org","@graph":[{"@type":"Organization","@id":"https://www.comercialanma.es/#organization","name":"Comercial Anma","url":"https://www.comercialanma.es/","sameAs":["https://www.facebook.com/AnmaHosteleria","https://www.instagram.com/anmahosteleria/?hl=es","https://www.youtube.com/channel/UCT2nmn08Ntks0hmpZPnDgCA"],"logo":{"@type":"ImageObject","@id":"https://www.comercialanma.es/#logo","inLanguage":"es","url":"https://i2.wp.com/www.comercialanma.es/wp-content/uploads/2019/06/logo-anma-color.png?fit=247%2C101&ssl=1","width":247,"height":101,"caption":"Comercial Anma"},"image":{"@id":"https://www.comercialanma.es/#logo"}},{"@type":"WebSite","@id":"https://www.comercialanma.es/#website","url":"https://www.comercialanma.es/","name":"Comercial de Hosteleria Anma","description":"","publisher":{"@id":"https://www.comercialanma.es/#organization"},"potentialAction":[{"@type":"SearchAction","target":"https://www.comercialanma.es/?s={search_term_string}","query-input":"required name=search_term_string"}],"inLanguage":"es"},{"@type":"ImageObject","@id":"https://www.comercialanma.es/?product=mono-carajillo#primaryimage","inLanguage":"es","url":"https://i0.wp.com/www.comercialanma.es/wp-content/uploads/2019/06/anis-mono-carajillo.jpg?fit=1200%2C1200&ssl=1","width":1200,"height":1200},{"@type":"WebPage","@id":"https://www.comercialanma.es/?product=mono-carajillo#webpage","url":"https://www.comercialanma.es/?product=mono-carajillo","name":"Anis del Mono carajillo 70cl. - Comercial de Hosteleria Anma","isPartOf":{"@id":"https://www.comercialanma.es/#website"},"primaryImageOfPage":{"@id":"https://www.comercialanma.es/?product=mono-carajillo#primaryimage"},"datePublished":"2019-06-25T14:56:28+00:00","dateModified":"2019-06-28T10:53:15+00:00","breadcrumb":{"@id":"https://www.comercialanma.es/?product=mono-carajillo#breadcrumb"},"inLanguage":"es","potentialAction":[{"@type":"ReadAction","target":["https://www.comercialanma.es/?product=mono-carajillo"]}]},{"@type":"BreadcrumbList","@id":"https://www.comercialanma.es/?product=mono-carajillo#breadcrumb","itemListElement":[{"@type":"ListItem","position":1,"item":{"@type":"WebPage","@id":"https://www.comercialanma.es/","url":"https://www.comercialanma.es/","name":"Portada"}},{"@type":"ListItem","position":2,"item":{"@type":"WebPage","@id":"https://www.comercialanma.es/?page_id=3963","url":"https://www.comercialanma.es/?page_id=3963","name":"Cat\u00e1logo de Productos"}},{"@type":"ListItem","position":3,"item":{"@type":"WebPage","@id":"https://www.comercialanma.es/?product=mono-carajillo","url":"https://www.comercialanma.es/?product=mono-carajillo","name":"Anis del Mono carajillo 70cl."}}]}]}</script>
<!-- / Yoast SEO plugin. -->
