
{"id":6736,"date":"2019-06-26T08:42:19","date_gmt":"2019-06-26T06:42:19","guid":{"rendered":"http:\/\/www.comercialanma.es\/?post_type=product&#038;p=6736"},"modified":"2019-06-28T12:50:55","modified_gmt":"2019-06-28T10:50:55","slug":"cachaza-capucana","status":"publish","type":"product","link":"https:\/\/www.comercialanma.es\/?product=cachaza-capucana","title":{"rendered":"Cachaza Capucana 70cl."},"content":{"rendered":"<div class=\"rte\">\n<p>Procedencia: Brasil<\/p>\n<p>Cacha\u00e7a Premium elaborada con una mezcla \u00fanica de ca\u00f1as de az\u00facar, procedentes de tres distintos terroirs de la zona de Piracicaba, y con una crianza de tres a\u00f1os en barricas de roble americano, las cuales previamente han contenido bourbon.<\/p>\n<p>Se presenta con una elegante botella y con el tap\u00f3n de madera natural.<\/p>\n<p>Vista: Color dorado claro brillante. En nariz: Notas afrutadas, ligeras especias, cereales y miel. En boca: Sabrosa, suave, dulce y elegante, con intenso y largo final.<\/p>\n<p>Botella 70 Cl. Grado alcoh\u00f3lico 42\u00ba<\/p>\n<p>UN POCO DE HISTORIA<\/p>\n<p>Capucana se elabora en La Granja Capuava, destiler\u00eda propiedad de una familia con ra\u00edces danesas con muchos a\u00f1os de historia.<\/p>\n<p>La destiler\u00eda se fund\u00f3 en 1886 por Christian Matthiessen, un ingeniero de caminos que emigr\u00f3 a Brasil desde Dinamarca, y se instalo en Piracicaba donde inici\u00f3 sus actividades con las innovaciones y las t\u00e9cnicas modernas en la fabricaci\u00f3n de piezas de madera por inmigrantes daneses.<\/p>\n<p>Alli conoci\u00f3 a su mujer Sof\u00eda, mitad brasile\u00f1a, mitad alemana. Despu\u00e9s se aventur\u00f3 a trabajar la ca\u00f1a para producir az\u00facar. Y en 1900 se empez\u00f3 con la producci\u00f3n de Cacha\u00e7a. En principio s\u00f3lo para consumo propio, ya que era su particular sustitutivo del Aquavit.<\/p>\n<p>Sophia pierde a su marido, Christian, que muri\u00f3, dej\u00e1ndola viuda a los 34 a\u00f1os de edad. Mujer valiente y fuerte decide seguir con la granja, adem\u00e1s de cuidar y criar a los hijos. Estimula la formaci\u00f3n y el desarrollo de Capuava en sus primeras etapas, avanzando el sue\u00f1o de su marido.<\/p>\n<p>Loable y profundamente preocupada por la sociedad y sus vecinos, do\u00f1a Sof\u00eda, como era conocida, siempre ayudaba a las familias necesitadas del barrio de Vila Nova, fueran o no empleados. Fu\u00e9 una de las fundadoras de la construcci\u00f3n de la capilla de Vila Nova, participando con donaciones de Capuava. Preocupada por la educaci\u00f3n, hizo una contribuci\u00f3n de ayuda econ\u00f3mica mensual a la escuela del barrio para el desarrollo educativo de los hijos de empleados de la planta Capuava y tambi\u00e9n de la comunidad local.<\/p>\n<p>Hoy en d\u00eda, gracias este legado, sus bisnietos contin\u00faan una tradici\u00f3n milenaria, respetando la tierra y las personas como antes lo hicieron sus antepasados.<\/p>\n<\/div>\n<p>&nbsp;<\/p>\n","protected":false},"excerpt":{"rendered":"<p>Cacha\u00e7a Capucana, cacha\u00e7a de Brasil, elaborana con la mejor ca\u00f1a de azucar.<\/p>\n","protected":false},"featured_media":6737,"template":"","meta":{"spay_email":""},"yoast_head":"<!-- This site is optimized with the Yoast SEO plugin v15.9 - https:\/\/yoast.com\/wordpress\/plugins\/seo\/ -->\n<title>Cachaza Capucana 70cl. - Comercial de Hosteleria Anma<\/title>\n<meta name=\"robots\" content=\"index, follow, max-snippet:-1, max-image-preview:large, max-video-preview:-1\" \/>\n<link rel=\"canonical\" href=\"https:\/\/www.comercialanma.es\/?product=cachaza-capucana\" \/>\n<meta property=\"og:locale\" content=\"es_ES\" \/>\n<meta property=\"og:type\" content=\"article\" \/>\n<meta property=\"og:title\" content=\"Cachaza Capucana 70cl. - Comercial de Hosteleria Anma\" \/>\n<meta property=\"og:description\" content=\"Cacha\u00e7a Capucana, cacha\u00e7a de Brasil, elaborana con la mejor ca\u00f1a de azucar.\" \/>\n<meta property=\"og:url\" content=\"https:\/\/www.comercialanma.es\/?product=cachaza-capucana\" \/>\n<meta property=\"og:site_name\" content=\"Comercial de Hosteleria Anma\" \/>\n<meta property=\"article:publisher\" content=\"https:\/\/www.facebook.com\/AnmaHosteleria\" \/>\n<meta property=\"article:modified_time\" content=\"2019-06-28T10:50:55+00:00\" \/>\n<meta property=\"og:image\" content=\"https:\/\/i2.wp.com\/www.comercialanma.es\/wp-content\/uploads\/2019\/06\/capucana.jpg?fit=1200%2C1200&#038;ssl=1\" \/>\n\t<meta property=\"og:image:width\" content=\"1200\" \/>\n\t<meta property=\"og:image:height\" content=\"1200\" \/>\n<meta name=\"twitter:card\" content=\"summary_large_image\" \/>\n<meta name=\"twitter:label1\" content=\"Tiempo de lectura\">\n\t<meta name=\"twitter:data1\" content=\"2 minutos\">\n<script type=\"application\/ld+json\" class=\"yoast-schema-graph\">{\"@context\":\"https:\/\/schema.org\",\"@graph\":[{\"@type\":\"Organization\",\"@id\":\"https:\/\/www.comercialanma.es\/#organization\",\"name\":\"Comercial Anma\",\"url\":\"https:\/\/www.comercialanma.es\/\",\"sameAs\":[\"https:\/\/www.facebook.com\/AnmaHosteleria\",\"https:\/\/www.instagram.com\/anmahosteleria\/?hl=es\",\"https:\/\/www.youtube.com\/channel\/UCT2nmn08Ntks0hmpZPnDgCA\"],\"logo\":{\"@type\":\"ImageObject\",\"@id\":\"https:\/\/www.comercialanma.es\/#logo\",\"inLanguage\":\"es\",\"url\":\"https:\/\/i2.wp.com\/www.comercialanma.es\/wp-content\/uploads\/2019\/06\/logo-anma-color.png?fit=247%2C101&ssl=1\",\"width\":247,\"height\":101,\"caption\":\"Comercial Anma\"},\"image\":{\"@id\":\"https:\/\/www.comercialanma.es\/#logo\"}},{\"@type\":\"WebSite\",\"@id\":\"https:\/\/www.comercialanma.es\/#website\",\"url\":\"https:\/\/www.comercialanma.es\/\",\"name\":\"Comercial de Hosteleria Anma\",\"description\":\"\",\"publisher\":{\"@id\":\"https:\/\/www.comercialanma.es\/#organization\"},\"potentialAction\":[{\"@type\":\"SearchAction\",\"target\":\"https:\/\/www.comercialanma.es\/?s={search_term_string}\",\"query-input\":\"required name=search_term_string\"}],\"inLanguage\":\"es\"},{\"@type\":\"ImageObject\",\"@id\":\"https:\/\/www.comercialanma.es\/?product=cachaza-capucana#primaryimage\",\"inLanguage\":\"es\",\"url\":\"https:\/\/i2.wp.com\/www.comercialanma.es\/wp-content\/uploads\/2019\/06\/capucana.jpg?fit=1200%2C1200&ssl=1\",\"width\":1200,\"height\":1200},{\"@type\":\"WebPage\",\"@id\":\"https:\/\/www.comercialanma.es\/?product=cachaza-capucana#webpage\",\"url\":\"https:\/\/www.comercialanma.es\/?product=cachaza-capucana\",\"name\":\"Cachaza Capucana 70cl. - Comercial de Hosteleria Anma\",\"isPartOf\":{\"@id\":\"https:\/\/www.comercialanma.es\/#website\"},\"primaryImageOfPage\":{\"@id\":\"https:\/\/www.comercialanma.es\/?product=cachaza-capucana#primaryimage\"},\"datePublished\":\"2019-06-26T06:42:19+00:00\",\"dateModified\":\"2019-06-28T10:50:55+00:00\",\"breadcrumb\":{\"@id\":\"https:\/\/www.comercialanma.es\/?product=cachaza-capucana#breadcrumb\"},\"inLanguage\":\"es\",\"potentialAction\":[{\"@type\":\"ReadAction\",\"target\":[\"https:\/\/www.comercialanma.es\/?product=cachaza-capucana\"]}]},{\"@type\":\"BreadcrumbList\",\"@id\":\"https:\/\/www.comercialanma.es\/?product=cachaza-capucana#breadcrumb\",\"itemListElement\":[{\"@type\":\"ListItem\",\"position\":1,\"item\":{\"@type\":\"WebPage\",\"@id\":\"https:\/\/www.comercialanma.es\/\",\"url\":\"https:\/\/www.comercialanma.es\/\",\"name\":\"Portada\"}},{\"@type\":\"ListItem\",\"position\":2,\"item\":{\"@type\":\"WebPage\",\"@id\":\"https:\/\/www.comercialanma.es\/?page_id=3963\",\"url\":\"https:\/\/www.comercialanma.es\/?page_id=3963\",\"name\":\"Cat\\u00e1logo de Productos\"}},{\"@type\":\"ListItem\",\"position\":3,\"item\":{\"@type\":\"WebPage\",\"@id\":\"https:\/\/www.comercialanma.es\/?product=cachaza-capucana\",\"url\":\"https:\/\/www.comercialanma.es\/?product=cachaza-capucana\",\"name\":\"Cachaza Capucana 70cl.\"}}]}]}<\/script>\n<!-- \/ Yoast SEO plugin. -->","_links":{"self":[{"href":"https:\/\/www.comercialanma.es\/index.php?rest_route=\/wp\/v2\/product\/6736"}],"collection":[{"href":"https:\/\/www.comercialanma.es\/index.php?rest_route=\/wp\/v2\/product"}],"about":[{"href":"https:\/\/www.comercialanma.es\/index.php?rest_route=\/wp\/v2\/types\/product"}],"version-history":[{"count":1,"href":"https:\/\/www.comercialanma.es\/index.php?rest_route=\/wp\/v2\/product\/6736\/revisions"}],"predecessor-version":[{"id":6738,"href":"https:\/\/www.comercialanma.es\/index.php?rest_route=\/wp\/v2\/product\/6736\/revisions\/6738"}],"wp:featuredmedia":[{"embeddable":true,"href":"https:\/\/www.comercialanma.es\/index.php?rest_route=\/wp\/v2\/media\/6737"}],"wp:attachment":[{"href":"https:\/\/www.comercialanma.es\/index.php?rest_route=%2Fwp%2Fv2%2Fmedia&parent=6736"}],"curies":[{"name":"wp","href":"https:\/\/api.w.org\/{rel}","templated":true}]}}