
{"id":6771,"date":"2019-06-26T10:18:44","date_gmt":"2019-06-26T08:18:44","guid":{"rendered":"http:\/\/www.comercialanma.es\/?post_type=product&#038;p=6771"},"modified":"2019-06-28T12:48:33","modified_gmt":"2019-06-28T10:48:33","slug":"marc-de-cava-mascaro-70cl","status":"publish","type":"product","link":"https:\/\/www.comercialanma.es\/?product=marc-de-cava-mascaro-70cl","title":{"rendered":"Marc de cava Mascar\u00f3 70cl."},"content":{"rendered":"<p>Orujo de Cava elaborado a partir de la destilaci\u00f3n del residuo del prensado de los racimos de uvas. En la piel de la uva se encuentran concentrados los aromas propios de cada variedad y mediante su destilaci\u00f3n, se obtiene un aguardiente que guarda toda esta esencia.<br \/>\nEste destilado de Orujo envejece posteriormente en barrica de roble franc\u00e9s procedentes de la regi\u00f3n del \u201cLimousin\u201d durante un m\u00ednimo de 6 a\u00f1os.<\/p>\n<div class=\"tab-cont resp-tab-content resp-tab-content-active\" aria-labelledby=\"tab_item-2\">\n<ul>\n<li>De color dorado con reflejos verdosos.<\/li>\n<li>En nariz con aromas intensos a fruta blanca, frutos secos y un fondo especiado.<\/li>\n<li>En boca es seco, sabroso, con notas cremosas y a madera.<\/li>\n<li>El final es largo y agradable.<\/li>\n<\/ul>\n<\/div>\n","protected":false},"excerpt":{"rendered":"<div>\n<div>Zona de elaboraci\u00f3n: D.O. Catalunya.<\/div>\n<div>Destiler\u00eda: Mascar\u00f3.<\/div>\n<div>Capacidad: 70 cl.<\/div>\n<\/div>\n<div>\n<div>Alcohol: 42.0%<\/div>\n<\/div>\n","protected":false},"featured_media":6772,"template":"","meta":{"spay_email":""},"yoast_head":"<!-- This site is optimized with the Yoast SEO plugin v15.9 - https:\/\/yoast.com\/wordpress\/plugins\/seo\/ -->\n<title>Marc de cava Mascar\u00f3 70cl. - Comercial de Hosteleria Anma<\/title>\n<meta name=\"robots\" content=\"index, follow, max-snippet:-1, max-image-preview:large, max-video-preview:-1\" \/>\n<link rel=\"canonical\" href=\"https:\/\/www.comercialanma.es\/?product=marc-de-cava-mascaro-70cl\" \/>\n<meta property=\"og:locale\" content=\"es_ES\" \/>\n<meta property=\"og:type\" content=\"article\" \/>\n<meta property=\"og:title\" content=\"Marc de cava Mascar\u00f3 70cl. - Comercial de Hosteleria Anma\" \/>\n<meta property=\"og:description\" content=\"Zona de elaboraci\u00f3n: D.O. Catalunya. Destiler\u00eda: Mascar\u00f3. Capacidad: 70 cl.   Alcohol: 42.0%\" \/>\n<meta property=\"og:url\" content=\"https:\/\/www.comercialanma.es\/?product=marc-de-cava-mascaro-70cl\" \/>\n<meta property=\"og:site_name\" content=\"Comercial de Hosteleria Anma\" \/>\n<meta property=\"article:publisher\" content=\"https:\/\/www.facebook.com\/AnmaHosteleria\" \/>\n<meta property=\"article:modified_time\" content=\"2019-06-28T10:48:33+00:00\" \/>\n<meta property=\"og:image\" content=\"https:\/\/i1.wp.com\/www.comercialanma.es\/wp-content\/uploads\/2019\/06\/marc-de-cava-mascaro.jpg?fit=1200%2C1200&#038;ssl=1\" \/>\n\t<meta property=\"og:image:width\" content=\"1200\" \/>\n\t<meta property=\"og:image:height\" content=\"1200\" \/>\n<meta name=\"twitter:card\" content=\"summary_large_image\" \/>\n<meta name=\"twitter:label1\" content=\"Tiempo de lectura\">\n\t<meta name=\"twitter:data1\" content=\"1 minuto\">\n<script type=\"application\/ld+json\" class=\"yoast-schema-graph\">{\"@context\":\"https:\/\/schema.org\",\"@graph\":[{\"@type\":\"Organization\",\"@id\":\"https:\/\/www.comercialanma.es\/#organization\",\"name\":\"Comercial Anma\",\"url\":\"https:\/\/www.comercialanma.es\/\",\"sameAs\":[\"https:\/\/www.facebook.com\/AnmaHosteleria\",\"https:\/\/www.instagram.com\/anmahosteleria\/?hl=es\",\"https:\/\/www.youtube.com\/channel\/UCT2nmn08Ntks0hmpZPnDgCA\"],\"logo\":{\"@type\":\"ImageObject\",\"@id\":\"https:\/\/www.comercialanma.es\/#logo\",\"inLanguage\":\"es\",\"url\":\"https:\/\/i2.wp.com\/www.comercialanma.es\/wp-content\/uploads\/2019\/06\/logo-anma-color.png?fit=247%2C101&ssl=1\",\"width\":247,\"height\":101,\"caption\":\"Comercial Anma\"},\"image\":{\"@id\":\"https:\/\/www.comercialanma.es\/#logo\"}},{\"@type\":\"WebSite\",\"@id\":\"https:\/\/www.comercialanma.es\/#website\",\"url\":\"https:\/\/www.comercialanma.es\/\",\"name\":\"Comercial de Hosteleria Anma\",\"description\":\"\",\"publisher\":{\"@id\":\"https:\/\/www.comercialanma.es\/#organization\"},\"potentialAction\":[{\"@type\":\"SearchAction\",\"target\":\"https:\/\/www.comercialanma.es\/?s={search_term_string}\",\"query-input\":\"required name=search_term_string\"}],\"inLanguage\":\"es\"},{\"@type\":\"ImageObject\",\"@id\":\"https:\/\/www.comercialanma.es\/?product=marc-de-cava-mascaro-70cl#primaryimage\",\"inLanguage\":\"es\",\"url\":\"https:\/\/i1.wp.com\/www.comercialanma.es\/wp-content\/uploads\/2019\/06\/marc-de-cava-mascaro.jpg?fit=1200%2C1200&ssl=1\",\"width\":1200,\"height\":1200},{\"@type\":\"WebPage\",\"@id\":\"https:\/\/www.comercialanma.es\/?product=marc-de-cava-mascaro-70cl#webpage\",\"url\":\"https:\/\/www.comercialanma.es\/?product=marc-de-cava-mascaro-70cl\",\"name\":\"Marc de cava Mascar\\u00f3 70cl. - Comercial de Hosteleria Anma\",\"isPartOf\":{\"@id\":\"https:\/\/www.comercialanma.es\/#website\"},\"primaryImageOfPage\":{\"@id\":\"https:\/\/www.comercialanma.es\/?product=marc-de-cava-mascaro-70cl#primaryimage\"},\"datePublished\":\"2019-06-26T08:18:44+00:00\",\"dateModified\":\"2019-06-28T10:48:33+00:00\",\"breadcrumb\":{\"@id\":\"https:\/\/www.comercialanma.es\/?product=marc-de-cava-mascaro-70cl#breadcrumb\"},\"inLanguage\":\"es\",\"potentialAction\":[{\"@type\":\"ReadAction\",\"target\":[\"https:\/\/www.comercialanma.es\/?product=marc-de-cava-mascaro-70cl\"]}]},{\"@type\":\"BreadcrumbList\",\"@id\":\"https:\/\/www.comercialanma.es\/?product=marc-de-cava-mascaro-70cl#breadcrumb\",\"itemListElement\":[{\"@type\":\"ListItem\",\"position\":1,\"item\":{\"@type\":\"WebPage\",\"@id\":\"https:\/\/www.comercialanma.es\/\",\"url\":\"https:\/\/www.comercialanma.es\/\",\"name\":\"Portada\"}},{\"@type\":\"ListItem\",\"position\":2,\"item\":{\"@type\":\"WebPage\",\"@id\":\"https:\/\/www.comercialanma.es\/?page_id=3963\",\"url\":\"https:\/\/www.comercialanma.es\/?page_id=3963\",\"name\":\"Cat\\u00e1logo de Productos\"}},{\"@type\":\"ListItem\",\"position\":3,\"item\":{\"@type\":\"WebPage\",\"@id\":\"https:\/\/www.comercialanma.es\/?product=marc-de-cava-mascaro-70cl\",\"url\":\"https:\/\/www.comercialanma.es\/?product=marc-de-cava-mascaro-70cl\",\"name\":\"Marc de cava Mascar\\u00f3 70cl.\"}}]}]}<\/script>\n<!-- \/ Yoast SEO plugin. -->","_links":{"self":[{"href":"https:\/\/www.comercialanma.es\/index.php?rest_route=\/wp\/v2\/product\/6771"}],"collection":[{"href":"https:\/\/www.comercialanma.es\/index.php?rest_route=\/wp\/v2\/product"}],"about":[{"href":"https:\/\/www.comercialanma.es\/index.php?rest_route=\/wp\/v2\/types\/product"}],"version-history":[{"count":1,"href":"https:\/\/www.comercialanma.es\/index.php?rest_route=\/wp\/v2\/product\/6771\/revisions"}],"predecessor-version":[{"id":6773,"href":"https:\/\/www.comercialanma.es\/index.php?rest_route=\/wp\/v2\/product\/6771\/revisions\/6773"}],"wp:featuredmedia":[{"embeddable":true,"href":"https:\/\/www.comercialanma.es\/index.php?rest_route=\/wp\/v2\/media\/6772"}],"wp:attachment":[{"href":"https:\/\/www.comercialanma.es\/index.php?rest_route=%2Fwp%2Fv2%2Fmedia&parent=6771"}],"curies":[{"name":"wp","href":"https:\/\/api.w.org\/{rel}","templated":true}]}}