
{"id":6895,"date":"2019-07-01T17:07:23","date_gmt":"2019-07-01T15:07:23","guid":{"rendered":"http:\/\/www.comercialanma.es\/?post_type=product&#038;p=6895"},"modified":"2019-07-01T17:17:28","modified_gmt":"2019-07-01T15:17:28","slug":"licor-flors-remei","status":"publish","type":"product","link":"https:\/\/www.comercialanma.es\/?product=licor-flors-remei","title":{"rendered":"Licor Flors del Remei 70cl."},"content":{"rendered":"<p>Las Flors del Remei, el licor de Caldes<br \/>\nCon este nombre se conoce un licor creado en 1919 por Josep Fontcuberta y Rog\u00e9s \u200b\u200by que se ha convertido con el tiempo todo un referente para el pueblo de Caldes de Montbui y las comarcas vecinas. El a\u00f1adido de &#8220;El licor de Caldes&#8221; ha sido introducido a trav\u00e9s de los a\u00f1os por la gente de la ciudad, que la ofrece los amigos sean de donde sean, y los numerosos forasteros que pasan durante el a\u00f1o por Caldes, llev\u00e1ndose -se como recuerdo para los familiares y amigos. Se trata de un producto fruto de un delicado proceso de elaboraci\u00f3n basado en la destilaci\u00f3n, en unos alambiques especiales, de una variedad de productos vegetales, hojas, ra\u00edces, semillas; algunos de nuestra casa, de otros de pa\u00edses diversos, que siempre bien seleccionadas porque es indispensable que sean cosechadas en los periodos m\u00e1s adecuados y conservadas de la manera m\u00e1s adecuada. Es un licor de 34\u00ba alcoh\u00f3licos, graduaci\u00f3n que permite conseguir un sabor intenso que llena la boca de sensaciones. Es por ello que una de las maneras m\u00e1s usuales para saborearlo es mezclado con cubitos. La intensidad de su sabor permite que su sabor se mantenga y alargue el placer despu\u00e9s de una comida o bien en una tertulia de amigos.<\/p>\n","protected":false},"excerpt":{"rendered":"<ul>\n<li>Licor hierbas.<\/li>\n<li>Graduaci\u00f3n: 34\u00ba<\/li>\n<\/ul>\n<p>&nbsp;<\/p>\n<p>&nbsp;<\/p>\n","protected":false},"featured_media":6896,"template":"","meta":{"spay_email":""},"yoast_head":"<!-- This site is optimized with the Yoast SEO plugin v15.9 - https:\/\/yoast.com\/wordpress\/plugins\/seo\/ -->\n<title>Licor Flors del Remei 70cl. - Comercial de Hosteleria Anma<\/title>\n<meta name=\"robots\" content=\"index, follow, max-snippet:-1, max-image-preview:large, max-video-preview:-1\" \/>\n<link rel=\"canonical\" href=\"https:\/\/www.comercialanma.es\/?product=licor-flors-remei\" \/>\n<meta property=\"og:locale\" content=\"es_ES\" \/>\n<meta property=\"og:type\" content=\"article\" \/>\n<meta property=\"og:title\" content=\"Licor Flors del Remei 70cl. - Comercial de Hosteleria Anma\" \/>\n<meta property=\"og:description\" content=\"Licor hierbas.  Graduaci\u00f3n: 34\u00ba  &nbsp;  &nbsp;\" \/>\n<meta property=\"og:url\" content=\"https:\/\/www.comercialanma.es\/?product=licor-flors-remei\" \/>\n<meta property=\"og:site_name\" content=\"Comercial de Hosteleria Anma\" \/>\n<meta property=\"article:publisher\" content=\"https:\/\/www.facebook.com\/AnmaHosteleria\" \/>\n<meta property=\"article:modified_time\" content=\"2019-07-01T15:17:28+00:00\" \/>\n<meta property=\"og:image\" content=\"https:\/\/i1.wp.com\/www.comercialanma.es\/wp-content\/uploads\/2019\/07\/flors-del-remei.jpg?fit=1200%2C1200&#038;ssl=1\" \/>\n\t<meta property=\"og:image:width\" content=\"1200\" \/>\n\t<meta property=\"og:image:height\" content=\"1200\" \/>\n<meta name=\"twitter:card\" content=\"summary_large_image\" \/>\n<meta name=\"twitter:label1\" content=\"Tiempo de lectura\">\n\t<meta name=\"twitter:data1\" content=\"1 minuto\">\n<script type=\"application\/ld+json\" class=\"yoast-schema-graph\">{\"@context\":\"https:\/\/schema.org\",\"@graph\":[{\"@type\":\"Organization\",\"@id\":\"https:\/\/www.comercialanma.es\/#organization\",\"name\":\"Comercial Anma\",\"url\":\"https:\/\/www.comercialanma.es\/\",\"sameAs\":[\"https:\/\/www.facebook.com\/AnmaHosteleria\",\"https:\/\/www.instagram.com\/anmahosteleria\/?hl=es\",\"https:\/\/www.youtube.com\/channel\/UCT2nmn08Ntks0hmpZPnDgCA\"],\"logo\":{\"@type\":\"ImageObject\",\"@id\":\"https:\/\/www.comercialanma.es\/#logo\",\"inLanguage\":\"es\",\"url\":\"https:\/\/i2.wp.com\/www.comercialanma.es\/wp-content\/uploads\/2019\/06\/logo-anma-color.png?fit=247%2C101&ssl=1\",\"width\":247,\"height\":101,\"caption\":\"Comercial Anma\"},\"image\":{\"@id\":\"https:\/\/www.comercialanma.es\/#logo\"}},{\"@type\":\"WebSite\",\"@id\":\"https:\/\/www.comercialanma.es\/#website\",\"url\":\"https:\/\/www.comercialanma.es\/\",\"name\":\"Comercial de Hosteleria Anma\",\"description\":\"\",\"publisher\":{\"@id\":\"https:\/\/www.comercialanma.es\/#organization\"},\"potentialAction\":[{\"@type\":\"SearchAction\",\"target\":\"https:\/\/www.comercialanma.es\/?s={search_term_string}\",\"query-input\":\"required name=search_term_string\"}],\"inLanguage\":\"es\"},{\"@type\":\"ImageObject\",\"@id\":\"https:\/\/www.comercialanma.es\/?product=licor-flors-remei#primaryimage\",\"inLanguage\":\"es\",\"url\":\"https:\/\/i1.wp.com\/www.comercialanma.es\/wp-content\/uploads\/2019\/07\/flors-del-remei.jpg?fit=1200%2C1200&ssl=1\",\"width\":1200,\"height\":1200},{\"@type\":\"WebPage\",\"@id\":\"https:\/\/www.comercialanma.es\/?product=licor-flors-remei#webpage\",\"url\":\"https:\/\/www.comercialanma.es\/?product=licor-flors-remei\",\"name\":\"Licor Flors del Remei 70cl. - Comercial de Hosteleria Anma\",\"isPartOf\":{\"@id\":\"https:\/\/www.comercialanma.es\/#website\"},\"primaryImageOfPage\":{\"@id\":\"https:\/\/www.comercialanma.es\/?product=licor-flors-remei#primaryimage\"},\"datePublished\":\"2019-07-01T15:07:23+00:00\",\"dateModified\":\"2019-07-01T15:17:28+00:00\",\"breadcrumb\":{\"@id\":\"https:\/\/www.comercialanma.es\/?product=licor-flors-remei#breadcrumb\"},\"inLanguage\":\"es\",\"potentialAction\":[{\"@type\":\"ReadAction\",\"target\":[\"https:\/\/www.comercialanma.es\/?product=licor-flors-remei\"]}]},{\"@type\":\"BreadcrumbList\",\"@id\":\"https:\/\/www.comercialanma.es\/?product=licor-flors-remei#breadcrumb\",\"itemListElement\":[{\"@type\":\"ListItem\",\"position\":1,\"item\":{\"@type\":\"WebPage\",\"@id\":\"https:\/\/www.comercialanma.es\/\",\"url\":\"https:\/\/www.comercialanma.es\/\",\"name\":\"Portada\"}},{\"@type\":\"ListItem\",\"position\":2,\"item\":{\"@type\":\"WebPage\",\"@id\":\"https:\/\/www.comercialanma.es\/?page_id=3963\",\"url\":\"https:\/\/www.comercialanma.es\/?page_id=3963\",\"name\":\"Cat\\u00e1logo de Productos\"}},{\"@type\":\"ListItem\",\"position\":3,\"item\":{\"@type\":\"WebPage\",\"@id\":\"https:\/\/www.comercialanma.es\/?product=licor-flors-remei\",\"url\":\"https:\/\/www.comercialanma.es\/?product=licor-flors-remei\",\"name\":\"Licor Flors del Remei 70cl.\"}}]}]}<\/script>\n<!-- \/ Yoast SEO plugin. -->","_links":{"self":[{"href":"https:\/\/www.comercialanma.es\/index.php?rest_route=\/wp\/v2\/product\/6895"}],"collection":[{"href":"https:\/\/www.comercialanma.es\/index.php?rest_route=\/wp\/v2\/product"}],"about":[{"href":"https:\/\/www.comercialanma.es\/index.php?rest_route=\/wp\/v2\/types\/product"}],"version-history":[{"count":1,"href":"https:\/\/www.comercialanma.es\/index.php?rest_route=\/wp\/v2\/product\/6895\/revisions"}],"predecessor-version":[{"id":6897,"href":"https:\/\/www.comercialanma.es\/index.php?rest_route=\/wp\/v2\/product\/6895\/revisions\/6897"}],"wp:featuredmedia":[{"embeddable":true,"href":"https:\/\/www.comercialanma.es\/index.php?rest_route=\/wp\/v2\/media\/6896"}],"wp:attachment":[{"href":"https:\/\/www.comercialanma.es\/index.php?rest_route=%2Fwp%2Fv2%2Fmedia&parent=6895"}],"curies":[{"name":"wp","href":"https:\/\/api.w.org\/{rel}","templated":true}]}}

<p>Las Flors del Remei, el licor de Caldes<br />
Con este nombre se conoce un licor creado en 1919 por Josep Fontcuberta y Rogés ​​y que se ha convertido con el tiempo todo un referente para el pueblo de Caldes de Montbui y las comarcas vecinas. El añadido de &#8220;El licor de Caldes&#8221; ha sido introducido a través de los años por la gente de la ciudad, que la ofrece los amigos sean de donde sean, y los numerosos forasteros que pasan durante el año por Caldes, llevándose -se como recuerdo para los familiares y amigos. Se trata de un producto fruto de un delicado proceso de elaboración basado en la destilación, en unos alambiques especiales, de una variedad de productos vegetales, hojas, raíces, semillas; algunos de nuestra casa, de otros de países diversos, que siempre bien seleccionadas porque es indispensable que sean cosechadas en los periodos más adecuados y conservadas de la manera más adecuada. Es un licor de 34º alcohólicos, graduación que permite conseguir un sabor intenso que llena la boca de sensaciones. Es por ello que una de las maneras más usuales para saborearlo es mezclado con cubitos. La intensidad de su sabor permite que su sabor se mantenga y alargue el placer después de una comida o bien en una tertulia de amigos.</p>

<ul>
<li>Licor hierbas.</li>
<li>Graduación: 34º</li>
</ul>
<p>&nbsp;</p>
<p>&nbsp;</p>

<!-- This site is optimized with the Yoast SEO plugin v15.9 - https://yoast.com/wordpress/plugins/seo/ -->
<title>Licor Flors del Remei 70cl. - Comercial de Hosteleria Anma</title>
<meta name="robots" content="index, follow, max-snippet:-1, max-image-preview:large, max-video-preview:-1" />
<link rel="canonical" href="https://www.comercialanma.es/?product=licor-flors-remei" />
<meta property="og:locale" content="es_ES" />
<meta property="og:type" content="article" />
<meta property="og:title" content="Licor Flors del Remei 70cl. - Comercial de Hosteleria Anma" />
<meta property="og:description" content="Licor hierbas.  Graduación: 34º  &nbsp;  &nbsp;" />
<meta property="og:url" content="https://www.comercialanma.es/?product=licor-flors-remei" />
<meta property="og:site_name" content="Comercial de Hosteleria Anma" />
<meta property="article:publisher" content="https://www.facebook.com/AnmaHosteleria" />
<meta property="article:modified_time" content="2019-07-01T15:17:28+00:00" />
<meta property="og:image" content="https://i1.wp.com/www.comercialanma.es/wp-content/uploads/2019/07/flors-del-remei.jpg?fit=1200%2C1200&#038;ssl=1" />
	<meta property="og:image:width" content="1200" />
	<meta property="og:image:height" content="1200" />
<meta name="twitter:card" content="summary_large_image" />
<meta name="twitter:label1" content="Tiempo de lectura">
	<meta name="twitter:data1" content="1 minuto">
<script type="application/ld+json" class="yoast-schema-graph">{"@context":"https://schema.org","@graph":[{"@type":"Organization","@id":"https://www.comercialanma.es/#organization","name":"Comercial Anma","url":"https://www.comercialanma.es/","sameAs":["https://www.facebook.com/AnmaHosteleria","https://www.instagram.com/anmahosteleria/?hl=es","https://www.youtube.com/channel/UCT2nmn08Ntks0hmpZPnDgCA"],"logo":{"@type":"ImageObject","@id":"https://www.comercialanma.es/#logo","inLanguage":"es","url":"https://i2.wp.com/www.comercialanma.es/wp-content/uploads/2019/06/logo-anma-color.png?fit=247%2C101&ssl=1","width":247,"height":101,"caption":"Comercial Anma"},"image":{"@id":"https://www.comercialanma.es/#logo"}},{"@type":"WebSite","@id":"https://www.comercialanma.es/#website","url":"https://www.comercialanma.es/","name":"Comercial de Hosteleria Anma","description":"","publisher":{"@id":"https://www.comercialanma.es/#organization"},"potentialAction":[{"@type":"SearchAction","target":"https://www.comercialanma.es/?s={search_term_string}","query-input":"required name=search_term_string"}],"inLanguage":"es"},{"@type":"ImageObject","@id":"https://www.comercialanma.es/?product=licor-flors-remei#primaryimage","inLanguage":"es","url":"https://i1.wp.com/www.comercialanma.es/wp-content/uploads/2019/07/flors-del-remei.jpg?fit=1200%2C1200&ssl=1","width":1200,"height":1200},{"@type":"WebPage","@id":"https://www.comercialanma.es/?product=licor-flors-remei#webpage","url":"https://www.comercialanma.es/?product=licor-flors-remei","name":"Licor Flors del Remei 70cl. - Comercial de Hosteleria Anma","isPartOf":{"@id":"https://www.comercialanma.es/#website"},"primaryImageOfPage":{"@id":"https://www.comercialanma.es/?product=licor-flors-remei#primaryimage"},"datePublished":"2019-07-01T15:07:23+00:00","dateModified":"2019-07-01T15:17:28+00:00","breadcrumb":{"@id":"https://www.comercialanma.es/?product=licor-flors-remei#breadcrumb"},"inLanguage":"es","potentialAction":[{"@type":"ReadAction","target":["https://www.comercialanma.es/?product=licor-flors-remei"]}]},{"@type":"BreadcrumbList","@id":"https://www.comercialanma.es/?product=licor-flors-remei#breadcrumb","itemListElement":[{"@type":"ListItem","position":1,"item":{"@type":"WebPage","@id":"https://www.comercialanma.es/","url":"https://www.comercialanma.es/","name":"Portada"}},{"@type":"ListItem","position":2,"item":{"@type":"WebPage","@id":"https://www.comercialanma.es/?page_id=3963","url":"https://www.comercialanma.es/?page_id=3963","name":"Cat\u00e1logo de Productos"}},{"@type":"ListItem","position":3,"item":{"@type":"WebPage","@id":"https://www.comercialanma.es/?product=licor-flors-remei","url":"https://www.comercialanma.es/?product=licor-flors-remei","name":"Licor Flors del Remei 70cl."}}]}]}</script>
<!-- / Yoast SEO plugin. -->
