
{"id":6960,"date":"2019-07-02T11:50:54","date_gmt":"2019-07-02T09:50:54","guid":{"rendered":"http:\/\/www.comercialanma.es\/?post_type=product&#038;p=6960"},"modified":"2026-04-28T15:13:22","modified_gmt":"2026-04-28T13:13:22","slug":"terras-celtas-licor-de-cafe","status":"publish","type":"product","link":"https:\/\/www.comercialanma.es\/?product=terras-celtas-licor-de-cafe","title":{"rendered":"Terras Celtas licor de caf\u00e9 70cl."},"content":{"rendered":"<ul>\n<li><strong>Peculiaridades de la elaboraci\u00f3n:<\/strong> Pazo de Valdomi\u00f1o se dedica a la elaboraci\u00f3n de licores y aguardientes tradicionales de Galicia. Est\u00e1 ubicada en el valle de O Rosal, en la desembocadura del r\u00edo Mi\u00f1o, coraz\u00f3n de las R\u00edas Baixas, con lo que es natural que\u00a0 destaque por la obtenci\u00f3n de licores sobre todo a partir de bagazo de uva Albari\u00f1o. Adem\u00e1s producen licores de hierbas, frutas o caf\u00e9, tradicionales en la regi\u00f3n.<\/li>\n<li>El licor de caf\u00e9 es un licor a base de caf\u00e9, az\u00facar y orujo, que puede ser consumido solo o como ingrediente de postres o c\u00f3cteles. Apareci\u00f3 en Jamaica en el siglo XVII y es muy popular en Galicia, pudi\u00e9ndose considerar licor tradicional, al que com\u00fanmente se le llama simplemente licor caf\u00e9. El Licor de caf\u00e9 Terras Celtas est\u00e1 elaborado mediante maceraci\u00f3n en fr\u00edo de caf\u00e9 natural procedente de Cerrado (Brasil). Este proceso tiene una duraci\u00f3n de dos meses, donde tambi\u00e9n se le aporta c\u00e1scara de naranja y nuez moscada.<\/li>\n<li><strong>Nota de cata:<\/strong> De color avellana con destellos caoba, brillante y limpio. En nariz, predominan los aromas del tueste del caf\u00e9 envueltos en esos recuerdos de piel de naranja y de especias dulces (nuez moscada, vainilla, cardamomo). En boca, es goloso, intenso, con buen equilibrio entre la calidez del aguardiente y los retazos de caf\u00e9 y torrefactos. Final muy largo y persistente.<\/li>\n<\/ul>\n","protected":false},"excerpt":{"rendered":"<p>El Licor de caf\u00e9 Terras Celtas est\u00e1 elaborado mediante maceraci\u00f3n en fr\u00edo de caf\u00e9 natural procedente de Cerrado (Brasil).<\/p>\n","protected":false},"featured_media":24846,"template":"","meta":{"spay_email":""},"yoast_head":"<!-- This site is optimized with the Yoast SEO plugin v15.9 - https:\/\/yoast.com\/wordpress\/plugins\/seo\/ -->\n<title>Terras Celtas licor de caf\u00e9 70cl. - Comercial de Hosteleria Anma<\/title>\n<meta name=\"robots\" content=\"index, follow, max-snippet:-1, max-image-preview:large, max-video-preview:-1\" \/>\n<link rel=\"canonical\" href=\"https:\/\/www.comercialanma.es\/?product=terras-celtas-licor-de-cafe\" \/>\n<meta property=\"og:locale\" content=\"es_ES\" \/>\n<meta property=\"og:type\" content=\"article\" \/>\n<meta property=\"og:title\" content=\"Terras Celtas licor de caf\u00e9 70cl. - Comercial de Hosteleria Anma\" \/>\n<meta property=\"og:description\" content=\"El Licor de caf\u00e9 Terras Celtas est\u00e1 elaborado mediante maceraci\u00f3n en fr\u00edo de caf\u00e9 natural procedente de Cerrado (Brasil).\" \/>\n<meta property=\"og:url\" content=\"https:\/\/www.comercialanma.es\/?product=terras-celtas-licor-de-cafe\" \/>\n<meta property=\"og:site_name\" content=\"Comercial de Hosteleria Anma\" \/>\n<meta property=\"article:publisher\" content=\"https:\/\/www.facebook.com\/AnmaHosteleria\" \/>\n<meta property=\"article:modified_time\" content=\"2026-04-28T13:13:22+00:00\" \/>\n<meta property=\"og:image\" content=\"https:\/\/i2.wp.com\/www.comercialanma.es\/wp-content\/uploads\/2019\/07\/terras-celtas-cafe-2026.jpg?fit=1080%2C1080&#038;ssl=1\" \/>\n\t<meta property=\"og:image:width\" content=\"1080\" \/>\n\t<meta property=\"og:image:height\" content=\"1080\" \/>\n<meta name=\"twitter:card\" content=\"summary_large_image\" \/>\n<meta name=\"twitter:label1\" content=\"Tiempo de lectura\">\n\t<meta name=\"twitter:data1\" content=\"1 minuto\">\n<script type=\"application\/ld+json\" class=\"yoast-schema-graph\">{\"@context\":\"https:\/\/schema.org\",\"@graph\":[{\"@type\":\"Organization\",\"@id\":\"https:\/\/www.comercialanma.es\/#organization\",\"name\":\"Comercial Anma\",\"url\":\"https:\/\/www.comercialanma.es\/\",\"sameAs\":[\"https:\/\/www.facebook.com\/AnmaHosteleria\",\"https:\/\/www.instagram.com\/anmahosteleria\/?hl=es\",\"https:\/\/www.youtube.com\/channel\/UCT2nmn08Ntks0hmpZPnDgCA\"],\"logo\":{\"@type\":\"ImageObject\",\"@id\":\"https:\/\/www.comercialanma.es\/#logo\",\"inLanguage\":\"es\",\"url\":\"https:\/\/i2.wp.com\/www.comercialanma.es\/wp-content\/uploads\/2019\/06\/logo-anma-color.png?fit=247%2C101&ssl=1\",\"width\":247,\"height\":101,\"caption\":\"Comercial Anma\"},\"image\":{\"@id\":\"https:\/\/www.comercialanma.es\/#logo\"}},{\"@type\":\"WebSite\",\"@id\":\"https:\/\/www.comercialanma.es\/#website\",\"url\":\"https:\/\/www.comercialanma.es\/\",\"name\":\"Comercial de Hosteleria Anma\",\"description\":\"\",\"publisher\":{\"@id\":\"https:\/\/www.comercialanma.es\/#organization\"},\"potentialAction\":[{\"@type\":\"SearchAction\",\"target\":\"https:\/\/www.comercialanma.es\/?s={search_term_string}\",\"query-input\":\"required name=search_term_string\"}],\"inLanguage\":\"es\"},{\"@type\":\"ImageObject\",\"@id\":\"https:\/\/www.comercialanma.es\/?product=terras-celtas-licor-de-cafe#primaryimage\",\"inLanguage\":\"es\",\"url\":\"https:\/\/i2.wp.com\/www.comercialanma.es\/wp-content\/uploads\/2019\/07\/terras-celtas-cafe-2026.jpg?fit=1080%2C1080&ssl=1\",\"width\":1080,\"height\":1080},{\"@type\":\"WebPage\",\"@id\":\"https:\/\/www.comercialanma.es\/?product=terras-celtas-licor-de-cafe#webpage\",\"url\":\"https:\/\/www.comercialanma.es\/?product=terras-celtas-licor-de-cafe\",\"name\":\"Terras Celtas licor de caf\\u00e9 70cl. - Comercial de Hosteleria Anma\",\"isPartOf\":{\"@id\":\"https:\/\/www.comercialanma.es\/#website\"},\"primaryImageOfPage\":{\"@id\":\"https:\/\/www.comercialanma.es\/?product=terras-celtas-licor-de-cafe#primaryimage\"},\"datePublished\":\"2019-07-02T09:50:54+00:00\",\"dateModified\":\"2026-04-28T13:13:22+00:00\",\"breadcrumb\":{\"@id\":\"https:\/\/www.comercialanma.es\/?product=terras-celtas-licor-de-cafe#breadcrumb\"},\"inLanguage\":\"es\",\"potentialAction\":[{\"@type\":\"ReadAction\",\"target\":[\"https:\/\/www.comercialanma.es\/?product=terras-celtas-licor-de-cafe\"]}]},{\"@type\":\"BreadcrumbList\",\"@id\":\"https:\/\/www.comercialanma.es\/?product=terras-celtas-licor-de-cafe#breadcrumb\",\"itemListElement\":[{\"@type\":\"ListItem\",\"position\":1,\"item\":{\"@type\":\"WebPage\",\"@id\":\"https:\/\/www.comercialanma.es\/\",\"url\":\"https:\/\/www.comercialanma.es\/\",\"name\":\"Portada\"}},{\"@type\":\"ListItem\",\"position\":2,\"item\":{\"@type\":\"WebPage\",\"@id\":\"https:\/\/www.comercialanma.es\/?page_id=3963\",\"url\":\"https:\/\/www.comercialanma.es\/?page_id=3963\",\"name\":\"Cat\\u00e1logo de Productos\"}},{\"@type\":\"ListItem\",\"position\":3,\"item\":{\"@type\":\"WebPage\",\"@id\":\"https:\/\/www.comercialanma.es\/?product=terras-celtas-licor-de-cafe\",\"url\":\"https:\/\/www.comercialanma.es\/?product=terras-celtas-licor-de-cafe\",\"name\":\"Terras Celtas licor de caf\\u00e9 70cl.\"}}]}]}<\/script>\n<!-- \/ Yoast SEO plugin. -->","_links":{"self":[{"href":"https:\/\/www.comercialanma.es\/index.php?rest_route=\/wp\/v2\/product\/6960"}],"collection":[{"href":"https:\/\/www.comercialanma.es\/index.php?rest_route=\/wp\/v2\/product"}],"about":[{"href":"https:\/\/www.comercialanma.es\/index.php?rest_route=\/wp\/v2\/types\/product"}],"version-history":[{"count":1,"href":"https:\/\/www.comercialanma.es\/index.php?rest_route=\/wp\/v2\/product\/6960\/revisions"}],"predecessor-version":[{"id":6962,"href":"https:\/\/www.comercialanma.es\/index.php?rest_route=\/wp\/v2\/product\/6960\/revisions\/6962"}],"wp:featuredmedia":[{"embeddable":true,"href":"https:\/\/www.comercialanma.es\/index.php?rest_route=\/wp\/v2\/media\/24846"}],"wp:attachment":[{"href":"https:\/\/www.comercialanma.es\/index.php?rest_route=%2Fwp%2Fv2%2Fmedia&parent=6960"}],"curies":[{"name":"wp","href":"https:\/\/api.w.org\/{rel}","templated":true}]}}

Terras Celtas licor de café 70cl.

<ul>
<li><strong>Peculiaridades de la elaboración:</strong> Pazo de Valdomiño se dedica a la elaboración de licores y aguardientes tradicionales de Galicia. Está ubicada en el valle de O Rosal, en la desembocadura del río Miño, corazón de las Rías Baixas, con lo que es natural que  destaque por la obtención de licores sobre todo a partir de bagazo de uva Albariño. Además producen licores de hierbas, frutas o café, tradicionales en la región.</li>
<li>El licor de café es un licor a base de café, azúcar y orujo, que puede ser consumido solo o como ingrediente de postres o cócteles. Apareció en Jamaica en el siglo XVII y es muy popular en Galicia, pudiéndose considerar licor tradicional, al que comúnmente se le llama simplemente licor café. El Licor de café Terras Celtas está elaborado mediante maceración en frío de café natural procedente de Cerrado (Brasil). Este proceso tiene una duración de dos meses, donde también se le aporta cáscara de naranja y nuez moscada.</li>
<li><strong>Nota de cata:</strong> De color avellana con destellos caoba, brillante y limpio. En nariz, predominan los aromas del tueste del café envueltos en esos recuerdos de piel de naranja y de especias dulces (nuez moscada, vainilla, cardamomo). En boca, es goloso, intenso, con buen equilibrio entre la calidez del aguardiente y los retazos de café y torrefactos. Final muy largo y persistente.</li>
</ul>

<p>El Licor de café Terras Celtas está elaborado mediante maceración en frío de café natural procedente de Cerrado (Brasil).</p>

<!-- This site is optimized with the Yoast SEO plugin v15.9 - https://yoast.com/wordpress/plugins/seo/ -->
<title>Terras Celtas licor de café 70cl. - Comercial de Hosteleria Anma</title>
<meta name="robots" content="index, follow, max-snippet:-1, max-image-preview:large, max-video-preview:-1" />
<link rel="canonical" href="https://www.comercialanma.es/?product=terras-celtas-licor-de-cafe" />
<meta property="og:locale" content="es_ES" />
<meta property="og:type" content="article" />
<meta property="og:title" content="Terras Celtas licor de café 70cl. - Comercial de Hosteleria Anma" />
<meta property="og:description" content="El Licor de café Terras Celtas está elaborado mediante maceración en frío de café natural procedente de Cerrado (Brasil)." />
<meta property="og:url" content="https://www.comercialanma.es/?product=terras-celtas-licor-de-cafe" />
<meta property="og:site_name" content="Comercial de Hosteleria Anma" />
<meta property="article:publisher" content="https://www.facebook.com/AnmaHosteleria" />
<meta property="article:modified_time" content="2026-04-28T13:13:22+00:00" />
<meta property="og:image" content="https://i2.wp.com/www.comercialanma.es/wp-content/uploads/2019/07/terras-celtas-cafe-2026.jpg?fit=1080%2C1080&#038;ssl=1" />
	<meta property="og:image:width" content="1080" />
	<meta property="og:image:height" content="1080" />
<meta name="twitter:card" content="summary_large_image" />
<meta name="twitter:label1" content="Tiempo de lectura">
	<meta name="twitter:data1" content="1 minuto">
<script type="application/ld+json" class="yoast-schema-graph">{"@context":"https://schema.org","@graph":[{"@type":"Organization","@id":"https://www.comercialanma.es/#organization","name":"Comercial Anma","url":"https://www.comercialanma.es/","sameAs":["https://www.facebook.com/AnmaHosteleria","https://www.instagram.com/anmahosteleria/?hl=es","https://www.youtube.com/channel/UCT2nmn08Ntks0hmpZPnDgCA"],"logo":{"@type":"ImageObject","@id":"https://www.comercialanma.es/#logo","inLanguage":"es","url":"https://i2.wp.com/www.comercialanma.es/wp-content/uploads/2019/06/logo-anma-color.png?fit=247%2C101&ssl=1","width":247,"height":101,"caption":"Comercial Anma"},"image":{"@id":"https://www.comercialanma.es/#logo"}},{"@type":"WebSite","@id":"https://www.comercialanma.es/#website","url":"https://www.comercialanma.es/","name":"Comercial de Hosteleria Anma","description":"","publisher":{"@id":"https://www.comercialanma.es/#organization"},"potentialAction":[{"@type":"SearchAction","target":"https://www.comercialanma.es/?s={search_term_string}","query-input":"required name=search_term_string"}],"inLanguage":"es"},{"@type":"ImageObject","@id":"https://www.comercialanma.es/?product=terras-celtas-licor-de-cafe#primaryimage","inLanguage":"es","url":"https://i2.wp.com/www.comercialanma.es/wp-content/uploads/2019/07/terras-celtas-cafe-2026.jpg?fit=1080%2C1080&ssl=1","width":1080,"height":1080},{"@type":"WebPage","@id":"https://www.comercialanma.es/?product=terras-celtas-licor-de-cafe#webpage","url":"https://www.comercialanma.es/?product=terras-celtas-licor-de-cafe","name":"Terras Celtas licor de caf\u00e9 70cl. - Comercial de Hosteleria Anma","isPartOf":{"@id":"https://www.comercialanma.es/#website"},"primaryImageOfPage":{"@id":"https://www.comercialanma.es/?product=terras-celtas-licor-de-cafe#primaryimage"},"datePublished":"2019-07-02T09:50:54+00:00","dateModified":"2026-04-28T13:13:22+00:00","breadcrumb":{"@id":"https://www.comercialanma.es/?product=terras-celtas-licor-de-cafe#breadcrumb"},"inLanguage":"es","potentialAction":[{"@type":"ReadAction","target":["https://www.comercialanma.es/?product=terras-celtas-licor-de-cafe"]}]},{"@type":"BreadcrumbList","@id":"https://www.comercialanma.es/?product=terras-celtas-licor-de-cafe#breadcrumb","itemListElement":[{"@type":"ListItem","position":1,"item":{"@type":"WebPage","@id":"https://www.comercialanma.es/","url":"https://www.comercialanma.es/","name":"Portada"}},{"@type":"ListItem","position":2,"item":{"@type":"WebPage","@id":"https://www.comercialanma.es/?page_id=3963","url":"https://www.comercialanma.es/?page_id=3963","name":"Cat\u00e1logo de Productos"}},{"@type":"ListItem","position":3,"item":{"@type":"WebPage","@id":"https://www.comercialanma.es/?product=terras-celtas-licor-de-cafe","url":"https://www.comercialanma.es/?product=terras-celtas-licor-de-cafe","name":"Terras Celtas licor de caf\u00e9 70cl."}}]}]}</script>
<!-- / Yoast SEO plugin. -->
