
{"id":6975,"date":"2019-07-02T12:41:50","date_gmt":"2019-07-02T10:41:50","guid":{"rendered":"http:\/\/www.comercialanma.es\/?post_type=product&#038;p=6975"},"modified":"2019-07-02T12:50:37","modified_gmt":"2019-07-02T10:50:37","slug":"grappa-libarna","status":"publish","type":"product","link":"https:\/\/www.comercialanma.es\/?product=grappa-libarna","title":{"rendered":"Grappa Libarna 70cl."},"content":{"rendered":"<div id=\"tab-product-desc\" role=\"tabpanel\">\n<div>\n<div><\/div>\n<h3>Grappa Libarna Invecchiata<\/h3>\n<p>Aguardiente de orujo originario de Italia, que se elabora con los restos s\u00f3lidos de la cosecha que quedan despu\u00e9s de la elaboraci\u00f3n de vino. Se destila al vapor y se envejece en barricas de roble. Lo elabora la destiler\u00eda Casa Gambarotta, fundada en 1820, que elabora las Grappas m\u00e1s antiguas que se conocen. Grappa es el nombre que se utiliza para nombrar el aguardiente de orujo en Italia, Argentina, Uruguay y una parte de Suiza.<\/p>\n<h3>Elaboraci\u00f3n<\/h3>\n<p>Fine Grappa Libarna Invecchiata se elabora mediante destilaci\u00f3n del orujo de la uva, es decir, de los restos s\u00f3lidos que quedan tras la vendimia y que no se aprovechan para la elaboraci\u00f3n de vino. La destilaci\u00f3n se produce al vapor. Posteriormente, la maduraci\u00f3n tiene lugar en barricas de roble durante un periodo aproximado de un a\u00f1o.<\/p>\n<h3>Notas de Cata<\/h3>\n<p>A la vista es de color transparente amarillento, con reflejos verdes. Al olfato es intenso, con aromas vegetales a hierbas arom\u00e1ticas y medicinales, as\u00ed como a notas a madera. Al paladar es dulce y fino, donde no se nota su alta graduaci\u00f3n. Final c\u00e1lido con recuerdos a vino. Graduaci\u00f3n: 40%.<\/p>\n<\/div>\n<\/div>\n","protected":false},"excerpt":{"rendered":"<p>Nuestra crema de arroz a\u00fana los aromas cremosos y la canela tradicional con la exquisitez y el suave car\u00e1cter de nuestro licor de alt\u00edsima calidad. Se trata de una bebida golosa, delicada y elegante, pensada para disfrutar de una larga y agradable sobremesa.<\/p>\n","protected":false},"featured_media":6976,"template":"","meta":{"spay_email":""},"yoast_head":"<!-- This site is optimized with the Yoast SEO plugin v15.9 - https:\/\/yoast.com\/wordpress\/plugins\/seo\/ -->\n<title>Grappa Libarna 70cl. - Comercial de Hosteleria Anma<\/title>\n<meta name=\"robots\" content=\"index, follow, max-snippet:-1, max-image-preview:large, max-video-preview:-1\" \/>\n<link rel=\"canonical\" href=\"https:\/\/www.comercialanma.es\/?product=grappa-libarna\" \/>\n<meta property=\"og:locale\" content=\"es_ES\" \/>\n<meta property=\"og:type\" content=\"article\" \/>\n<meta property=\"og:title\" content=\"Grappa Libarna 70cl. - Comercial de Hosteleria Anma\" \/>\n<meta property=\"og:description\" content=\"Nuestra crema de arroz a\u00fana los aromas cremosos y la canela tradicional con la exquisitez y el suave car\u00e1cter de nuestro licor de alt\u00edsima calidad. Se trata de una bebida golosa, delicada y elegante, pensada para disfrutar de una larga y agradable sobremesa.\" \/>\n<meta property=\"og:url\" content=\"https:\/\/www.comercialanma.es\/?product=grappa-libarna\" \/>\n<meta property=\"og:site_name\" content=\"Comercial de Hosteleria Anma\" \/>\n<meta property=\"article:publisher\" content=\"https:\/\/www.facebook.com\/AnmaHosteleria\" \/>\n<meta property=\"article:modified_time\" content=\"2019-07-02T10:50:37+00:00\" \/>\n<meta property=\"og:image\" content=\"https:\/\/i0.wp.com\/www.comercialanma.es\/wp-content\/uploads\/2019\/07\/grappa-libarna.jpg?fit=1200%2C1200&#038;ssl=1\" \/>\n\t<meta property=\"og:image:width\" content=\"1200\" \/>\n\t<meta property=\"og:image:height\" content=\"1200\" \/>\n<meta name=\"twitter:card\" content=\"summary_large_image\" \/>\n<meta name=\"twitter:label1\" content=\"Tiempo de lectura\">\n\t<meta name=\"twitter:data1\" content=\"1 minuto\">\n<script type=\"application\/ld+json\" class=\"yoast-schema-graph\">{\"@context\":\"https:\/\/schema.org\",\"@graph\":[{\"@type\":\"Organization\",\"@id\":\"https:\/\/www.comercialanma.es\/#organization\",\"name\":\"Comercial Anma\",\"url\":\"https:\/\/www.comercialanma.es\/\",\"sameAs\":[\"https:\/\/www.facebook.com\/AnmaHosteleria\",\"https:\/\/www.instagram.com\/anmahosteleria\/?hl=es\",\"https:\/\/www.youtube.com\/channel\/UCT2nmn08Ntks0hmpZPnDgCA\"],\"logo\":{\"@type\":\"ImageObject\",\"@id\":\"https:\/\/www.comercialanma.es\/#logo\",\"inLanguage\":\"es\",\"url\":\"https:\/\/i2.wp.com\/www.comercialanma.es\/wp-content\/uploads\/2019\/06\/logo-anma-color.png?fit=247%2C101&ssl=1\",\"width\":247,\"height\":101,\"caption\":\"Comercial Anma\"},\"image\":{\"@id\":\"https:\/\/www.comercialanma.es\/#logo\"}},{\"@type\":\"WebSite\",\"@id\":\"https:\/\/www.comercialanma.es\/#website\",\"url\":\"https:\/\/www.comercialanma.es\/\",\"name\":\"Comercial de Hosteleria Anma\",\"description\":\"\",\"publisher\":{\"@id\":\"https:\/\/www.comercialanma.es\/#organization\"},\"potentialAction\":[{\"@type\":\"SearchAction\",\"target\":\"https:\/\/www.comercialanma.es\/?s={search_term_string}\",\"query-input\":\"required name=search_term_string\"}],\"inLanguage\":\"es\"},{\"@type\":\"ImageObject\",\"@id\":\"https:\/\/www.comercialanma.es\/?product=grappa-libarna#primaryimage\",\"inLanguage\":\"es\",\"url\":\"https:\/\/i0.wp.com\/www.comercialanma.es\/wp-content\/uploads\/2019\/07\/grappa-libarna.jpg?fit=1200%2C1200&ssl=1\",\"width\":1200,\"height\":1200},{\"@type\":\"WebPage\",\"@id\":\"https:\/\/www.comercialanma.es\/?product=grappa-libarna#webpage\",\"url\":\"https:\/\/www.comercialanma.es\/?product=grappa-libarna\",\"name\":\"Grappa Libarna 70cl. - Comercial de Hosteleria Anma\",\"isPartOf\":{\"@id\":\"https:\/\/www.comercialanma.es\/#website\"},\"primaryImageOfPage\":{\"@id\":\"https:\/\/www.comercialanma.es\/?product=grappa-libarna#primaryimage\"},\"datePublished\":\"2019-07-02T10:41:50+00:00\",\"dateModified\":\"2019-07-02T10:50:37+00:00\",\"breadcrumb\":{\"@id\":\"https:\/\/www.comercialanma.es\/?product=grappa-libarna#breadcrumb\"},\"inLanguage\":\"es\",\"potentialAction\":[{\"@type\":\"ReadAction\",\"target\":[\"https:\/\/www.comercialanma.es\/?product=grappa-libarna\"]}]},{\"@type\":\"BreadcrumbList\",\"@id\":\"https:\/\/www.comercialanma.es\/?product=grappa-libarna#breadcrumb\",\"itemListElement\":[{\"@type\":\"ListItem\",\"position\":1,\"item\":{\"@type\":\"WebPage\",\"@id\":\"https:\/\/www.comercialanma.es\/\",\"url\":\"https:\/\/www.comercialanma.es\/\",\"name\":\"Portada\"}},{\"@type\":\"ListItem\",\"position\":2,\"item\":{\"@type\":\"WebPage\",\"@id\":\"https:\/\/www.comercialanma.es\/?page_id=3963\",\"url\":\"https:\/\/www.comercialanma.es\/?page_id=3963\",\"name\":\"Cat\\u00e1logo de Productos\"}},{\"@type\":\"ListItem\",\"position\":3,\"item\":{\"@type\":\"WebPage\",\"@id\":\"https:\/\/www.comercialanma.es\/?product=grappa-libarna\",\"url\":\"https:\/\/www.comercialanma.es\/?product=grappa-libarna\",\"name\":\"Grappa Libarna 70cl.\"}}]}]}<\/script>\n<!-- \/ Yoast SEO plugin. -->","_links":{"self":[{"href":"https:\/\/www.comercialanma.es\/index.php?rest_route=\/wp\/v2\/product\/6975"}],"collection":[{"href":"https:\/\/www.comercialanma.es\/index.php?rest_route=\/wp\/v2\/product"}],"about":[{"href":"https:\/\/www.comercialanma.es\/index.php?rest_route=\/wp\/v2\/types\/product"}],"version-history":[{"count":1,"href":"https:\/\/www.comercialanma.es\/index.php?rest_route=\/wp\/v2\/product\/6975\/revisions"}],"predecessor-version":[{"id":6977,"href":"https:\/\/www.comercialanma.es\/index.php?rest_route=\/wp\/v2\/product\/6975\/revisions\/6977"}],"wp:featuredmedia":[{"embeddable":true,"href":"https:\/\/www.comercialanma.es\/index.php?rest_route=\/wp\/v2\/media\/6976"}],"wp:attachment":[{"href":"https:\/\/www.comercialanma.es\/index.php?rest_route=%2Fwp%2Fv2%2Fmedia&parent=6975"}],"curies":[{"name":"wp","href":"https:\/\/api.w.org\/{rel}","templated":true}]}}