
{"id":7079,"date":"2019-07-03T10:57:10","date_gmt":"2019-07-03T08:57:10","guid":{"rendered":"http:\/\/www.comercialanma.es\/?post_type=product&#038;p=7079"},"modified":"2019-07-03T17:38:02","modified_gmt":"2019-07-03T15:38:02","slug":"vermouth-miro-rojo-box","status":"publish","type":"product","link":"https:\/\/www.comercialanma.es\/?product=vermouth-miro-rojo-box","title":{"rendered":"Vermouth Mir\u00f3 rojo Box 5L."},"content":{"rendered":"<article>\n<div id=\"herramientas_producto\">\n<div id=\"my-tab-content\">\n<div id=\"descri_product\">\n<div>\n<div id=\"tab-description\">\n<div>\n<p>EL AUT\u00c9NTICO VERMUT DE REUS<\/p>\n<ul>\n<li>El \u201cVermut de Reus\u201d goza de un reconocido prestigio en toda Europa y es en nuestra ciudad donde muchas familias empezaron a elaborarlo de forma tradicional o casera. Con el paso del tiempo, gracias al peso comercial de los Puertos Mercantiles de la zona que trataban con productos como los Aguardientes, se llegan a consolidar como principales productores de vermut, tanto en el \u00e1mbito nacional como en el internacional. El vermut ha permitido a la ciudad de Reus seguir siendo un referente en el mercado de los alcoholes, juntamente con Par\u00eds y Londres. Esta bebida ha tenido un papel clave en el desarrollo econ\u00f3mico de la Capital del Baix Camp, ya que sobrepas\u00f3 con creces los l\u00edmites naturales de la ciudad, consolidando unos capitales aplicables m\u00e1s tarde al proceso de industrializaci\u00f3n.<\/li>\n<li>Graduaci\u00f3n: 15\u00ba<\/li>\n<\/ul>\n<\/div>\n<\/div>\n<\/div>\n<\/div>\n<\/div>\n<\/div>\n<\/article>\n<aside class=\"col-md-3 col-sm-6 col-xs-12\">\n<h3><\/h3>\n<\/aside>\n","protected":false},"excerpt":{"rendered":"<div id=\"info_valoracion\">\n<p>El MIR\u00d3 Casero se elabora a partir de una cuidada selecci\u00f3n de vinos de la tierra y hierbas naturales aromatizantes. En este vermut seguimos el m\u00e9todo m\u00e1s tradicional de elaboraci\u00f3n, mediante una sabia combinaci\u00f3n y receta propia de las hierbas. Posee un color rojo rub\u00ed, de aspecto l\u00edmpido y brillante. Con aroma intenso y fresco a or\u00e9gano, mentas y caramelo. En boca es franco, de agradable y prolongada sensaci\u00f3n.<\/p>\n<\/div>\n<p>&nbsp;<\/p>\n","protected":false},"featured_media":7083,"template":"","meta":{"spay_email":""},"yoast_head":"<!-- This site is optimized with the Yoast SEO plugin v15.9 - https:\/\/yoast.com\/wordpress\/plugins\/seo\/ -->\n<title>Vermouth Mir\u00f3 rojo Box 5L. - Comercial de Hosteleria Anma<\/title>\n<meta name=\"robots\" content=\"index, follow, max-snippet:-1, max-image-preview:large, max-video-preview:-1\" \/>\n<link rel=\"canonical\" href=\"https:\/\/www.comercialanma.es\/?product=vermouth-miro-rojo-box\" \/>\n<meta property=\"og:locale\" content=\"es_ES\" \/>\n<meta property=\"og:type\" content=\"article\" \/>\n<meta property=\"og:title\" content=\"Vermouth Mir\u00f3 rojo Box 5L. - Comercial de Hosteleria Anma\" \/>\n<meta property=\"og:description\" content=\"El MIR\u00d3 Casero se elabora a partir de una cuidada selecci\u00f3n de vinos de la tierra y hierbas naturales aromatizantes. En este vermut seguimos el m\u00e9todo m\u00e1s tradicional de elaboraci\u00f3n, mediante una sabia combinaci\u00f3n y receta propia de las hierbas. Posee un color rojo rub\u00ed, de aspecto l\u00edmpido y brillante. Con aroma intenso y fresco a or\u00e9gano, mentas y caramelo. En boca es franco, de agradable y prolongada sensaci\u00f3n.   &nbsp;\" \/>\n<meta property=\"og:url\" content=\"https:\/\/www.comercialanma.es\/?product=vermouth-miro-rojo-box\" \/>\n<meta property=\"og:site_name\" content=\"Comercial de Hosteleria Anma\" \/>\n<meta property=\"article:publisher\" content=\"https:\/\/www.facebook.com\/AnmaHosteleria\" \/>\n<meta property=\"article:modified_time\" content=\"2019-07-03T15:38:02+00:00\" \/>\n<meta property=\"og:image\" content=\"https:\/\/i2.wp.com\/www.comercialanma.es\/wp-content\/uploads\/2019\/07\/vermouth-miro-5l-box.jpg?fit=1200%2C1200&#038;ssl=1\" \/>\n\t<meta property=\"og:image:width\" content=\"1200\" \/>\n\t<meta property=\"og:image:height\" content=\"1200\" \/>\n<meta name=\"twitter:card\" content=\"summary_large_image\" \/>\n<meta name=\"twitter:label1\" content=\"Tiempo de lectura\">\n\t<meta name=\"twitter:data1\" content=\"1 minuto\">\n<script type=\"application\/ld+json\" class=\"yoast-schema-graph\">{\"@context\":\"https:\/\/schema.org\",\"@graph\":[{\"@type\":\"Organization\",\"@id\":\"https:\/\/www.comercialanma.es\/#organization\",\"name\":\"Comercial Anma\",\"url\":\"https:\/\/www.comercialanma.es\/\",\"sameAs\":[\"https:\/\/www.facebook.com\/AnmaHosteleria\",\"https:\/\/www.instagram.com\/anmahosteleria\/?hl=es\",\"https:\/\/www.youtube.com\/channel\/UCT2nmn08Ntks0hmpZPnDgCA\"],\"logo\":{\"@type\":\"ImageObject\",\"@id\":\"https:\/\/www.comercialanma.es\/#logo\",\"inLanguage\":\"es\",\"url\":\"https:\/\/i2.wp.com\/www.comercialanma.es\/wp-content\/uploads\/2019\/06\/logo-anma-color.png?fit=247%2C101&ssl=1\",\"width\":247,\"height\":101,\"caption\":\"Comercial Anma\"},\"image\":{\"@id\":\"https:\/\/www.comercialanma.es\/#logo\"}},{\"@type\":\"WebSite\",\"@id\":\"https:\/\/www.comercialanma.es\/#website\",\"url\":\"https:\/\/www.comercialanma.es\/\",\"name\":\"Comercial de Hosteleria Anma\",\"description\":\"\",\"publisher\":{\"@id\":\"https:\/\/www.comercialanma.es\/#organization\"},\"potentialAction\":[{\"@type\":\"SearchAction\",\"target\":\"https:\/\/www.comercialanma.es\/?s={search_term_string}\",\"query-input\":\"required name=search_term_string\"}],\"inLanguage\":\"es\"},{\"@type\":\"ImageObject\",\"@id\":\"https:\/\/www.comercialanma.es\/?product=vermouth-miro-rojo-box#primaryimage\",\"inLanguage\":\"es\",\"url\":\"https:\/\/i2.wp.com\/www.comercialanma.es\/wp-content\/uploads\/2019\/07\/vermouth-miro-5l-box.jpg?fit=1200%2C1200&ssl=1\",\"width\":1200,\"height\":1200},{\"@type\":\"WebPage\",\"@id\":\"https:\/\/www.comercialanma.es\/?product=vermouth-miro-rojo-box#webpage\",\"url\":\"https:\/\/www.comercialanma.es\/?product=vermouth-miro-rojo-box\",\"name\":\"Vermouth Mir\\u00f3 rojo Box 5L. - Comercial de Hosteleria Anma\",\"isPartOf\":{\"@id\":\"https:\/\/www.comercialanma.es\/#website\"},\"primaryImageOfPage\":{\"@id\":\"https:\/\/www.comercialanma.es\/?product=vermouth-miro-rojo-box#primaryimage\"},\"datePublished\":\"2019-07-03T08:57:10+00:00\",\"dateModified\":\"2019-07-03T15:38:02+00:00\",\"breadcrumb\":{\"@id\":\"https:\/\/www.comercialanma.es\/?product=vermouth-miro-rojo-box#breadcrumb\"},\"inLanguage\":\"es\",\"potentialAction\":[{\"@type\":\"ReadAction\",\"target\":[\"https:\/\/www.comercialanma.es\/?product=vermouth-miro-rojo-box\"]}]},{\"@type\":\"BreadcrumbList\",\"@id\":\"https:\/\/www.comercialanma.es\/?product=vermouth-miro-rojo-box#breadcrumb\",\"itemListElement\":[{\"@type\":\"ListItem\",\"position\":1,\"item\":{\"@type\":\"WebPage\",\"@id\":\"https:\/\/www.comercialanma.es\/\",\"url\":\"https:\/\/www.comercialanma.es\/\",\"name\":\"Portada\"}},{\"@type\":\"ListItem\",\"position\":2,\"item\":{\"@type\":\"WebPage\",\"@id\":\"https:\/\/www.comercialanma.es\/?page_id=3963\",\"url\":\"https:\/\/www.comercialanma.es\/?page_id=3963\",\"name\":\"Cat\\u00e1logo de Productos\"}},{\"@type\":\"ListItem\",\"position\":3,\"item\":{\"@type\":\"WebPage\",\"@id\":\"https:\/\/www.comercialanma.es\/?product=vermouth-miro-rojo-box\",\"url\":\"https:\/\/www.comercialanma.es\/?product=vermouth-miro-rojo-box\",\"name\":\"Vermouth Mir\\u00f3 rojo Box 5L.\"}}]}]}<\/script>\n<!-- \/ Yoast SEO plugin. -->","_links":{"self":[{"href":"https:\/\/www.comercialanma.es\/index.php?rest_route=\/wp\/v2\/product\/7079"}],"collection":[{"href":"https:\/\/www.comercialanma.es\/index.php?rest_route=\/wp\/v2\/product"}],"about":[{"href":"https:\/\/www.comercialanma.es\/index.php?rest_route=\/wp\/v2\/types\/product"}],"version-history":[{"count":6,"href":"https:\/\/www.comercialanma.es\/index.php?rest_route=\/wp\/v2\/product\/7079\/revisions"}],"predecessor-version":[{"id":7089,"href":"https:\/\/www.comercialanma.es\/index.php?rest_route=\/wp\/v2\/product\/7079\/revisions\/7089"}],"wp:featuredmedia":[{"embeddable":true,"href":"https:\/\/www.comercialanma.es\/index.php?rest_route=\/wp\/v2\/media\/7083"}],"wp:attachment":[{"href":"https:\/\/www.comercialanma.es\/index.php?rest_route=%2Fwp%2Fv2%2Fmedia&parent=7079"}],"curies":[{"name":"wp","href":"https:\/\/api.w.org\/{rel}","templated":true}]}}

Vermouth Miró rojo Box 5L.

<article>
<div id="herramientas_producto">
<div id="my-tab-content">
<div id="descri_product">
<div>
<div id="tab-description">
<div>
<p>EL AUTÉNTICO VERMUT DE REUS</p>
<ul>
<li>El “Vermut de Reus” goza de un reconocido prestigio en toda Europa y es en nuestra ciudad donde muchas familias empezaron a elaborarlo de forma tradicional o casera. Con el paso del tiempo, gracias al peso comercial de los Puertos Mercantiles de la zona que trataban con productos como los Aguardientes, se llegan a consolidar como principales productores de vermut, tanto en el ámbito nacional como en el internacional. El vermut ha permitido a la ciudad de Reus seguir siendo un referente en el mercado de los alcoholes, juntamente con París y Londres. Esta bebida ha tenido un papel clave en el desarrollo económico de la Capital del Baix Camp, ya que sobrepasó con creces los límites naturales de la ciudad, consolidando unos capitales aplicables más tarde al proceso de industrialización.</li>
<li>Graduación: 15º</li>
</ul>
</div>
</div>
</div>
</div>
</div>
</div>
</article>
<aside class="col-md-3 col-sm-6 col-xs-12">
<h3></h3>
</aside>

<div id="info_valoracion">
<p>El MIRÓ Casero se elabora a partir de una cuidada selección de vinos de la tierra y hierbas naturales aromatizantes. En este vermut seguimos el método más tradicional de elaboración, mediante una sabia combinación y receta propia de las hierbas. Posee un color rojo rubí, de aspecto límpido y brillante. Con aroma intenso y fresco a orégano, mentas y caramelo. En boca es franco, de agradable y prolongada sensación.</p>
</div>
<p>&nbsp;</p>

<!-- This site is optimized with the Yoast SEO plugin v15.9 - https://yoast.com/wordpress/plugins/seo/ -->
<title>Vermouth Miró rojo Box 5L. - Comercial de Hosteleria Anma</title>
<meta name="robots" content="index, follow, max-snippet:-1, max-image-preview:large, max-video-preview:-1" />
<link rel="canonical" href="https://www.comercialanma.es/?product=vermouth-miro-rojo-box" />
<meta property="og:locale" content="es_ES" />
<meta property="og:type" content="article" />
<meta property="og:title" content="Vermouth Miró rojo Box 5L. - Comercial de Hosteleria Anma" />
<meta property="og:description" content="El MIRÓ Casero se elabora a partir de una cuidada selección de vinos de la tierra y hierbas naturales aromatizantes. En este vermut seguimos el método más tradicional de elaboración, mediante una sabia combinación y receta propia de las hierbas. Posee un color rojo rubí, de aspecto límpido y brillante. Con aroma intenso y fresco a orégano, mentas y caramelo. En boca es franco, de agradable y prolongada sensación.   &nbsp;" />
<meta property="og:url" content="https://www.comercialanma.es/?product=vermouth-miro-rojo-box" />
<meta property="og:site_name" content="Comercial de Hosteleria Anma" />
<meta property="article:publisher" content="https://www.facebook.com/AnmaHosteleria" />
<meta property="article:modified_time" content="2019-07-03T15:38:02+00:00" />
<meta property="og:image" content="https://i2.wp.com/www.comercialanma.es/wp-content/uploads/2019/07/vermouth-miro-5l-box.jpg?fit=1200%2C1200&#038;ssl=1" />
	<meta property="og:image:width" content="1200" />
	<meta property="og:image:height" content="1200" />
<meta name="twitter:card" content="summary_large_image" />
<meta name="twitter:label1" content="Tiempo de lectura">
	<meta name="twitter:data1" content="1 minuto">
<script type="application/ld+json" class="yoast-schema-graph">{"@context":"https://schema.org","@graph":[{"@type":"Organization","@id":"https://www.comercialanma.es/#organization","name":"Comercial Anma","url":"https://www.comercialanma.es/","sameAs":["https://www.facebook.com/AnmaHosteleria","https://www.instagram.com/anmahosteleria/?hl=es","https://www.youtube.com/channel/UCT2nmn08Ntks0hmpZPnDgCA"],"logo":{"@type":"ImageObject","@id":"https://www.comercialanma.es/#logo","inLanguage":"es","url":"https://i2.wp.com/www.comercialanma.es/wp-content/uploads/2019/06/logo-anma-color.png?fit=247%2C101&ssl=1","width":247,"height":101,"caption":"Comercial Anma"},"image":{"@id":"https://www.comercialanma.es/#logo"}},{"@type":"WebSite","@id":"https://www.comercialanma.es/#website","url":"https://www.comercialanma.es/","name":"Comercial de Hosteleria Anma","description":"","publisher":{"@id":"https://www.comercialanma.es/#organization"},"potentialAction":[{"@type":"SearchAction","target":"https://www.comercialanma.es/?s={search_term_string}","query-input":"required name=search_term_string"}],"inLanguage":"es"},{"@type":"ImageObject","@id":"https://www.comercialanma.es/?product=vermouth-miro-rojo-box#primaryimage","inLanguage":"es","url":"https://i2.wp.com/www.comercialanma.es/wp-content/uploads/2019/07/vermouth-miro-5l-box.jpg?fit=1200%2C1200&ssl=1","width":1200,"height":1200},{"@type":"WebPage","@id":"https://www.comercialanma.es/?product=vermouth-miro-rojo-box#webpage","url":"https://www.comercialanma.es/?product=vermouth-miro-rojo-box","name":"Vermouth Mir\u00f3 rojo Box 5L. - Comercial de Hosteleria Anma","isPartOf":{"@id":"https://www.comercialanma.es/#website"},"primaryImageOfPage":{"@id":"https://www.comercialanma.es/?product=vermouth-miro-rojo-box#primaryimage"},"datePublished":"2019-07-03T08:57:10+00:00","dateModified":"2019-07-03T15:38:02+00:00","breadcrumb":{"@id":"https://www.comercialanma.es/?product=vermouth-miro-rojo-box#breadcrumb"},"inLanguage":"es","potentialAction":[{"@type":"ReadAction","target":["https://www.comercialanma.es/?product=vermouth-miro-rojo-box"]}]},{"@type":"BreadcrumbList","@id":"https://www.comercialanma.es/?product=vermouth-miro-rojo-box#breadcrumb","itemListElement":[{"@type":"ListItem","position":1,"item":{"@type":"WebPage","@id":"https://www.comercialanma.es/","url":"https://www.comercialanma.es/","name":"Portada"}},{"@type":"ListItem","position":2,"item":{"@type":"WebPage","@id":"https://www.comercialanma.es/?page_id=3963","url":"https://www.comercialanma.es/?page_id=3963","name":"Cat\u00e1logo de Productos"}},{"@type":"ListItem","position":3,"item":{"@type":"WebPage","@id":"https://www.comercialanma.es/?product=vermouth-miro-rojo-box","url":"https://www.comercialanma.es/?product=vermouth-miro-rojo-box","name":"Vermouth Mir\u00f3 rojo Box 5L."}}]}]}</script>
<!-- / Yoast SEO plugin. -->
