
{"id":7120,"date":"2019-07-04T09:34:35","date_gmt":"2019-07-04T07:34:35","guid":{"rendered":"http:\/\/www.comercialanma.es\/?post_type=product&#038;p=7120"},"modified":"2019-07-04T09:42:44","modified_gmt":"2019-07-04T07:42:44","slug":"pastis-ricard","status":"publish","type":"product","link":"https:\/\/www.comercialanma.es\/?product=pastis-ricard","title":{"rendered":"Pastis Ricard 1L."},"content":{"rendered":"<div class=\"rte-content\">\n<ul>\n<li>Vista: Ricard 1L presenta un tono \u00e1mbar clarito.<\/li>\n<li>Nariz: Aromas a plantas y hierbas arom\u00e1ticas y tambien destaca el an\u00eds estrellado.<\/li>\n<li>Boca: Sabor anisado.<\/li>\n<\/ul>\n<\/div>\n","protected":false},"excerpt":{"rendered":"<p>En s\u00f3lo muy poco tiempo, el Ricard se ha convertido en el past\u00eds de an\u00eds m\u00e1s popular del mundo, un verdadero past\u00eds de Marsella creado por Pauil Ricard en 1932. Parte de su secreto reside en la autenticidad de sus ingredientes, que provienen de la Provenza. T\u00f3malo imitando el estilo de los parisinos, que a\u00f1aden un poco de agua al licor con el fin de suavizar y hacer m\u00e1s elegante su car\u00e1cter.<\/p>\n","protected":false},"featured_media":7121,"template":"","meta":{"spay_email":""},"yoast_head":"<!-- This site is optimized with the Yoast SEO plugin v15.9 - https:\/\/yoast.com\/wordpress\/plugins\/seo\/ -->\n<title>Pastis Ricard 1L. - Comercial de Hosteleria Anma<\/title>\n<meta name=\"robots\" content=\"index, follow, max-snippet:-1, max-image-preview:large, max-video-preview:-1\" \/>\n<link rel=\"canonical\" href=\"https:\/\/www.comercialanma.es\/?product=pastis-ricard\" \/>\n<meta property=\"og:locale\" content=\"es_ES\" \/>\n<meta property=\"og:type\" content=\"article\" \/>\n<meta property=\"og:title\" content=\"Pastis Ricard 1L. - Comercial de Hosteleria Anma\" \/>\n<meta property=\"og:description\" content=\"En s\u00f3lo muy poco tiempo, el Ricard se ha convertido en el past\u00eds de an\u00eds m\u00e1s popular del mundo, un verdadero past\u00eds de Marsella creado por Pauil Ricard en 1932. Parte de su secreto reside en la autenticidad de sus ingredientes, que provienen de la Provenza. T\u00f3malo imitando el estilo de los parisinos, que a\u00f1aden un poco de agua al licor con el fin de suavizar y hacer m\u00e1s elegante su car\u00e1cter.\" \/>\n<meta property=\"og:url\" content=\"https:\/\/www.comercialanma.es\/?product=pastis-ricard\" \/>\n<meta property=\"og:site_name\" content=\"Comercial de Hosteleria Anma\" \/>\n<meta property=\"article:publisher\" content=\"https:\/\/www.facebook.com\/AnmaHosteleria\" \/>\n<meta property=\"article:modified_time\" content=\"2019-07-04T07:42:44+00:00\" \/>\n<meta property=\"og:image\" content=\"https:\/\/i0.wp.com\/www.comercialanma.es\/wp-content\/uploads\/2019\/07\/pastis-ricard.jpg?fit=1200%2C1200&#038;ssl=1\" \/>\n\t<meta property=\"og:image:width\" content=\"1200\" \/>\n\t<meta property=\"og:image:height\" content=\"1200\" \/>\n<meta name=\"twitter:card\" content=\"summary_large_image\" \/>\n<script type=\"application\/ld+json\" class=\"yoast-schema-graph\">{\"@context\":\"https:\/\/schema.org\",\"@graph\":[{\"@type\":\"Organization\",\"@id\":\"https:\/\/www.comercialanma.es\/#organization\",\"name\":\"Comercial Anma\",\"url\":\"https:\/\/www.comercialanma.es\/\",\"sameAs\":[\"https:\/\/www.facebook.com\/AnmaHosteleria\",\"https:\/\/www.instagram.com\/anmahosteleria\/?hl=es\",\"https:\/\/www.youtube.com\/channel\/UCT2nmn08Ntks0hmpZPnDgCA\"],\"logo\":{\"@type\":\"ImageObject\",\"@id\":\"https:\/\/www.comercialanma.es\/#logo\",\"inLanguage\":\"es\",\"url\":\"https:\/\/i2.wp.com\/www.comercialanma.es\/wp-content\/uploads\/2019\/06\/logo-anma-color.png?fit=247%2C101&ssl=1\",\"width\":247,\"height\":101,\"caption\":\"Comercial Anma\"},\"image\":{\"@id\":\"https:\/\/www.comercialanma.es\/#logo\"}},{\"@type\":\"WebSite\",\"@id\":\"https:\/\/www.comercialanma.es\/#website\",\"url\":\"https:\/\/www.comercialanma.es\/\",\"name\":\"Comercial de Hosteleria Anma\",\"description\":\"\",\"publisher\":{\"@id\":\"https:\/\/www.comercialanma.es\/#organization\"},\"potentialAction\":[{\"@type\":\"SearchAction\",\"target\":\"https:\/\/www.comercialanma.es\/?s={search_term_string}\",\"query-input\":\"required name=search_term_string\"}],\"inLanguage\":\"es\"},{\"@type\":\"ImageObject\",\"@id\":\"https:\/\/www.comercialanma.es\/?product=pastis-ricard#primaryimage\",\"inLanguage\":\"es\",\"url\":\"https:\/\/i0.wp.com\/www.comercialanma.es\/wp-content\/uploads\/2019\/07\/pastis-ricard.jpg?fit=1200%2C1200&ssl=1\",\"width\":1200,\"height\":1200},{\"@type\":\"WebPage\",\"@id\":\"https:\/\/www.comercialanma.es\/?product=pastis-ricard#webpage\",\"url\":\"https:\/\/www.comercialanma.es\/?product=pastis-ricard\",\"name\":\"Pastis Ricard 1L. - Comercial de Hosteleria Anma\",\"isPartOf\":{\"@id\":\"https:\/\/www.comercialanma.es\/#website\"},\"primaryImageOfPage\":{\"@id\":\"https:\/\/www.comercialanma.es\/?product=pastis-ricard#primaryimage\"},\"datePublished\":\"2019-07-04T07:34:35+00:00\",\"dateModified\":\"2019-07-04T07:42:44+00:00\",\"breadcrumb\":{\"@id\":\"https:\/\/www.comercialanma.es\/?product=pastis-ricard#breadcrumb\"},\"inLanguage\":\"es\",\"potentialAction\":[{\"@type\":\"ReadAction\",\"target\":[\"https:\/\/www.comercialanma.es\/?product=pastis-ricard\"]}]},{\"@type\":\"BreadcrumbList\",\"@id\":\"https:\/\/www.comercialanma.es\/?product=pastis-ricard#breadcrumb\",\"itemListElement\":[{\"@type\":\"ListItem\",\"position\":1,\"item\":{\"@type\":\"WebPage\",\"@id\":\"https:\/\/www.comercialanma.es\/\",\"url\":\"https:\/\/www.comercialanma.es\/\",\"name\":\"Portada\"}},{\"@type\":\"ListItem\",\"position\":2,\"item\":{\"@type\":\"WebPage\",\"@id\":\"https:\/\/www.comercialanma.es\/?page_id=3963\",\"url\":\"https:\/\/www.comercialanma.es\/?page_id=3963\",\"name\":\"Cat\\u00e1logo de Productos\"}},{\"@type\":\"ListItem\",\"position\":3,\"item\":{\"@type\":\"WebPage\",\"@id\":\"https:\/\/www.comercialanma.es\/?product=pastis-ricard\",\"url\":\"https:\/\/www.comercialanma.es\/?product=pastis-ricard\",\"name\":\"Pastis Ricard 1L.\"}}]}]}<\/script>\n<!-- \/ Yoast SEO plugin. -->","_links":{"self":[{"href":"https:\/\/www.comercialanma.es\/index.php?rest_route=\/wp\/v2\/product\/7120"}],"collection":[{"href":"https:\/\/www.comercialanma.es\/index.php?rest_route=\/wp\/v2\/product"}],"about":[{"href":"https:\/\/www.comercialanma.es\/index.php?rest_route=\/wp\/v2\/types\/product"}],"version-history":[{"count":1,"href":"https:\/\/www.comercialanma.es\/index.php?rest_route=\/wp\/v2\/product\/7120\/revisions"}],"predecessor-version":[{"id":7122,"href":"https:\/\/www.comercialanma.es\/index.php?rest_route=\/wp\/v2\/product\/7120\/revisions\/7122"}],"wp:featuredmedia":[{"embeddable":true,"href":"https:\/\/www.comercialanma.es\/index.php?rest_route=\/wp\/v2\/media\/7121"}],"wp:attachment":[{"href":"https:\/\/www.comercialanma.es\/index.php?rest_route=%2Fwp%2Fv2%2Fmedia&parent=7120"}],"curies":[{"name":"wp","href":"https:\/\/api.w.org\/{rel}","templated":true}]}}

<div class="rte-content">
<ul>
<li>Vista: Ricard 1L presenta un tono ámbar clarito.</li>
<li>Nariz: Aromas a plantas y hierbas aromáticas y tambien destaca el anís estrellado.</li>
<li>Boca: Sabor anisado.</li>
</ul>
</div>

<p>En sólo muy poco tiempo, el Ricard se ha convertido en el pastís de anís más popular del mundo, un verdadero pastís de Marsella creado por Pauil Ricard en 1932. Parte de su secreto reside en la autenticidad de sus ingredientes, que provienen de la Provenza. Tómalo imitando el estilo de los parisinos, que añaden un poco de agua al licor con el fin de suavizar y hacer más elegante su carácter.</p>

<!-- This site is optimized with the Yoast SEO plugin v15.9 - https://yoast.com/wordpress/plugins/seo/ -->
<title>Pastis Ricard 1L. - Comercial de Hosteleria Anma</title>
<meta name="robots" content="index, follow, max-snippet:-1, max-image-preview:large, max-video-preview:-1" />
<link rel="canonical" href="https://www.comercialanma.es/?product=pastis-ricard" />
<meta property="og:locale" content="es_ES" />
<meta property="og:type" content="article" />
<meta property="og:title" content="Pastis Ricard 1L. - Comercial de Hosteleria Anma" />
<meta property="og:description" content="En sólo muy poco tiempo, el Ricard se ha convertido en el pastís de anís más popular del mundo, un verdadero pastís de Marsella creado por Pauil Ricard en 1932. Parte de su secreto reside en la autenticidad de sus ingredientes, que provienen de la Provenza. Tómalo imitando el estilo de los parisinos, que añaden un poco de agua al licor con el fin de suavizar y hacer más elegante su carácter." />
<meta property="og:url" content="https://www.comercialanma.es/?product=pastis-ricard" />
<meta property="og:site_name" content="Comercial de Hosteleria Anma" />
<meta property="article:publisher" content="https://www.facebook.com/AnmaHosteleria" />
<meta property="article:modified_time" content="2019-07-04T07:42:44+00:00" />
<meta property="og:image" content="https://i0.wp.com/www.comercialanma.es/wp-content/uploads/2019/07/pastis-ricard.jpg?fit=1200%2C1200&#038;ssl=1" />
	<meta property="og:image:width" content="1200" />
	<meta property="og:image:height" content="1200" />
<meta name="twitter:card" content="summary_large_image" />
<script type="application/ld+json" class="yoast-schema-graph">{"@context":"https://schema.org","@graph":[{"@type":"Organization","@id":"https://www.comercialanma.es/#organization","name":"Comercial Anma","url":"https://www.comercialanma.es/","sameAs":["https://www.facebook.com/AnmaHosteleria","https://www.instagram.com/anmahosteleria/?hl=es","https://www.youtube.com/channel/UCT2nmn08Ntks0hmpZPnDgCA"],"logo":{"@type":"ImageObject","@id":"https://www.comercialanma.es/#logo","inLanguage":"es","url":"https://i2.wp.com/www.comercialanma.es/wp-content/uploads/2019/06/logo-anma-color.png?fit=247%2C101&ssl=1","width":247,"height":101,"caption":"Comercial Anma"},"image":{"@id":"https://www.comercialanma.es/#logo"}},{"@type":"WebSite","@id":"https://www.comercialanma.es/#website","url":"https://www.comercialanma.es/","name":"Comercial de Hosteleria Anma","description":"","publisher":{"@id":"https://www.comercialanma.es/#organization"},"potentialAction":[{"@type":"SearchAction","target":"https://www.comercialanma.es/?s={search_term_string}","query-input":"required name=search_term_string"}],"inLanguage":"es"},{"@type":"ImageObject","@id":"https://www.comercialanma.es/?product=pastis-ricard#primaryimage","inLanguage":"es","url":"https://i0.wp.com/www.comercialanma.es/wp-content/uploads/2019/07/pastis-ricard.jpg?fit=1200%2C1200&ssl=1","width":1200,"height":1200},{"@type":"WebPage","@id":"https://www.comercialanma.es/?product=pastis-ricard#webpage","url":"https://www.comercialanma.es/?product=pastis-ricard","name":"Pastis Ricard 1L. - Comercial de Hosteleria Anma","isPartOf":{"@id":"https://www.comercialanma.es/#website"},"primaryImageOfPage":{"@id":"https://www.comercialanma.es/?product=pastis-ricard#primaryimage"},"datePublished":"2019-07-04T07:34:35+00:00","dateModified":"2019-07-04T07:42:44+00:00","breadcrumb":{"@id":"https://www.comercialanma.es/?product=pastis-ricard#breadcrumb"},"inLanguage":"es","potentialAction":[{"@type":"ReadAction","target":["https://www.comercialanma.es/?product=pastis-ricard"]}]},{"@type":"BreadcrumbList","@id":"https://www.comercialanma.es/?product=pastis-ricard#breadcrumb","itemListElement":[{"@type":"ListItem","position":1,"item":{"@type":"WebPage","@id":"https://www.comercialanma.es/","url":"https://www.comercialanma.es/","name":"Portada"}},{"@type":"ListItem","position":2,"item":{"@type":"WebPage","@id":"https://www.comercialanma.es/?page_id=3963","url":"https://www.comercialanma.es/?page_id=3963","name":"Cat\u00e1logo de Productos"}},{"@type":"ListItem","position":3,"item":{"@type":"WebPage","@id":"https://www.comercialanma.es/?product=pastis-ricard","url":"https://www.comercialanma.es/?product=pastis-ricard","name":"Pastis Ricard 1L."}}]}]}</script>
<!-- / Yoast SEO plugin. -->
