
{"id":7123,"date":"2019-07-04T09:43:17","date_gmt":"2019-07-04T07:43:17","guid":{"rendered":"http:\/\/www.comercialanma.es\/?post_type=product&#038;p=7123"},"modified":"2022-06-08T11:38:08","modified_gmt":"2022-06-08T09:38:08","slug":"vermouth-yzaguirre-blanco-reserva","status":"publish","type":"product","link":"https:\/\/www.comercialanma.es\/?product=vermouth-yzaguirre-blanco-reserva","title":{"rendered":"Vermouth Yzaguirre reserva blanco estuchado 1L."},"content":{"rendered":"<article>\n<div id=\"herramientas_producto\">\n<div id=\"my-tab-content\">\n<div id=\"descri_product\">\n<div>\n<div id=\"tab-description\">\n<div>\n<p>Gusto inicial en boca muy equilibrado y sabroso, en perfecta harmon\u00eda con la acidez del producto. 12 meses de crianza en barricas de roble le confieren consistencia y car\u00e1cter.<\/p>\n<p>Nuestro consejo: Como aperitivo diario o copa de media tarde o noche. Una excelente manera de degustarlo es en un vaso ancho, acompa\u00f1ado de 3 o 4 cubitos de hielo, una rodaja de lim\u00f3n y una hoja de menta, que nos proporcionar\u00e1 un agradable placer refrescante.<\/p>\n<\/div>\n<div>Nuestra l\u00ednea de productos Vermouth Yzaguirre se elabora siguiendo el m\u00e9todo tradicional de las antiguas casas productoras nacidas en las estribaciones de los Alpes italianos. Nuestra f\u00f3rmula exclusiva combina cerca de 80 hierbas y especias para darle ese toque tan especial.<\/div>\n<\/div>\n<\/div>\n<\/div>\n<\/div>\n<\/div>\n<\/article>\n","protected":false},"excerpt":{"rendered":"<p>De color amarillo intenso, el Vermouth Yzaguirre Blanco Reserva es muy arom\u00e1tico, aterciopelado y agradable al paladar, con notas de madera, hierbas y especias que nos traen recuerdos de fruta madura.<\/p>\n","protected":false},"featured_media":21307,"template":"","meta":{"spay_email":""},"yoast_head":"<!-- This site is optimized with the Yoast SEO plugin v15.9 - https:\/\/yoast.com\/wordpress\/plugins\/seo\/ -->\n<title>Vermouth Yzaguirre reserva blanco estuchado 1L. - Comercial de Hosteleria Anma<\/title>\n<meta name=\"robots\" content=\"index, follow, max-snippet:-1, max-image-preview:large, max-video-preview:-1\" \/>\n<link rel=\"canonical\" href=\"https:\/\/www.comercialanma.es\/?product=vermouth-yzaguirre-blanco-reserva\" \/>\n<meta property=\"og:locale\" content=\"es_ES\" \/>\n<meta property=\"og:type\" content=\"article\" \/>\n<meta property=\"og:title\" content=\"Vermouth Yzaguirre reserva blanco estuchado 1L. - Comercial de Hosteleria Anma\" \/>\n<meta property=\"og:description\" content=\"De color amarillo intenso, el Vermouth Yzaguirre Blanco Reserva es muy arom\u00e1tico, aterciopelado y agradable al paladar, con notas de madera, hierbas y especias que nos traen recuerdos de fruta madura.\" \/>\n<meta property=\"og:url\" content=\"https:\/\/www.comercialanma.es\/?product=vermouth-yzaguirre-blanco-reserva\" \/>\n<meta property=\"og:site_name\" content=\"Comercial de Hosteleria Anma\" \/>\n<meta property=\"article:publisher\" content=\"https:\/\/www.facebook.com\/AnmaHosteleria\" \/>\n<meta property=\"article:modified_time\" content=\"2022-06-08T09:38:08+00:00\" \/>\n<meta property=\"og:image\" content=\"https:\/\/i0.wp.com\/www.comercialanma.es\/wp-content\/uploads\/2019\/07\/Izaguirre-reserva-estuchado-1l..jpg?fit=1080%2C1080&#038;ssl=1\" \/>\n\t<meta property=\"og:image:width\" content=\"1080\" \/>\n\t<meta property=\"og:image:height\" content=\"1080\" \/>\n<meta name=\"twitter:card\" content=\"summary_large_image\" \/>\n<meta name=\"twitter:label1\" content=\"Tiempo de lectura\">\n\t<meta name=\"twitter:data1\" content=\"1 minuto\">\n<script type=\"application\/ld+json\" class=\"yoast-schema-graph\">{\"@context\":\"https:\/\/schema.org\",\"@graph\":[{\"@type\":\"Organization\",\"@id\":\"https:\/\/www.comercialanma.es\/#organization\",\"name\":\"Comercial Anma\",\"url\":\"https:\/\/www.comercialanma.es\/\",\"sameAs\":[\"https:\/\/www.facebook.com\/AnmaHosteleria\",\"https:\/\/www.instagram.com\/anmahosteleria\/?hl=es\",\"https:\/\/www.youtube.com\/channel\/UCT2nmn08Ntks0hmpZPnDgCA\"],\"logo\":{\"@type\":\"ImageObject\",\"@id\":\"https:\/\/www.comercialanma.es\/#logo\",\"inLanguage\":\"es\",\"url\":\"https:\/\/i2.wp.com\/www.comercialanma.es\/wp-content\/uploads\/2019\/06\/logo-anma-color.png?fit=247%2C101&ssl=1\",\"width\":247,\"height\":101,\"caption\":\"Comercial Anma\"},\"image\":{\"@id\":\"https:\/\/www.comercialanma.es\/#logo\"}},{\"@type\":\"WebSite\",\"@id\":\"https:\/\/www.comercialanma.es\/#website\",\"url\":\"https:\/\/www.comercialanma.es\/\",\"name\":\"Comercial de Hosteleria Anma\",\"description\":\"\",\"publisher\":{\"@id\":\"https:\/\/www.comercialanma.es\/#organization\"},\"potentialAction\":[{\"@type\":\"SearchAction\",\"target\":\"https:\/\/www.comercialanma.es\/?s={search_term_string}\",\"query-input\":\"required name=search_term_string\"}],\"inLanguage\":\"es\"},{\"@type\":\"ImageObject\",\"@id\":\"https:\/\/www.comercialanma.es\/?product=vermouth-yzaguirre-blanco-reserva#primaryimage\",\"inLanguage\":\"es\",\"url\":\"https:\/\/i0.wp.com\/www.comercialanma.es\/wp-content\/uploads\/2019\/07\/Izaguirre-reserva-estuchado-1l..jpg?fit=1080%2C1080&ssl=1\",\"width\":1080,\"height\":1080},{\"@type\":\"WebPage\",\"@id\":\"https:\/\/www.comercialanma.es\/?product=vermouth-yzaguirre-blanco-reserva#webpage\",\"url\":\"https:\/\/www.comercialanma.es\/?product=vermouth-yzaguirre-blanco-reserva\",\"name\":\"Vermouth Yzaguirre reserva blanco estuchado 1L. - Comercial de Hosteleria Anma\",\"isPartOf\":{\"@id\":\"https:\/\/www.comercialanma.es\/#website\"},\"primaryImageOfPage\":{\"@id\":\"https:\/\/www.comercialanma.es\/?product=vermouth-yzaguirre-blanco-reserva#primaryimage\"},\"datePublished\":\"2019-07-04T07:43:17+00:00\",\"dateModified\":\"2022-06-08T09:38:08+00:00\",\"breadcrumb\":{\"@id\":\"https:\/\/www.comercialanma.es\/?product=vermouth-yzaguirre-blanco-reserva#breadcrumb\"},\"inLanguage\":\"es\",\"potentialAction\":[{\"@type\":\"ReadAction\",\"target\":[\"https:\/\/www.comercialanma.es\/?product=vermouth-yzaguirre-blanco-reserva\"]}]},{\"@type\":\"BreadcrumbList\",\"@id\":\"https:\/\/www.comercialanma.es\/?product=vermouth-yzaguirre-blanco-reserva#breadcrumb\",\"itemListElement\":[{\"@type\":\"ListItem\",\"position\":1,\"item\":{\"@type\":\"WebPage\",\"@id\":\"https:\/\/www.comercialanma.es\/\",\"url\":\"https:\/\/www.comercialanma.es\/\",\"name\":\"Portada\"}},{\"@type\":\"ListItem\",\"position\":2,\"item\":{\"@type\":\"WebPage\",\"@id\":\"https:\/\/www.comercialanma.es\/?page_id=3963\",\"url\":\"https:\/\/www.comercialanma.es\/?page_id=3963\",\"name\":\"Cat\\u00e1logo de Productos\"}},{\"@type\":\"ListItem\",\"position\":3,\"item\":{\"@type\":\"WebPage\",\"@id\":\"https:\/\/www.comercialanma.es\/?product=vermouth-yzaguirre-blanco-reserva\",\"url\":\"https:\/\/www.comercialanma.es\/?product=vermouth-yzaguirre-blanco-reserva\",\"name\":\"Vermouth Yzaguirre reserva blanco estuchado 1L.\"}}]}]}<\/script>\n<!-- \/ Yoast SEO plugin. -->","_links":{"self":[{"href":"https:\/\/www.comercialanma.es\/index.php?rest_route=\/wp\/v2\/product\/7123"}],"collection":[{"href":"https:\/\/www.comercialanma.es\/index.php?rest_route=\/wp\/v2\/product"}],"about":[{"href":"https:\/\/www.comercialanma.es\/index.php?rest_route=\/wp\/v2\/types\/product"}],"version-history":[{"count":2,"href":"https:\/\/www.comercialanma.es\/index.php?rest_route=\/wp\/v2\/product\/7123\/revisions"}],"predecessor-version":[{"id":21308,"href":"https:\/\/www.comercialanma.es\/index.php?rest_route=\/wp\/v2\/product\/7123\/revisions\/21308"}],"wp:featuredmedia":[{"embeddable":true,"href":"https:\/\/www.comercialanma.es\/index.php?rest_route=\/wp\/v2\/media\/21307"}],"wp:attachment":[{"href":"https:\/\/www.comercialanma.es\/index.php?rest_route=%2Fwp%2Fv2%2Fmedia&parent=7123"}],"curies":[{"name":"wp","href":"https:\/\/api.w.org\/{rel}","templated":true}]}}