
{"id":7133,"date":"2019-07-04T10:16:09","date_gmt":"2019-07-04T08:16:09","guid":{"rendered":"http:\/\/www.comercialanma.es\/?post_type=product&#038;p=7133"},"modified":"2019-07-04T10:26:37","modified_gmt":"2019-07-04T08:26:37","slug":"vermouth-punt-e-mes","status":"publish","type":"product","link":"https:\/\/www.comercialanma.es\/?product=vermouth-punt-e-mes","title":{"rendered":"Vermouth Punt e Mes 75cl."},"content":{"rendered":"<p>Punt e Mes se elabora a partir de una combinaci\u00f3n de vinos blancos secos, reforzada con alcohol y endulzada con az\u00facar, a la que se a\u00f1ade una mezcla de m\u00e1s de 15 plantas arom\u00e1ticas, todo ello hace que tenga un sabor \u00fanico en su especie. De color anaranjado con tonalidades topacio, en nariz tiene un aroma caracter\u00edstico del vino y de las especias asi\u00e1ticas. Y en boca se muestra dulce pero con notas amargas, caracter\u00edsticas de la corteza de la naranja.Solo o con soda.<\/p>\n<ul>\n<li id=\"m183-182-184\">Caracter\u00edsticas:\u00a0Sabor a naranja y quinina.<\/li>\n<li id=\"m188-187-189\">Grado de alcohol: 16%<\/li>\n<\/ul>\n","protected":false},"excerpt":{"rendered":"<p>Se dice que en 1870, en la tienda Carpano un agente de bolsa, en una discusi\u00f3n con colegas, pidi\u00f3 el vermut con una media dosis de quinina y naci\u00f3 Punt e Mes.<\/p>\n","protected":false},"featured_media":7134,"template":"","meta":{"spay_email":""},"yoast_head":"<!-- This site is optimized with the Yoast SEO plugin v15.9 - https:\/\/yoast.com\/wordpress\/plugins\/seo\/ -->\n<title>Vermouth Punt e Mes 75cl. - Comercial de Hosteleria Anma<\/title>\n<meta name=\"robots\" content=\"index, follow, max-snippet:-1, max-image-preview:large, max-video-preview:-1\" \/>\n<link rel=\"canonical\" href=\"https:\/\/www.comercialanma.es\/?product=vermouth-punt-e-mes\" \/>\n<meta property=\"og:locale\" content=\"es_ES\" \/>\n<meta property=\"og:type\" content=\"article\" \/>\n<meta property=\"og:title\" content=\"Vermouth Punt e Mes 75cl. - Comercial de Hosteleria Anma\" \/>\n<meta property=\"og:description\" content=\"Se dice que en 1870, en la tienda Carpano un agente de bolsa, en una discusi\u00f3n con colegas, pidi\u00f3 el vermut con una media dosis de quinina y naci\u00f3 Punt e Mes.\" \/>\n<meta property=\"og:url\" content=\"https:\/\/www.comercialanma.es\/?product=vermouth-punt-e-mes\" \/>\n<meta property=\"og:site_name\" content=\"Comercial de Hosteleria Anma\" \/>\n<meta property=\"article:publisher\" content=\"https:\/\/www.facebook.com\/AnmaHosteleria\" \/>\n<meta property=\"article:modified_time\" content=\"2019-07-04T08:26:37+00:00\" \/>\n<meta property=\"og:image\" content=\"https:\/\/i0.wp.com\/www.comercialanma.es\/wp-content\/uploads\/2019\/07\/punt-e-mes.jpg?fit=1200%2C1200&#038;ssl=1\" \/>\n\t<meta property=\"og:image:width\" content=\"1200\" \/>\n\t<meta property=\"og:image:height\" content=\"1200\" \/>\n<meta name=\"twitter:card\" content=\"summary_large_image\" \/>\n<meta name=\"twitter:label1\" content=\"Tiempo de lectura\">\n\t<meta name=\"twitter:data1\" content=\"1 minuto\">\n<script type=\"application\/ld+json\" class=\"yoast-schema-graph\">{\"@context\":\"https:\/\/schema.org\",\"@graph\":[{\"@type\":\"Organization\",\"@id\":\"https:\/\/www.comercialanma.es\/#organization\",\"name\":\"Comercial Anma\",\"url\":\"https:\/\/www.comercialanma.es\/\",\"sameAs\":[\"https:\/\/www.facebook.com\/AnmaHosteleria\",\"https:\/\/www.instagram.com\/anmahosteleria\/?hl=es\",\"https:\/\/www.youtube.com\/channel\/UCT2nmn08Ntks0hmpZPnDgCA\"],\"logo\":{\"@type\":\"ImageObject\",\"@id\":\"https:\/\/www.comercialanma.es\/#logo\",\"inLanguage\":\"es\",\"url\":\"https:\/\/i2.wp.com\/www.comercialanma.es\/wp-content\/uploads\/2019\/06\/logo-anma-color.png?fit=247%2C101&ssl=1\",\"width\":247,\"height\":101,\"caption\":\"Comercial Anma\"},\"image\":{\"@id\":\"https:\/\/www.comercialanma.es\/#logo\"}},{\"@type\":\"WebSite\",\"@id\":\"https:\/\/www.comercialanma.es\/#website\",\"url\":\"https:\/\/www.comercialanma.es\/\",\"name\":\"Comercial de Hosteleria Anma\",\"description\":\"\",\"publisher\":{\"@id\":\"https:\/\/www.comercialanma.es\/#organization\"},\"potentialAction\":[{\"@type\":\"SearchAction\",\"target\":\"https:\/\/www.comercialanma.es\/?s={search_term_string}\",\"query-input\":\"required name=search_term_string\"}],\"inLanguage\":\"es\"},{\"@type\":\"ImageObject\",\"@id\":\"https:\/\/www.comercialanma.es\/?product=vermouth-punt-e-mes#primaryimage\",\"inLanguage\":\"es\",\"url\":\"https:\/\/i0.wp.com\/www.comercialanma.es\/wp-content\/uploads\/2019\/07\/punt-e-mes.jpg?fit=1200%2C1200&ssl=1\",\"width\":1200,\"height\":1200},{\"@type\":\"WebPage\",\"@id\":\"https:\/\/www.comercialanma.es\/?product=vermouth-punt-e-mes#webpage\",\"url\":\"https:\/\/www.comercialanma.es\/?product=vermouth-punt-e-mes\",\"name\":\"Vermouth Punt e Mes 75cl. - Comercial de Hosteleria Anma\",\"isPartOf\":{\"@id\":\"https:\/\/www.comercialanma.es\/#website\"},\"primaryImageOfPage\":{\"@id\":\"https:\/\/www.comercialanma.es\/?product=vermouth-punt-e-mes#primaryimage\"},\"datePublished\":\"2019-07-04T08:16:09+00:00\",\"dateModified\":\"2019-07-04T08:26:37+00:00\",\"breadcrumb\":{\"@id\":\"https:\/\/www.comercialanma.es\/?product=vermouth-punt-e-mes#breadcrumb\"},\"inLanguage\":\"es\",\"potentialAction\":[{\"@type\":\"ReadAction\",\"target\":[\"https:\/\/www.comercialanma.es\/?product=vermouth-punt-e-mes\"]}]},{\"@type\":\"BreadcrumbList\",\"@id\":\"https:\/\/www.comercialanma.es\/?product=vermouth-punt-e-mes#breadcrumb\",\"itemListElement\":[{\"@type\":\"ListItem\",\"position\":1,\"item\":{\"@type\":\"WebPage\",\"@id\":\"https:\/\/www.comercialanma.es\/\",\"url\":\"https:\/\/www.comercialanma.es\/\",\"name\":\"Portada\"}},{\"@type\":\"ListItem\",\"position\":2,\"item\":{\"@type\":\"WebPage\",\"@id\":\"https:\/\/www.comercialanma.es\/?page_id=3963\",\"url\":\"https:\/\/www.comercialanma.es\/?page_id=3963\",\"name\":\"Cat\\u00e1logo de Productos\"}},{\"@type\":\"ListItem\",\"position\":3,\"item\":{\"@type\":\"WebPage\",\"@id\":\"https:\/\/www.comercialanma.es\/?product=vermouth-punt-e-mes\",\"url\":\"https:\/\/www.comercialanma.es\/?product=vermouth-punt-e-mes\",\"name\":\"Vermouth Punt e Mes 75cl.\"}}]}]}<\/script>\n<!-- \/ Yoast SEO plugin. -->","_links":{"self":[{"href":"https:\/\/www.comercialanma.es\/index.php?rest_route=\/wp\/v2\/product\/7133"}],"collection":[{"href":"https:\/\/www.comercialanma.es\/index.php?rest_route=\/wp\/v2\/product"}],"about":[{"href":"https:\/\/www.comercialanma.es\/index.php?rest_route=\/wp\/v2\/types\/product"}],"version-history":[{"count":1,"href":"https:\/\/www.comercialanma.es\/index.php?rest_route=\/wp\/v2\/product\/7133\/revisions"}],"predecessor-version":[{"id":7135,"href":"https:\/\/www.comercialanma.es\/index.php?rest_route=\/wp\/v2\/product\/7133\/revisions\/7135"}],"wp:featuredmedia":[{"embeddable":true,"href":"https:\/\/www.comercialanma.es\/index.php?rest_route=\/wp\/v2\/media\/7134"}],"wp:attachment":[{"href":"https:\/\/www.comercialanma.es\/index.php?rest_route=%2Fwp%2Fv2%2Fmedia&parent=7133"}],"curies":[{"name":"wp","href":"https:\/\/api.w.org\/{rel}","templated":true}]}}

<p>Punt e Mes se elabora a partir de una combinación de vinos blancos secos, reforzada con alcohol y endulzada con azúcar, a la que se añade una mezcla de más de 15 plantas aromáticas, todo ello hace que tenga un sabor único en su especie. De color anaranjado con tonalidades topacio, en nariz tiene un aroma característico del vino y de las especias asiáticas. Y en boca se muestra dulce pero con notas amargas, características de la corteza de la naranja.Solo o con soda.</p>
<ul>
<li id="m183-182-184">Características: Sabor a naranja y quinina.</li>
<li id="m188-187-189">Grado de alcohol: 16%</li>
</ul>

<p>Se dice que en 1870, en la tienda Carpano un agente de bolsa, en una discusión con colegas, pidió el vermut con una media dosis de quinina y nació Punt e Mes.</p>

<!-- This site is optimized with the Yoast SEO plugin v15.9 - https://yoast.com/wordpress/plugins/seo/ -->
<title>Vermouth Punt e Mes 75cl. - Comercial de Hosteleria Anma</title>
<meta name="robots" content="index, follow, max-snippet:-1, max-image-preview:large, max-video-preview:-1" />
<link rel="canonical" href="https://www.comercialanma.es/?product=vermouth-punt-e-mes" />
<meta property="og:locale" content="es_ES" />
<meta property="og:type" content="article" />
<meta property="og:title" content="Vermouth Punt e Mes 75cl. - Comercial de Hosteleria Anma" />
<meta property="og:description" content="Se dice que en 1870, en la tienda Carpano un agente de bolsa, en una discusión con colegas, pidió el vermut con una media dosis de quinina y nació Punt e Mes." />
<meta property="og:url" content="https://www.comercialanma.es/?product=vermouth-punt-e-mes" />
<meta property="og:site_name" content="Comercial de Hosteleria Anma" />
<meta property="article:publisher" content="https://www.facebook.com/AnmaHosteleria" />
<meta property="article:modified_time" content="2019-07-04T08:26:37+00:00" />
<meta property="og:image" content="https://i0.wp.com/www.comercialanma.es/wp-content/uploads/2019/07/punt-e-mes.jpg?fit=1200%2C1200&#038;ssl=1" />
	<meta property="og:image:width" content="1200" />
	<meta property="og:image:height" content="1200" />
<meta name="twitter:card" content="summary_large_image" />
<meta name="twitter:label1" content="Tiempo de lectura">
	<meta name="twitter:data1" content="1 minuto">
<script type="application/ld+json" class="yoast-schema-graph">{"@context":"https://schema.org","@graph":[{"@type":"Organization","@id":"https://www.comercialanma.es/#organization","name":"Comercial Anma","url":"https://www.comercialanma.es/","sameAs":["https://www.facebook.com/AnmaHosteleria","https://www.instagram.com/anmahosteleria/?hl=es","https://www.youtube.com/channel/UCT2nmn08Ntks0hmpZPnDgCA"],"logo":{"@type":"ImageObject","@id":"https://www.comercialanma.es/#logo","inLanguage":"es","url":"https://i2.wp.com/www.comercialanma.es/wp-content/uploads/2019/06/logo-anma-color.png?fit=247%2C101&ssl=1","width":247,"height":101,"caption":"Comercial Anma"},"image":{"@id":"https://www.comercialanma.es/#logo"}},{"@type":"WebSite","@id":"https://www.comercialanma.es/#website","url":"https://www.comercialanma.es/","name":"Comercial de Hosteleria Anma","description":"","publisher":{"@id":"https://www.comercialanma.es/#organization"},"potentialAction":[{"@type":"SearchAction","target":"https://www.comercialanma.es/?s={search_term_string}","query-input":"required name=search_term_string"}],"inLanguage":"es"},{"@type":"ImageObject","@id":"https://www.comercialanma.es/?product=vermouth-punt-e-mes#primaryimage","inLanguage":"es","url":"https://i0.wp.com/www.comercialanma.es/wp-content/uploads/2019/07/punt-e-mes.jpg?fit=1200%2C1200&ssl=1","width":1200,"height":1200},{"@type":"WebPage","@id":"https://www.comercialanma.es/?product=vermouth-punt-e-mes#webpage","url":"https://www.comercialanma.es/?product=vermouth-punt-e-mes","name":"Vermouth Punt e Mes 75cl. - Comercial de Hosteleria Anma","isPartOf":{"@id":"https://www.comercialanma.es/#website"},"primaryImageOfPage":{"@id":"https://www.comercialanma.es/?product=vermouth-punt-e-mes#primaryimage"},"datePublished":"2019-07-04T08:16:09+00:00","dateModified":"2019-07-04T08:26:37+00:00","breadcrumb":{"@id":"https://www.comercialanma.es/?product=vermouth-punt-e-mes#breadcrumb"},"inLanguage":"es","potentialAction":[{"@type":"ReadAction","target":["https://www.comercialanma.es/?product=vermouth-punt-e-mes"]}]},{"@type":"BreadcrumbList","@id":"https://www.comercialanma.es/?product=vermouth-punt-e-mes#breadcrumb","itemListElement":[{"@type":"ListItem","position":1,"item":{"@type":"WebPage","@id":"https://www.comercialanma.es/","url":"https://www.comercialanma.es/","name":"Portada"}},{"@type":"ListItem","position":2,"item":{"@type":"WebPage","@id":"https://www.comercialanma.es/?page_id=3963","url":"https://www.comercialanma.es/?page_id=3963","name":"Cat\u00e1logo de Productos"}},{"@type":"ListItem","position":3,"item":{"@type":"WebPage","@id":"https://www.comercialanma.es/?product=vermouth-punt-e-mes","url":"https://www.comercialanma.es/?product=vermouth-punt-e-mes","name":"Vermouth Punt e Mes 75cl."}}]}]}</script>
<!-- / Yoast SEO plugin. -->
