
{"id":7231,"date":"2019-07-04T16:48:57","date_gmt":"2019-07-04T14:48:57","guid":{"rendered":"http:\/\/www.comercialanma.es\/?post_type=product&#038;p=7231"},"modified":"2019-07-04T17:05:06","modified_gmt":"2019-07-04T15:05:06","slug":"brandy-torres-5-anos-70cl","status":"publish","type":"product","link":"https:\/\/www.comercialanma.es\/?product=brandy-torres-5-anos-70cl","title":{"rendered":"Brandy Torres 5 a\u00f1os 70cl."},"content":{"rendered":"<p>Las barricas de roble americano desempe\u0144an una labor insustituible en la obtenci\u00f3n de las soleras obteni\u00e9ndose un brandy de gran calidad.Este brandy como ocurre con otros Torres conservado en buenas condiciones mantiene e incluso mejora sus caracter\u00edsticas durante 20 a\u0144os.<\/p>\n<p>Nota de cata:<\/p>\n<ul>\n<li>En vista destaca por su color topacio con reflejos en oro viejo y tonos verdosos.<\/li>\n<li>En nariz aroma de gran riqueza, denso y profundo con frutos pasificados recordando matices de nogal.<\/li>\n<li>En boca se presenta intenso, concentrado y sedoso, con un gusto final con especias de canela y vainilla.<\/li>\n<\/ul>\n","protected":false},"excerpt":{"rendered":"<p>La elaboraci\u00f3n de este brandy se realiza de forma tradicional por soleras, las m\u00e1s antiguas tienen 10 a\u0144os de antig\u00fcedad, es el menos a\u0144ejo de los brandies Torres.<\/p>\n","protected":false},"featured_media":7232,"template":"","meta":{"spay_email":""},"yoast_head":"<!-- This site is optimized with the Yoast SEO plugin v15.9 - https:\/\/yoast.com\/wordpress\/plugins\/seo\/ -->\n<title>Brandy Torres 5 a\u00f1os 70cl. - Comercial de Hosteleria Anma<\/title>\n<meta name=\"robots\" content=\"index, follow, max-snippet:-1, max-image-preview:large, max-video-preview:-1\" \/>\n<link rel=\"canonical\" href=\"https:\/\/www.comercialanma.es\/?product=brandy-torres-5-anos-70cl\" \/>\n<meta property=\"og:locale\" content=\"es_ES\" \/>\n<meta property=\"og:type\" content=\"article\" \/>\n<meta property=\"og:title\" content=\"Brandy Torres 5 a\u00f1os 70cl. - Comercial de Hosteleria Anma\" \/>\n<meta property=\"og:description\" content=\"La elaboraci\u00f3n de este brandy se realiza de forma tradicional por soleras, las m\u00e1s antiguas tienen 10 a\u0144os de antig\u00fcedad, es el menos a\u0144ejo de los brandies Torres.\" \/>\n<meta property=\"og:url\" content=\"https:\/\/www.comercialanma.es\/?product=brandy-torres-5-anos-70cl\" \/>\n<meta property=\"og:site_name\" content=\"Comercial de Hosteleria Anma\" \/>\n<meta property=\"article:publisher\" content=\"https:\/\/www.facebook.com\/AnmaHosteleria\" \/>\n<meta property=\"article:modified_time\" content=\"2019-07-04T15:05:06+00:00\" \/>\n<meta property=\"og:image\" content=\"https:\/\/i2.wp.com\/www.comercialanma.es\/wp-content\/uploads\/2019\/07\/Torres-5.jpg?fit=1200%2C1200&#038;ssl=1\" \/>\n\t<meta property=\"og:image:width\" content=\"1200\" \/>\n\t<meta property=\"og:image:height\" content=\"1200\" \/>\n<meta name=\"twitter:card\" content=\"summary_large_image\" \/>\n<script type=\"application\/ld+json\" class=\"yoast-schema-graph\">{\"@context\":\"https:\/\/schema.org\",\"@graph\":[{\"@type\":\"Organization\",\"@id\":\"https:\/\/www.comercialanma.es\/#organization\",\"name\":\"Comercial Anma\",\"url\":\"https:\/\/www.comercialanma.es\/\",\"sameAs\":[\"https:\/\/www.facebook.com\/AnmaHosteleria\",\"https:\/\/www.instagram.com\/anmahosteleria\/?hl=es\",\"https:\/\/www.youtube.com\/channel\/UCT2nmn08Ntks0hmpZPnDgCA\"],\"logo\":{\"@type\":\"ImageObject\",\"@id\":\"https:\/\/www.comercialanma.es\/#logo\",\"inLanguage\":\"es\",\"url\":\"https:\/\/i2.wp.com\/www.comercialanma.es\/wp-content\/uploads\/2019\/06\/logo-anma-color.png?fit=247%2C101&ssl=1\",\"width\":247,\"height\":101,\"caption\":\"Comercial Anma\"},\"image\":{\"@id\":\"https:\/\/www.comercialanma.es\/#logo\"}},{\"@type\":\"WebSite\",\"@id\":\"https:\/\/www.comercialanma.es\/#website\",\"url\":\"https:\/\/www.comercialanma.es\/\",\"name\":\"Comercial de Hosteleria Anma\",\"description\":\"\",\"publisher\":{\"@id\":\"https:\/\/www.comercialanma.es\/#organization\"},\"potentialAction\":[{\"@type\":\"SearchAction\",\"target\":\"https:\/\/www.comercialanma.es\/?s={search_term_string}\",\"query-input\":\"required name=search_term_string\"}],\"inLanguage\":\"es\"},{\"@type\":\"ImageObject\",\"@id\":\"https:\/\/www.comercialanma.es\/?product=brandy-torres-5-anos-70cl#primaryimage\",\"inLanguage\":\"es\",\"url\":\"https:\/\/i2.wp.com\/www.comercialanma.es\/wp-content\/uploads\/2019\/07\/Torres-5.jpg?fit=1200%2C1200&ssl=1\",\"width\":1200,\"height\":1200},{\"@type\":\"WebPage\",\"@id\":\"https:\/\/www.comercialanma.es\/?product=brandy-torres-5-anos-70cl#webpage\",\"url\":\"https:\/\/www.comercialanma.es\/?product=brandy-torres-5-anos-70cl\",\"name\":\"Brandy Torres 5 a\\u00f1os 70cl. - Comercial de Hosteleria Anma\",\"isPartOf\":{\"@id\":\"https:\/\/www.comercialanma.es\/#website\"},\"primaryImageOfPage\":{\"@id\":\"https:\/\/www.comercialanma.es\/?product=brandy-torres-5-anos-70cl#primaryimage\"},\"datePublished\":\"2019-07-04T14:48:57+00:00\",\"dateModified\":\"2019-07-04T15:05:06+00:00\",\"breadcrumb\":{\"@id\":\"https:\/\/www.comercialanma.es\/?product=brandy-torres-5-anos-70cl#breadcrumb\"},\"inLanguage\":\"es\",\"potentialAction\":[{\"@type\":\"ReadAction\",\"target\":[\"https:\/\/www.comercialanma.es\/?product=brandy-torres-5-anos-70cl\"]}]},{\"@type\":\"BreadcrumbList\",\"@id\":\"https:\/\/www.comercialanma.es\/?product=brandy-torres-5-anos-70cl#breadcrumb\",\"itemListElement\":[{\"@type\":\"ListItem\",\"position\":1,\"item\":{\"@type\":\"WebPage\",\"@id\":\"https:\/\/www.comercialanma.es\/\",\"url\":\"https:\/\/www.comercialanma.es\/\",\"name\":\"Portada\"}},{\"@type\":\"ListItem\",\"position\":2,\"item\":{\"@type\":\"WebPage\",\"@id\":\"https:\/\/www.comercialanma.es\/?page_id=3963\",\"url\":\"https:\/\/www.comercialanma.es\/?page_id=3963\",\"name\":\"Cat\\u00e1logo de Productos\"}},{\"@type\":\"ListItem\",\"position\":3,\"item\":{\"@type\":\"WebPage\",\"@id\":\"https:\/\/www.comercialanma.es\/?product=brandy-torres-5-anos-70cl\",\"url\":\"https:\/\/www.comercialanma.es\/?product=brandy-torres-5-anos-70cl\",\"name\":\"Brandy Torres 5 a\\u00f1os 70cl.\"}}]}]}<\/script>\n<!-- \/ Yoast SEO plugin. -->","_links":{"self":[{"href":"https:\/\/www.comercialanma.es\/index.php?rest_route=\/wp\/v2\/product\/7231"}],"collection":[{"href":"https:\/\/www.comercialanma.es\/index.php?rest_route=\/wp\/v2\/product"}],"about":[{"href":"https:\/\/www.comercialanma.es\/index.php?rest_route=\/wp\/v2\/types\/product"}],"version-history":[{"count":1,"href":"https:\/\/www.comercialanma.es\/index.php?rest_route=\/wp\/v2\/product\/7231\/revisions"}],"predecessor-version":[{"id":7233,"href":"https:\/\/www.comercialanma.es\/index.php?rest_route=\/wp\/v2\/product\/7231\/revisions\/7233"}],"wp:featuredmedia":[{"embeddable":true,"href":"https:\/\/www.comercialanma.es\/index.php?rest_route=\/wp\/v2\/media\/7232"}],"wp:attachment":[{"href":"https:\/\/www.comercialanma.es\/index.php?rest_route=%2Fwp%2Fv2%2Fmedia&parent=7231"}],"curies":[{"name":"wp","href":"https:\/\/api.w.org\/{rel}","templated":true}]}}

Brandy Torres 5 años 70cl.

<p>Las barricas de roble americano desempeńan una labor insustituible en la obtención de las soleras obteniéndose un brandy de gran calidad.Este brandy como ocurre con otros Torres conservado en buenas condiciones mantiene e incluso mejora sus características durante 20 ańos.</p>
<p>Nota de cata:</p>
<ul>
<li>En vista destaca por su color topacio con reflejos en oro viejo y tonos verdosos.</li>
<li>En nariz aroma de gran riqueza, denso y profundo con frutos pasificados recordando matices de nogal.</li>
<li>En boca se presenta intenso, concentrado y sedoso, con un gusto final con especias de canela y vainilla.</li>
</ul>

<p>La elaboración de este brandy se realiza de forma tradicional por soleras, las más antiguas tienen 10 ańos de antigüedad, es el menos ańejo de los brandies Torres.</p>

<!-- This site is optimized with the Yoast SEO plugin v15.9 - https://yoast.com/wordpress/plugins/seo/ -->
<title>Brandy Torres 5 años 70cl. - Comercial de Hosteleria Anma</title>
<meta name="robots" content="index, follow, max-snippet:-1, max-image-preview:large, max-video-preview:-1" />
<link rel="canonical" href="https://www.comercialanma.es/?product=brandy-torres-5-anos-70cl" />
<meta property="og:locale" content="es_ES" />
<meta property="og:type" content="article" />
<meta property="og:title" content="Brandy Torres 5 años 70cl. - Comercial de Hosteleria Anma" />
<meta property="og:description" content="La elaboración de este brandy se realiza de forma tradicional por soleras, las más antiguas tienen 10 ańos de antigüedad, es el menos ańejo de los brandies Torres." />
<meta property="og:url" content="https://www.comercialanma.es/?product=brandy-torres-5-anos-70cl" />
<meta property="og:site_name" content="Comercial de Hosteleria Anma" />
<meta property="article:publisher" content="https://www.facebook.com/AnmaHosteleria" />
<meta property="article:modified_time" content="2019-07-04T15:05:06+00:00" />
<meta property="og:image" content="https://i2.wp.com/www.comercialanma.es/wp-content/uploads/2019/07/Torres-5.jpg?fit=1200%2C1200&#038;ssl=1" />
	<meta property="og:image:width" content="1200" />
	<meta property="og:image:height" content="1200" />
<meta name="twitter:card" content="summary_large_image" />
<script type="application/ld+json" class="yoast-schema-graph">{"@context":"https://schema.org","@graph":[{"@type":"Organization","@id":"https://www.comercialanma.es/#organization","name":"Comercial Anma","url":"https://www.comercialanma.es/","sameAs":["https://www.facebook.com/AnmaHosteleria","https://www.instagram.com/anmahosteleria/?hl=es","https://www.youtube.com/channel/UCT2nmn08Ntks0hmpZPnDgCA"],"logo":{"@type":"ImageObject","@id":"https://www.comercialanma.es/#logo","inLanguage":"es","url":"https://i2.wp.com/www.comercialanma.es/wp-content/uploads/2019/06/logo-anma-color.png?fit=247%2C101&ssl=1","width":247,"height":101,"caption":"Comercial Anma"},"image":{"@id":"https://www.comercialanma.es/#logo"}},{"@type":"WebSite","@id":"https://www.comercialanma.es/#website","url":"https://www.comercialanma.es/","name":"Comercial de Hosteleria Anma","description":"","publisher":{"@id":"https://www.comercialanma.es/#organization"},"potentialAction":[{"@type":"SearchAction","target":"https://www.comercialanma.es/?s={search_term_string}","query-input":"required name=search_term_string"}],"inLanguage":"es"},{"@type":"ImageObject","@id":"https://www.comercialanma.es/?product=brandy-torres-5-anos-70cl#primaryimage","inLanguage":"es","url":"https://i2.wp.com/www.comercialanma.es/wp-content/uploads/2019/07/Torres-5.jpg?fit=1200%2C1200&ssl=1","width":1200,"height":1200},{"@type":"WebPage","@id":"https://www.comercialanma.es/?product=brandy-torres-5-anos-70cl#webpage","url":"https://www.comercialanma.es/?product=brandy-torres-5-anos-70cl","name":"Brandy Torres 5 a\u00f1os 70cl. - Comercial de Hosteleria Anma","isPartOf":{"@id":"https://www.comercialanma.es/#website"},"primaryImageOfPage":{"@id":"https://www.comercialanma.es/?product=brandy-torres-5-anos-70cl#primaryimage"},"datePublished":"2019-07-04T14:48:57+00:00","dateModified":"2019-07-04T15:05:06+00:00","breadcrumb":{"@id":"https://www.comercialanma.es/?product=brandy-torres-5-anos-70cl#breadcrumb"},"inLanguage":"es","potentialAction":[{"@type":"ReadAction","target":["https://www.comercialanma.es/?product=brandy-torres-5-anos-70cl"]}]},{"@type":"BreadcrumbList","@id":"https://www.comercialanma.es/?product=brandy-torres-5-anos-70cl#breadcrumb","itemListElement":[{"@type":"ListItem","position":1,"item":{"@type":"WebPage","@id":"https://www.comercialanma.es/","url":"https://www.comercialanma.es/","name":"Portada"}},{"@type":"ListItem","position":2,"item":{"@type":"WebPage","@id":"https://www.comercialanma.es/?page_id=3963","url":"https://www.comercialanma.es/?page_id=3963","name":"Cat\u00e1logo de Productos"}},{"@type":"ListItem","position":3,"item":{"@type":"WebPage","@id":"https://www.comercialanma.es/?product=brandy-torres-5-anos-70cl","url":"https://www.comercialanma.es/?product=brandy-torres-5-anos-70cl","name":"Brandy Torres 5 a\u00f1os 70cl."}}]}]}</script>
<!-- / Yoast SEO plugin. -->
