
{"id":7281,"date":"2019-07-05T09:20:23","date_gmt":"2019-07-05T07:20:23","guid":{"rendered":"http:\/\/www.comercialanma.es\/?post_type=product&#038;p=7281"},"modified":"2021-05-10T16:22:39","modified_gmt":"2021-05-10T14:22:39","slug":"brandy-cardenal-mendoza-70cl","status":"publish","type":"product","link":"https:\/\/www.comercialanma.es\/?product=brandy-cardenal-mendoza-70cl","title":{"rendered":"Brandy Cardenal Mendoza 70cl."},"content":{"rendered":"<p>El brandy Cardenal Mendoza, madurado en botas de Vino de Jerez, tiene una edad media de 15 a\u00f1os, mucho m\u00e1s que el m\u00ednimo requerido. Todos nuestros brandies son Solera Gran Reserva, la categor\u00eda m\u00e1s alta dentro del consejo regulador del Brandy de Jerez. Es la realeza de los brandies en el Marco de Jerez de la Frontera, Espa\u00f1a.<br \/>\nUn brandy de color luminoso, transparente, de oscura caoba. De aroma redondo, limpio, elegante, vinoso. De aroma redondo, limpio, elegante, vinoso. Equilibrado y persistente en boca, sin aristas, muy caliente. Con personalidad, armon\u00eda de matices y el recuerdo profundo a pasas y ciruelas.<\/p>\n","protected":false},"excerpt":{"rendered":"<p>El brandy Cardenal Mendoza, madurado en botas de Vino de Jerez, tiene una edad media de 15 a\u00f1os, mucho m\u00e1s que el m\u00ednimo requerido. Todos nuestros brandies son Solera Gran Reserva, la categor\u00eda m\u00e1s alta dentro del consejo regulador del Brandy de Jerez.<\/p>\n","protected":false},"featured_media":16376,"template":"","meta":{"spay_email":""},"yoast_head":"<!-- This site is optimized with the Yoast SEO plugin v15.9 - https:\/\/yoast.com\/wordpress\/plugins\/seo\/ -->\n<title>Brandy Cardenal Mendoza 70cl. - Comercial de Hosteleria Anma<\/title>\n<meta name=\"robots\" content=\"index, follow, max-snippet:-1, max-image-preview:large, max-video-preview:-1\" \/>\n<link rel=\"canonical\" href=\"https:\/\/www.comercialanma.es\/?product=brandy-cardenal-mendoza-70cl\" \/>\n<meta property=\"og:locale\" content=\"es_ES\" \/>\n<meta property=\"og:type\" content=\"article\" \/>\n<meta property=\"og:title\" content=\"Brandy Cardenal Mendoza 70cl. - Comercial de Hosteleria Anma\" \/>\n<meta property=\"og:description\" content=\"El brandy Cardenal Mendoza, madurado en botas de Vino de Jerez, tiene una edad media de 15 a\u00f1os, mucho m\u00e1s que el m\u00ednimo requerido. Todos nuestros brandies son Solera Gran Reserva, la categor\u00eda m\u00e1s alta dentro del consejo regulador del Brandy de Jerez.\" \/>\n<meta property=\"og:url\" content=\"https:\/\/www.comercialanma.es\/?product=brandy-cardenal-mendoza-70cl\" \/>\n<meta property=\"og:site_name\" content=\"Comercial de Hosteleria Anma\" \/>\n<meta property=\"article:publisher\" content=\"https:\/\/www.facebook.com\/AnmaHosteleria\" \/>\n<meta property=\"article:modified_time\" content=\"2021-05-10T14:22:39+00:00\" \/>\n<meta property=\"og:image\" content=\"https:\/\/i1.wp.com\/www.comercialanma.es\/wp-content\/uploads\/2019\/07\/Cardenal-mendoza-1.jpg?fit=1080%2C1080&#038;ssl=1\" \/>\n\t<meta property=\"og:image:width\" content=\"1080\" \/>\n\t<meta property=\"og:image:height\" content=\"1080\" \/>\n<meta name=\"twitter:card\" content=\"summary_large_image\" \/>\n<meta name=\"twitter:label1\" content=\"Tiempo de lectura\">\n\t<meta name=\"twitter:data1\" content=\"1 minuto\">\n<script type=\"application\/ld+json\" class=\"yoast-schema-graph\">{\"@context\":\"https:\/\/schema.org\",\"@graph\":[{\"@type\":\"Organization\",\"@id\":\"https:\/\/www.comercialanma.es\/#organization\",\"name\":\"Comercial Anma\",\"url\":\"https:\/\/www.comercialanma.es\/\",\"sameAs\":[\"https:\/\/www.facebook.com\/AnmaHosteleria\",\"https:\/\/www.instagram.com\/anmahosteleria\/?hl=es\",\"https:\/\/www.youtube.com\/channel\/UCT2nmn08Ntks0hmpZPnDgCA\"],\"logo\":{\"@type\":\"ImageObject\",\"@id\":\"https:\/\/www.comercialanma.es\/#logo\",\"inLanguage\":\"es\",\"url\":\"https:\/\/i2.wp.com\/www.comercialanma.es\/wp-content\/uploads\/2019\/06\/logo-anma-color.png?fit=247%2C101&ssl=1\",\"width\":247,\"height\":101,\"caption\":\"Comercial Anma\"},\"image\":{\"@id\":\"https:\/\/www.comercialanma.es\/#logo\"}},{\"@type\":\"WebSite\",\"@id\":\"https:\/\/www.comercialanma.es\/#website\",\"url\":\"https:\/\/www.comercialanma.es\/\",\"name\":\"Comercial de Hosteleria Anma\",\"description\":\"\",\"publisher\":{\"@id\":\"https:\/\/www.comercialanma.es\/#organization\"},\"potentialAction\":[{\"@type\":\"SearchAction\",\"target\":\"https:\/\/www.comercialanma.es\/?s={search_term_string}\",\"query-input\":\"required name=search_term_string\"}],\"inLanguage\":\"es\"},{\"@type\":\"ImageObject\",\"@id\":\"https:\/\/www.comercialanma.es\/?product=brandy-cardenal-mendoza-70cl#primaryimage\",\"inLanguage\":\"es\",\"url\":\"https:\/\/i1.wp.com\/www.comercialanma.es\/wp-content\/uploads\/2019\/07\/Cardenal-mendoza-1.jpg?fit=1080%2C1080&ssl=1\",\"width\":1080,\"height\":1080},{\"@type\":\"WebPage\",\"@id\":\"https:\/\/www.comercialanma.es\/?product=brandy-cardenal-mendoza-70cl#webpage\",\"url\":\"https:\/\/www.comercialanma.es\/?product=brandy-cardenal-mendoza-70cl\",\"name\":\"Brandy Cardenal Mendoza 70cl. - Comercial de Hosteleria Anma\",\"isPartOf\":{\"@id\":\"https:\/\/www.comercialanma.es\/#website\"},\"primaryImageOfPage\":{\"@id\":\"https:\/\/www.comercialanma.es\/?product=brandy-cardenal-mendoza-70cl#primaryimage\"},\"datePublished\":\"2019-07-05T07:20:23+00:00\",\"dateModified\":\"2021-05-10T14:22:39+00:00\",\"breadcrumb\":{\"@id\":\"https:\/\/www.comercialanma.es\/?product=brandy-cardenal-mendoza-70cl#breadcrumb\"},\"inLanguage\":\"es\",\"potentialAction\":[{\"@type\":\"ReadAction\",\"target\":[\"https:\/\/www.comercialanma.es\/?product=brandy-cardenal-mendoza-70cl\"]}]},{\"@type\":\"BreadcrumbList\",\"@id\":\"https:\/\/www.comercialanma.es\/?product=brandy-cardenal-mendoza-70cl#breadcrumb\",\"itemListElement\":[{\"@type\":\"ListItem\",\"position\":1,\"item\":{\"@type\":\"WebPage\",\"@id\":\"https:\/\/www.comercialanma.es\/\",\"url\":\"https:\/\/www.comercialanma.es\/\",\"name\":\"Portada\"}},{\"@type\":\"ListItem\",\"position\":2,\"item\":{\"@type\":\"WebPage\",\"@id\":\"https:\/\/www.comercialanma.es\/?page_id=3963\",\"url\":\"https:\/\/www.comercialanma.es\/?page_id=3963\",\"name\":\"Cat\\u00e1logo de Productos\"}},{\"@type\":\"ListItem\",\"position\":3,\"item\":{\"@type\":\"WebPage\",\"@id\":\"https:\/\/www.comercialanma.es\/?product=brandy-cardenal-mendoza-70cl\",\"url\":\"https:\/\/www.comercialanma.es\/?product=brandy-cardenal-mendoza-70cl\",\"name\":\"Brandy Cardenal Mendoza 70cl.\"}}]}]}<\/script>\n<!-- \/ Yoast SEO plugin. -->","_links":{"self":[{"href":"https:\/\/www.comercialanma.es\/index.php?rest_route=\/wp\/v2\/product\/7281"}],"collection":[{"href":"https:\/\/www.comercialanma.es\/index.php?rest_route=\/wp\/v2\/product"}],"about":[{"href":"https:\/\/www.comercialanma.es\/index.php?rest_route=\/wp\/v2\/types\/product"}],"version-history":[{"count":1,"href":"https:\/\/www.comercialanma.es\/index.php?rest_route=\/wp\/v2\/product\/7281\/revisions"}],"predecessor-version":[{"id":7283,"href":"https:\/\/www.comercialanma.es\/index.php?rest_route=\/wp\/v2\/product\/7281\/revisions\/7283"}],"wp:featuredmedia":[{"embeddable":true,"href":"https:\/\/www.comercialanma.es\/index.php?rest_route=\/wp\/v2\/media\/16376"}],"wp:attachment":[{"href":"https:\/\/www.comercialanma.es\/index.php?rest_route=%2Fwp%2Fv2%2Fmedia&parent=7281"}],"curies":[{"name":"wp","href":"https:\/\/api.w.org\/{rel}","templated":true}]}}

<p>El brandy Cardenal Mendoza, madurado en botas de Vino de Jerez, tiene una edad media de 15 años, mucho más que el mínimo requerido. Todos nuestros brandies son Solera Gran Reserva, la categoría más alta dentro del consejo regulador del Brandy de Jerez. Es la realeza de los brandies en el Marco de Jerez de la Frontera, España.<br />
Un brandy de color luminoso, transparente, de oscura caoba. De aroma redondo, limpio, elegante, vinoso. De aroma redondo, limpio, elegante, vinoso. Equilibrado y persistente en boca, sin aristas, muy caliente. Con personalidad, armonía de matices y el recuerdo profundo a pasas y ciruelas.</p>

<p>El brandy Cardenal Mendoza, madurado en botas de Vino de Jerez, tiene una edad media de 15 años, mucho más que el mínimo requerido. Todos nuestros brandies son Solera Gran Reserva, la categoría más alta dentro del consejo regulador del Brandy de Jerez.</p>

<!-- This site is optimized with the Yoast SEO plugin v15.9 - https://yoast.com/wordpress/plugins/seo/ -->
<title>Brandy Cardenal Mendoza 70cl. - Comercial de Hosteleria Anma</title>
<meta name="robots" content="index, follow, max-snippet:-1, max-image-preview:large, max-video-preview:-1" />
<link rel="canonical" href="https://www.comercialanma.es/?product=brandy-cardenal-mendoza-70cl" />
<meta property="og:locale" content="es_ES" />
<meta property="og:type" content="article" />
<meta property="og:title" content="Brandy Cardenal Mendoza 70cl. - Comercial de Hosteleria Anma" />
<meta property="og:description" content="El brandy Cardenal Mendoza, madurado en botas de Vino de Jerez, tiene una edad media de 15 años, mucho más que el mínimo requerido. Todos nuestros brandies son Solera Gran Reserva, la categoría más alta dentro del consejo regulador del Brandy de Jerez." />
<meta property="og:url" content="https://www.comercialanma.es/?product=brandy-cardenal-mendoza-70cl" />
<meta property="og:site_name" content="Comercial de Hosteleria Anma" />
<meta property="article:publisher" content="https://www.facebook.com/AnmaHosteleria" />
<meta property="article:modified_time" content="2021-05-10T14:22:39+00:00" />
<meta property="og:image" content="https://i1.wp.com/www.comercialanma.es/wp-content/uploads/2019/07/Cardenal-mendoza-1.jpg?fit=1080%2C1080&#038;ssl=1" />
	<meta property="og:image:width" content="1080" />
	<meta property="og:image:height" content="1080" />
<meta name="twitter:card" content="summary_large_image" />
<meta name="twitter:label1" content="Tiempo de lectura">
	<meta name="twitter:data1" content="1 minuto">
<script type="application/ld+json" class="yoast-schema-graph">{"@context":"https://schema.org","@graph":[{"@type":"Organization","@id":"https://www.comercialanma.es/#organization","name":"Comercial Anma","url":"https://www.comercialanma.es/","sameAs":["https://www.facebook.com/AnmaHosteleria","https://www.instagram.com/anmahosteleria/?hl=es","https://www.youtube.com/channel/UCT2nmn08Ntks0hmpZPnDgCA"],"logo":{"@type":"ImageObject","@id":"https://www.comercialanma.es/#logo","inLanguage":"es","url":"https://i2.wp.com/www.comercialanma.es/wp-content/uploads/2019/06/logo-anma-color.png?fit=247%2C101&ssl=1","width":247,"height":101,"caption":"Comercial Anma"},"image":{"@id":"https://www.comercialanma.es/#logo"}},{"@type":"WebSite","@id":"https://www.comercialanma.es/#website","url":"https://www.comercialanma.es/","name":"Comercial de Hosteleria Anma","description":"","publisher":{"@id":"https://www.comercialanma.es/#organization"},"potentialAction":[{"@type":"SearchAction","target":"https://www.comercialanma.es/?s={search_term_string}","query-input":"required name=search_term_string"}],"inLanguage":"es"},{"@type":"ImageObject","@id":"https://www.comercialanma.es/?product=brandy-cardenal-mendoza-70cl#primaryimage","inLanguage":"es","url":"https://i1.wp.com/www.comercialanma.es/wp-content/uploads/2019/07/Cardenal-mendoza-1.jpg?fit=1080%2C1080&ssl=1","width":1080,"height":1080},{"@type":"WebPage","@id":"https://www.comercialanma.es/?product=brandy-cardenal-mendoza-70cl#webpage","url":"https://www.comercialanma.es/?product=brandy-cardenal-mendoza-70cl","name":"Brandy Cardenal Mendoza 70cl. - Comercial de Hosteleria Anma","isPartOf":{"@id":"https://www.comercialanma.es/#website"},"primaryImageOfPage":{"@id":"https://www.comercialanma.es/?product=brandy-cardenal-mendoza-70cl#primaryimage"},"datePublished":"2019-07-05T07:20:23+00:00","dateModified":"2021-05-10T14:22:39+00:00","breadcrumb":{"@id":"https://www.comercialanma.es/?product=brandy-cardenal-mendoza-70cl#breadcrumb"},"inLanguage":"es","potentialAction":[{"@type":"ReadAction","target":["https://www.comercialanma.es/?product=brandy-cardenal-mendoza-70cl"]}]},{"@type":"BreadcrumbList","@id":"https://www.comercialanma.es/?product=brandy-cardenal-mendoza-70cl#breadcrumb","itemListElement":[{"@type":"ListItem","position":1,"item":{"@type":"WebPage","@id":"https://www.comercialanma.es/","url":"https://www.comercialanma.es/","name":"Portada"}},{"@type":"ListItem","position":2,"item":{"@type":"WebPage","@id":"https://www.comercialanma.es/?page_id=3963","url":"https://www.comercialanma.es/?page_id=3963","name":"Cat\u00e1logo de Productos"}},{"@type":"ListItem","position":3,"item":{"@type":"WebPage","@id":"https://www.comercialanma.es/?product=brandy-cardenal-mendoza-70cl","url":"https://www.comercialanma.es/?product=brandy-cardenal-mendoza-70cl","name":"Brandy Cardenal Mendoza 70cl."}}]}]}</script>
<!-- / Yoast SEO plugin. -->
