
{"id":7309,"date":"2019-07-05T10:31:48","date_gmt":"2019-07-05T08:31:48","guid":{"rendered":"http:\/\/www.comercialanma.es\/?post_type=product&#038;p=7309"},"modified":"2019-07-05T10:36:22","modified_gmt":"2019-07-05T08:36:22","slug":"cognac-remy-martin-v-s-o-p-70cl","status":"publish","type":"product","link":"https:\/\/www.comercialanma.es\/?product=cognac-remy-martin-v-s-o-p-70cl","title":{"rendered":"Cognac R\u00e9my Martin V.S.O.P 70cl."},"content":{"rendered":"<p>&nbsp;<\/p>\n<h2><\/h2>\n","protected":false},"excerpt":{"rendered":"<div aria-labelledby=\"tab_item-0\">\n<p>Desde 1724, la C\u00e1mara de R\u00e9my Martin se ha visto impulsado por una b\u00fasqueda para capturar la Jeart de Cognac Fine Champagne Cognac.<br \/>\nLas uvas procedentes de los m\u00e1s buscados despu\u00e9s de las vi\u00f1as, ofrecen el mayor potencial de envejecimiento y la maduraci\u00f3n en barricas de roble.<\/p>\n<\/div>\n","protected":false},"featured_media":7310,"template":"","meta":{"spay_email":""},"yoast_head":"<!-- This site is optimized with the Yoast SEO plugin v15.9 - https:\/\/yoast.com\/wordpress\/plugins\/seo\/ -->\n<title>Cognac R\u00e9my Martin V.S.O.P 70cl. - Comercial de Hosteleria Anma<\/title>\n<meta name=\"robots\" content=\"index, follow, max-snippet:-1, max-image-preview:large, max-video-preview:-1\" \/>\n<link rel=\"canonical\" href=\"https:\/\/www.comercialanma.es\/?product=cognac-remy-martin-v-s-o-p-70cl\" \/>\n<meta property=\"og:locale\" content=\"es_ES\" \/>\n<meta property=\"og:type\" content=\"article\" \/>\n<meta property=\"og:title\" content=\"Cognac R\u00e9my Martin V.S.O.P 70cl. - Comercial de Hosteleria Anma\" \/>\n<meta property=\"og:description\" content=\"Desde 1724, la C\u00e1mara de R\u00e9my Martin se ha visto impulsado por una b\u00fasqueda para capturar la Jeart de Cognac Fine Champagne Cognac. Las uvas procedentes de los m\u00e1s buscados despu\u00e9s de las vi\u00f1as, ofrecen el mayor potencial de envejecimiento y la maduraci\u00f3n en barricas de roble.\" \/>\n<meta property=\"og:url\" content=\"https:\/\/www.comercialanma.es\/?product=cognac-remy-martin-v-s-o-p-70cl\" \/>\n<meta property=\"og:site_name\" content=\"Comercial de Hosteleria Anma\" \/>\n<meta property=\"article:publisher\" content=\"https:\/\/www.facebook.com\/AnmaHosteleria\" \/>\n<meta property=\"article:modified_time\" content=\"2019-07-05T08:36:22+00:00\" \/>\n<meta property=\"og:image\" content=\"https:\/\/i1.wp.com\/www.comercialanma.es\/wp-content\/uploads\/2019\/07\/Remy-Martin-VSOP.jpg?fit=1200%2C1200&#038;ssl=1\" \/>\n\t<meta property=\"og:image:width\" content=\"1200\" \/>\n\t<meta property=\"og:image:height\" content=\"1200\" \/>\n<meta name=\"twitter:card\" content=\"summary_large_image\" \/>\n<script type=\"application\/ld+json\" class=\"yoast-schema-graph\">{\"@context\":\"https:\/\/schema.org\",\"@graph\":[{\"@type\":\"Organization\",\"@id\":\"https:\/\/www.comercialanma.es\/#organization\",\"name\":\"Comercial Anma\",\"url\":\"https:\/\/www.comercialanma.es\/\",\"sameAs\":[\"https:\/\/www.facebook.com\/AnmaHosteleria\",\"https:\/\/www.instagram.com\/anmahosteleria\/?hl=es\",\"https:\/\/www.youtube.com\/channel\/UCT2nmn08Ntks0hmpZPnDgCA\"],\"logo\":{\"@type\":\"ImageObject\",\"@id\":\"https:\/\/www.comercialanma.es\/#logo\",\"inLanguage\":\"es\",\"url\":\"https:\/\/i2.wp.com\/www.comercialanma.es\/wp-content\/uploads\/2019\/06\/logo-anma-color.png?fit=247%2C101&ssl=1\",\"width\":247,\"height\":101,\"caption\":\"Comercial Anma\"},\"image\":{\"@id\":\"https:\/\/www.comercialanma.es\/#logo\"}},{\"@type\":\"WebSite\",\"@id\":\"https:\/\/www.comercialanma.es\/#website\",\"url\":\"https:\/\/www.comercialanma.es\/\",\"name\":\"Comercial de Hosteleria Anma\",\"description\":\"\",\"publisher\":{\"@id\":\"https:\/\/www.comercialanma.es\/#organization\"},\"potentialAction\":[{\"@type\":\"SearchAction\",\"target\":\"https:\/\/www.comercialanma.es\/?s={search_term_string}\",\"query-input\":\"required name=search_term_string\"}],\"inLanguage\":\"es\"},{\"@type\":\"ImageObject\",\"@id\":\"https:\/\/www.comercialanma.es\/?product=cognac-remy-martin-v-s-o-p-70cl#primaryimage\",\"inLanguage\":\"es\",\"url\":\"https:\/\/i1.wp.com\/www.comercialanma.es\/wp-content\/uploads\/2019\/07\/Remy-Martin-VSOP.jpg?fit=1200%2C1200&ssl=1\",\"width\":1200,\"height\":1200},{\"@type\":\"WebPage\",\"@id\":\"https:\/\/www.comercialanma.es\/?product=cognac-remy-martin-v-s-o-p-70cl#webpage\",\"url\":\"https:\/\/www.comercialanma.es\/?product=cognac-remy-martin-v-s-o-p-70cl\",\"name\":\"Cognac R\\u00e9my Martin V.S.O.P 70cl. - Comercial de Hosteleria Anma\",\"isPartOf\":{\"@id\":\"https:\/\/www.comercialanma.es\/#website\"},\"primaryImageOfPage\":{\"@id\":\"https:\/\/www.comercialanma.es\/?product=cognac-remy-martin-v-s-o-p-70cl#primaryimage\"},\"datePublished\":\"2019-07-05T08:31:48+00:00\",\"dateModified\":\"2019-07-05T08:36:22+00:00\",\"breadcrumb\":{\"@id\":\"https:\/\/www.comercialanma.es\/?product=cognac-remy-martin-v-s-o-p-70cl#breadcrumb\"},\"inLanguage\":\"es\",\"potentialAction\":[{\"@type\":\"ReadAction\",\"target\":[\"https:\/\/www.comercialanma.es\/?product=cognac-remy-martin-v-s-o-p-70cl\"]}]},{\"@type\":\"BreadcrumbList\",\"@id\":\"https:\/\/www.comercialanma.es\/?product=cognac-remy-martin-v-s-o-p-70cl#breadcrumb\",\"itemListElement\":[{\"@type\":\"ListItem\",\"position\":1,\"item\":{\"@type\":\"WebPage\",\"@id\":\"https:\/\/www.comercialanma.es\/\",\"url\":\"https:\/\/www.comercialanma.es\/\",\"name\":\"Portada\"}},{\"@type\":\"ListItem\",\"position\":2,\"item\":{\"@type\":\"WebPage\",\"@id\":\"https:\/\/www.comercialanma.es\/?page_id=3963\",\"url\":\"https:\/\/www.comercialanma.es\/?page_id=3963\",\"name\":\"Cat\\u00e1logo de Productos\"}},{\"@type\":\"ListItem\",\"position\":3,\"item\":{\"@type\":\"WebPage\",\"@id\":\"https:\/\/www.comercialanma.es\/?product=cognac-remy-martin-v-s-o-p-70cl\",\"url\":\"https:\/\/www.comercialanma.es\/?product=cognac-remy-martin-v-s-o-p-70cl\",\"name\":\"Cognac R\\u00e9my Martin V.S.O.P 70cl.\"}}]}]}<\/script>\n<!-- \/ Yoast SEO plugin. -->","_links":{"self":[{"href":"https:\/\/www.comercialanma.es\/index.php?rest_route=\/wp\/v2\/product\/7309"}],"collection":[{"href":"https:\/\/www.comercialanma.es\/index.php?rest_route=\/wp\/v2\/product"}],"about":[{"href":"https:\/\/www.comercialanma.es\/index.php?rest_route=\/wp\/v2\/types\/product"}],"version-history":[{"count":1,"href":"https:\/\/www.comercialanma.es\/index.php?rest_route=\/wp\/v2\/product\/7309\/revisions"}],"predecessor-version":[{"id":7311,"href":"https:\/\/www.comercialanma.es\/index.php?rest_route=\/wp\/v2\/product\/7309\/revisions\/7311"}],"wp:featuredmedia":[{"embeddable":true,"href":"https:\/\/www.comercialanma.es\/index.php?rest_route=\/wp\/v2\/media\/7310"}],"wp:attachment":[{"href":"https:\/\/www.comercialanma.es\/index.php?rest_route=%2Fwp%2Fv2%2Fmedia&parent=7309"}],"curies":[{"name":"wp","href":"https:\/\/api.w.org\/{rel}","templated":true}]}}

Cognac Rémy Martin V.S.O.P 70cl.

<div aria-labelledby="tab_item-0">
<p>Desde 1724, la Cámara de Rémy Martin se ha visto impulsado por una búsqueda para capturar la Jeart de Cognac Fine Champagne Cognac.<br />
Las uvas procedentes de los más buscados después de las viñas, ofrecen el mayor potencial de envejecimiento y la maduración en barricas de roble.</p>
</div>

<!-- This site is optimized with the Yoast SEO plugin v15.9 - https://yoast.com/wordpress/plugins/seo/ -->
<title>Cognac Rémy Martin V.S.O.P 70cl. - Comercial de Hosteleria Anma</title>
<meta name="robots" content="index, follow, max-snippet:-1, max-image-preview:large, max-video-preview:-1" />
<link rel="canonical" href="https://www.comercialanma.es/?product=cognac-remy-martin-v-s-o-p-70cl" />
<meta property="og:locale" content="es_ES" />
<meta property="og:type" content="article" />
<meta property="og:title" content="Cognac Rémy Martin V.S.O.P 70cl. - Comercial de Hosteleria Anma" />
<meta property="og:description" content="Desde 1724, la Cámara de Rémy Martin se ha visto impulsado por una búsqueda para capturar la Jeart de Cognac Fine Champagne Cognac. Las uvas procedentes de los más buscados después de las viñas, ofrecen el mayor potencial de envejecimiento y la maduración en barricas de roble." />
<meta property="og:url" content="https://www.comercialanma.es/?product=cognac-remy-martin-v-s-o-p-70cl" />
<meta property="og:site_name" content="Comercial de Hosteleria Anma" />
<meta property="article:publisher" content="https://www.facebook.com/AnmaHosteleria" />
<meta property="article:modified_time" content="2019-07-05T08:36:22+00:00" />
<meta property="og:image" content="https://i1.wp.com/www.comercialanma.es/wp-content/uploads/2019/07/Remy-Martin-VSOP.jpg?fit=1200%2C1200&#038;ssl=1" />
	<meta property="og:image:width" content="1200" />
	<meta property="og:image:height" content="1200" />
<meta name="twitter:card" content="summary_large_image" />
<script type="application/ld+json" class="yoast-schema-graph">{"@context":"https://schema.org","@graph":[{"@type":"Organization","@id":"https://www.comercialanma.es/#organization","name":"Comercial Anma","url":"https://www.comercialanma.es/","sameAs":["https://www.facebook.com/AnmaHosteleria","https://www.instagram.com/anmahosteleria/?hl=es","https://www.youtube.com/channel/UCT2nmn08Ntks0hmpZPnDgCA"],"logo":{"@type":"ImageObject","@id":"https://www.comercialanma.es/#logo","inLanguage":"es","url":"https://i2.wp.com/www.comercialanma.es/wp-content/uploads/2019/06/logo-anma-color.png?fit=247%2C101&ssl=1","width":247,"height":101,"caption":"Comercial Anma"},"image":{"@id":"https://www.comercialanma.es/#logo"}},{"@type":"WebSite","@id":"https://www.comercialanma.es/#website","url":"https://www.comercialanma.es/","name":"Comercial de Hosteleria Anma","description":"","publisher":{"@id":"https://www.comercialanma.es/#organization"},"potentialAction":[{"@type":"SearchAction","target":"https://www.comercialanma.es/?s={search_term_string}","query-input":"required name=search_term_string"}],"inLanguage":"es"},{"@type":"ImageObject","@id":"https://www.comercialanma.es/?product=cognac-remy-martin-v-s-o-p-70cl#primaryimage","inLanguage":"es","url":"https://i1.wp.com/www.comercialanma.es/wp-content/uploads/2019/07/Remy-Martin-VSOP.jpg?fit=1200%2C1200&ssl=1","width":1200,"height":1200},{"@type":"WebPage","@id":"https://www.comercialanma.es/?product=cognac-remy-martin-v-s-o-p-70cl#webpage","url":"https://www.comercialanma.es/?product=cognac-remy-martin-v-s-o-p-70cl","name":"Cognac R\u00e9my Martin V.S.O.P 70cl. - Comercial de Hosteleria Anma","isPartOf":{"@id":"https://www.comercialanma.es/#website"},"primaryImageOfPage":{"@id":"https://www.comercialanma.es/?product=cognac-remy-martin-v-s-o-p-70cl#primaryimage"},"datePublished":"2019-07-05T08:31:48+00:00","dateModified":"2019-07-05T08:36:22+00:00","breadcrumb":{"@id":"https://www.comercialanma.es/?product=cognac-remy-martin-v-s-o-p-70cl#breadcrumb"},"inLanguage":"es","potentialAction":[{"@type":"ReadAction","target":["https://www.comercialanma.es/?product=cognac-remy-martin-v-s-o-p-70cl"]}]},{"@type":"BreadcrumbList","@id":"https://www.comercialanma.es/?product=cognac-remy-martin-v-s-o-p-70cl#breadcrumb","itemListElement":[{"@type":"ListItem","position":1,"item":{"@type":"WebPage","@id":"https://www.comercialanma.es/","url":"https://www.comercialanma.es/","name":"Portada"}},{"@type":"ListItem","position":2,"item":{"@type":"WebPage","@id":"https://www.comercialanma.es/?page_id=3963","url":"https://www.comercialanma.es/?page_id=3963","name":"Cat\u00e1logo de Productos"}},{"@type":"ListItem","position":3,"item":{"@type":"WebPage","@id":"https://www.comercialanma.es/?product=cognac-remy-martin-v-s-o-p-70cl","url":"https://www.comercialanma.es/?product=cognac-remy-martin-v-s-o-p-70cl","name":"Cognac R\u00e9my Martin V.S.O.P 70cl."}}]}]}</script>
<!-- / Yoast SEO plugin. -->
