
{"id":7390,"date":"2019-07-05T15:31:51","date_gmt":"2019-07-05T13:31:51","guid":{"rendered":"http:\/\/www.comercialanma.es\/?post_type=product&#038;p=7390"},"modified":"2019-07-05T15:36:47","modified_gmt":"2019-07-05T13:36:47","slug":"ginebra-roku-gin-70cl","status":"publish","type":"product","link":"https:\/\/www.comercialanma.es\/?product=ginebra-roku-gin-70cl","title":{"rendered":"Ginebra Roku Gin 70cl."},"content":{"rendered":"<div class=\"two-coulumn-wrapper\">\n<div class=\"field field-type-text field-field-nariz\">\n<h3>Nota de cata:<\/h3>\n<ul>\n<li>Nariz: Aromas de hoja de limonero, pomelo, pimienta sansho bastante apreciable en nariz y en boca.<\/li>\n<li>Boca: Muy equilibrada en boca, paso muy agradable, alcohol perfectamente integrado (no despunta en ning\u00fan momento).<\/li>\n<li>Consumo: Roku Gin se disfruta mejor con unos cubitos de hielo puro junto a 6 palillos frescos del jengibre reci\u00e9n cortados.<\/li>\n<\/ul>\n<\/div>\n<\/div>\n","protected":false},"excerpt":{"rendered":"<p>Roku es una\u00a0ginebra\u00a0japonesa\u00a0artesanal\u00a0premium creada por la hist\u00f3rica Suntory. El kanji que aparece (Roku) representa el n\u00famero seis en japon\u00e9s, una cifra que explica los seis delicados bot\u00e1nicos japoneses que se utilizan en su elaboraci\u00f3n: flor de cerezo y hojas de cerezo cosechados en primavera, t\u00e9 sencha y t\u00e9 gyokuro cosechados en verano, pimienta Sansho en oto\u00f1o y Yuzu en invierno.<\/p>\n","protected":false},"featured_media":7391,"template":"","meta":{"spay_email":""},"yoast_head":"<!-- This site is optimized with the Yoast SEO plugin v15.9 - https:\/\/yoast.com\/wordpress\/plugins\/seo\/ -->\n<title>Ginebra Roku Gin 70cl. - Comercial de Hosteleria Anma<\/title>\n<meta name=\"robots\" content=\"index, follow, max-snippet:-1, max-image-preview:large, max-video-preview:-1\" \/>\n<link rel=\"canonical\" href=\"https:\/\/www.comercialanma.es\/?product=ginebra-roku-gin-70cl\" \/>\n<meta property=\"og:locale\" content=\"es_ES\" \/>\n<meta property=\"og:type\" content=\"article\" \/>\n<meta property=\"og:title\" content=\"Ginebra Roku Gin 70cl. - Comercial de Hosteleria Anma\" \/>\n<meta property=\"og:description\" content=\"Roku es una\u00a0ginebra\u00a0japonesa\u00a0artesanal\u00a0premium creada por la hist\u00f3rica Suntory. El kanji que aparece (Roku) representa el n\u00famero seis en japon\u00e9s, una cifra que explica los seis delicados bot\u00e1nicos japoneses que se utilizan en su elaboraci\u00f3n: flor de cerezo y hojas de cerezo cosechados en primavera, t\u00e9 sencha y t\u00e9 gyokuro cosechados en verano, pimienta Sansho en oto\u00f1o y Yuzu en invierno.\" \/>\n<meta property=\"og:url\" content=\"https:\/\/www.comercialanma.es\/?product=ginebra-roku-gin-70cl\" \/>\n<meta property=\"og:site_name\" content=\"Comercial de Hosteleria Anma\" \/>\n<meta property=\"article:publisher\" content=\"https:\/\/www.facebook.com\/AnmaHosteleria\" \/>\n<meta property=\"article:modified_time\" content=\"2019-07-05T13:36:47+00:00\" \/>\n<meta property=\"og:image\" content=\"https:\/\/i2.wp.com\/www.comercialanma.es\/wp-content\/uploads\/2019\/07\/Roku-Gin.jpg?fit=1200%2C1200&#038;ssl=1\" \/>\n\t<meta property=\"og:image:width\" content=\"1200\" \/>\n\t<meta property=\"og:image:height\" content=\"1200\" \/>\n<meta name=\"twitter:card\" content=\"summary_large_image\" \/>\n<script type=\"application\/ld+json\" class=\"yoast-schema-graph\">{\"@context\":\"https:\/\/schema.org\",\"@graph\":[{\"@type\":\"Organization\",\"@id\":\"https:\/\/www.comercialanma.es\/#organization\",\"name\":\"Comercial Anma\",\"url\":\"https:\/\/www.comercialanma.es\/\",\"sameAs\":[\"https:\/\/www.facebook.com\/AnmaHosteleria\",\"https:\/\/www.instagram.com\/anmahosteleria\/?hl=es\",\"https:\/\/www.youtube.com\/channel\/UCT2nmn08Ntks0hmpZPnDgCA\"],\"logo\":{\"@type\":\"ImageObject\",\"@id\":\"https:\/\/www.comercialanma.es\/#logo\",\"inLanguage\":\"es\",\"url\":\"https:\/\/i2.wp.com\/www.comercialanma.es\/wp-content\/uploads\/2019\/06\/logo-anma-color.png?fit=247%2C101&ssl=1\",\"width\":247,\"height\":101,\"caption\":\"Comercial Anma\"},\"image\":{\"@id\":\"https:\/\/www.comercialanma.es\/#logo\"}},{\"@type\":\"WebSite\",\"@id\":\"https:\/\/www.comercialanma.es\/#website\",\"url\":\"https:\/\/www.comercialanma.es\/\",\"name\":\"Comercial de Hosteleria Anma\",\"description\":\"\",\"publisher\":{\"@id\":\"https:\/\/www.comercialanma.es\/#organization\"},\"potentialAction\":[{\"@type\":\"SearchAction\",\"target\":\"https:\/\/www.comercialanma.es\/?s={search_term_string}\",\"query-input\":\"required name=search_term_string\"}],\"inLanguage\":\"es\"},{\"@type\":\"ImageObject\",\"@id\":\"https:\/\/www.comercialanma.es\/?product=ginebra-roku-gin-70cl#primaryimage\",\"inLanguage\":\"es\",\"url\":\"https:\/\/i2.wp.com\/www.comercialanma.es\/wp-content\/uploads\/2019\/07\/Roku-Gin.jpg?fit=1200%2C1200&ssl=1\",\"width\":1200,\"height\":1200},{\"@type\":\"WebPage\",\"@id\":\"https:\/\/www.comercialanma.es\/?product=ginebra-roku-gin-70cl#webpage\",\"url\":\"https:\/\/www.comercialanma.es\/?product=ginebra-roku-gin-70cl\",\"name\":\"Ginebra Roku Gin 70cl. - Comercial de Hosteleria Anma\",\"isPartOf\":{\"@id\":\"https:\/\/www.comercialanma.es\/#website\"},\"primaryImageOfPage\":{\"@id\":\"https:\/\/www.comercialanma.es\/?product=ginebra-roku-gin-70cl#primaryimage\"},\"datePublished\":\"2019-07-05T13:31:51+00:00\",\"dateModified\":\"2019-07-05T13:36:47+00:00\",\"breadcrumb\":{\"@id\":\"https:\/\/www.comercialanma.es\/?product=ginebra-roku-gin-70cl#breadcrumb\"},\"inLanguage\":\"es\",\"potentialAction\":[{\"@type\":\"ReadAction\",\"target\":[\"https:\/\/www.comercialanma.es\/?product=ginebra-roku-gin-70cl\"]}]},{\"@type\":\"BreadcrumbList\",\"@id\":\"https:\/\/www.comercialanma.es\/?product=ginebra-roku-gin-70cl#breadcrumb\",\"itemListElement\":[{\"@type\":\"ListItem\",\"position\":1,\"item\":{\"@type\":\"WebPage\",\"@id\":\"https:\/\/www.comercialanma.es\/\",\"url\":\"https:\/\/www.comercialanma.es\/\",\"name\":\"Portada\"}},{\"@type\":\"ListItem\",\"position\":2,\"item\":{\"@type\":\"WebPage\",\"@id\":\"https:\/\/www.comercialanma.es\/?page_id=3963\",\"url\":\"https:\/\/www.comercialanma.es\/?page_id=3963\",\"name\":\"Cat\\u00e1logo de Productos\"}},{\"@type\":\"ListItem\",\"position\":3,\"item\":{\"@type\":\"WebPage\",\"@id\":\"https:\/\/www.comercialanma.es\/?product=ginebra-roku-gin-70cl\",\"url\":\"https:\/\/www.comercialanma.es\/?product=ginebra-roku-gin-70cl\",\"name\":\"Ginebra Roku Gin 70cl.\"}}]}]}<\/script>\n<!-- \/ Yoast SEO plugin. -->","_links":{"self":[{"href":"https:\/\/www.comercialanma.es\/index.php?rest_route=\/wp\/v2\/product\/7390"}],"collection":[{"href":"https:\/\/www.comercialanma.es\/index.php?rest_route=\/wp\/v2\/product"}],"about":[{"href":"https:\/\/www.comercialanma.es\/index.php?rest_route=\/wp\/v2\/types\/product"}],"version-history":[{"count":1,"href":"https:\/\/www.comercialanma.es\/index.php?rest_route=\/wp\/v2\/product\/7390\/revisions"}],"predecessor-version":[{"id":7392,"href":"https:\/\/www.comercialanma.es\/index.php?rest_route=\/wp\/v2\/product\/7390\/revisions\/7392"}],"wp:featuredmedia":[{"embeddable":true,"href":"https:\/\/www.comercialanma.es\/index.php?rest_route=\/wp\/v2\/media\/7391"}],"wp:attachment":[{"href":"https:\/\/www.comercialanma.es\/index.php?rest_route=%2Fwp%2Fv2%2Fmedia&parent=7390"}],"curies":[{"name":"wp","href":"https:\/\/api.w.org\/{rel}","templated":true}]}}