
{"id":7393,"date":"2019-07-05T15:36:59","date_gmt":"2019-07-05T13:36:59","guid":{"rendered":"http:\/\/www.comercialanma.es\/?post_type=product&#038;p=7393"},"modified":"2019-07-05T15:42:53","modified_gmt":"2019-07-05T13:42:53","slug":"ginebra-blue-coat-eco-70cl","status":"publish","type":"product","link":"https:\/\/www.comercialanma.es\/?product=ginebra-blue-coat-eco-70cl","title":{"rendered":"Ginebra Blue Coat Eco 70cl."},"content":{"rendered":"<p>Esta ginebra tiene una graduaci\u00f3n del 47\u00ba<\/p>\n<h3>Nota de cata:<\/h3>\n<ul>\n<li>Vista: En vista tiene un color transparente en una botella azul.<\/li>\n<li>Nariz: En nariz tiene un aroma c\u00edtrico, a enebro y notas florales.<\/li>\n<li>Boca: Es una ginebra equilibrada, suave y ligera, de sabor dulce.<\/li>\n<\/ul>\n","protected":false},"excerpt":{"rendered":"<p>Es una ginebra Premium, del tipo American Dry, obtenida por un qu\u00edntuple destilaci\u00f3n tradicional por lotes con un solo alambique de cobre.<\/p>\n<p>Es un ginebra fabricada en Philadelphia Distilling LLC.<\/p>\n<p>Todos sus ingredientes son de origen ecol\u00f3gico, y su alcohol se consigue de la destilaci\u00f3n de granos de cebada, ma\u00edz, centeno y trigo.<\/p>\n","protected":false},"featured_media":7394,"template":"","meta":{"spay_email":""},"yoast_head":"<!-- This site is optimized with the Yoast SEO plugin v15.9 - https:\/\/yoast.com\/wordpress\/plugins\/seo\/ -->\n<title>Ginebra Blue Coat Eco 70cl. - Comercial de Hosteleria Anma<\/title>\n<meta name=\"robots\" content=\"index, follow, max-snippet:-1, max-image-preview:large, max-video-preview:-1\" \/>\n<link rel=\"canonical\" href=\"https:\/\/www.comercialanma.es\/?product=ginebra-blue-coat-eco-70cl\" \/>\n<meta property=\"og:locale\" content=\"es_ES\" \/>\n<meta property=\"og:type\" content=\"article\" \/>\n<meta property=\"og:title\" content=\"Ginebra Blue Coat Eco 70cl. - Comercial de Hosteleria Anma\" \/>\n<meta property=\"og:description\" content=\"Es una ginebra Premium, del tipo American Dry, obtenida por un qu\u00edntuple destilaci\u00f3n tradicional por lotes con un solo alambique de cobre.  Es un ginebra fabricada en Philadelphia Distilling LLC.  Todos sus ingredientes son de origen ecol\u00f3gico, y su alcohol se consigue de la destilaci\u00f3n de granos de cebada, ma\u00edz, centeno y trigo.\" \/>\n<meta property=\"og:url\" content=\"https:\/\/www.comercialanma.es\/?product=ginebra-blue-coat-eco-70cl\" \/>\n<meta property=\"og:site_name\" content=\"Comercial de Hosteleria Anma\" \/>\n<meta property=\"article:publisher\" content=\"https:\/\/www.facebook.com\/AnmaHosteleria\" \/>\n<meta property=\"article:modified_time\" content=\"2019-07-05T13:42:53+00:00\" \/>\n<meta property=\"og:image\" content=\"https:\/\/i0.wp.com\/www.comercialanma.es\/wp-content\/uploads\/2019\/07\/Blue-coat-eco.jpg?fit=1200%2C1200&#038;ssl=1\" \/>\n\t<meta property=\"og:image:width\" content=\"1200\" \/>\n\t<meta property=\"og:image:height\" content=\"1200\" \/>\n<meta name=\"twitter:card\" content=\"summary_large_image\" \/>\n<script type=\"application\/ld+json\" class=\"yoast-schema-graph\">{\"@context\":\"https:\/\/schema.org\",\"@graph\":[{\"@type\":\"Organization\",\"@id\":\"https:\/\/www.comercialanma.es\/#organization\",\"name\":\"Comercial Anma\",\"url\":\"https:\/\/www.comercialanma.es\/\",\"sameAs\":[\"https:\/\/www.facebook.com\/AnmaHosteleria\",\"https:\/\/www.instagram.com\/anmahosteleria\/?hl=es\",\"https:\/\/www.youtube.com\/channel\/UCT2nmn08Ntks0hmpZPnDgCA\"],\"logo\":{\"@type\":\"ImageObject\",\"@id\":\"https:\/\/www.comercialanma.es\/#logo\",\"inLanguage\":\"es\",\"url\":\"https:\/\/i2.wp.com\/www.comercialanma.es\/wp-content\/uploads\/2019\/06\/logo-anma-color.png?fit=247%2C101&ssl=1\",\"width\":247,\"height\":101,\"caption\":\"Comercial Anma\"},\"image\":{\"@id\":\"https:\/\/www.comercialanma.es\/#logo\"}},{\"@type\":\"WebSite\",\"@id\":\"https:\/\/www.comercialanma.es\/#website\",\"url\":\"https:\/\/www.comercialanma.es\/\",\"name\":\"Comercial de Hosteleria Anma\",\"description\":\"\",\"publisher\":{\"@id\":\"https:\/\/www.comercialanma.es\/#organization\"},\"potentialAction\":[{\"@type\":\"SearchAction\",\"target\":\"https:\/\/www.comercialanma.es\/?s={search_term_string}\",\"query-input\":\"required name=search_term_string\"}],\"inLanguage\":\"es\"},{\"@type\":\"ImageObject\",\"@id\":\"https:\/\/www.comercialanma.es\/?product=ginebra-blue-coat-eco-70cl#primaryimage\",\"inLanguage\":\"es\",\"url\":\"https:\/\/i0.wp.com\/www.comercialanma.es\/wp-content\/uploads\/2019\/07\/Blue-coat-eco.jpg?fit=1200%2C1200&ssl=1\",\"width\":1200,\"height\":1200},{\"@type\":\"WebPage\",\"@id\":\"https:\/\/www.comercialanma.es\/?product=ginebra-blue-coat-eco-70cl#webpage\",\"url\":\"https:\/\/www.comercialanma.es\/?product=ginebra-blue-coat-eco-70cl\",\"name\":\"Ginebra Blue Coat Eco 70cl. - Comercial de Hosteleria Anma\",\"isPartOf\":{\"@id\":\"https:\/\/www.comercialanma.es\/#website\"},\"primaryImageOfPage\":{\"@id\":\"https:\/\/www.comercialanma.es\/?product=ginebra-blue-coat-eco-70cl#primaryimage\"},\"datePublished\":\"2019-07-05T13:36:59+00:00\",\"dateModified\":\"2019-07-05T13:42:53+00:00\",\"breadcrumb\":{\"@id\":\"https:\/\/www.comercialanma.es\/?product=ginebra-blue-coat-eco-70cl#breadcrumb\"},\"inLanguage\":\"es\",\"potentialAction\":[{\"@type\":\"ReadAction\",\"target\":[\"https:\/\/www.comercialanma.es\/?product=ginebra-blue-coat-eco-70cl\"]}]},{\"@type\":\"BreadcrumbList\",\"@id\":\"https:\/\/www.comercialanma.es\/?product=ginebra-blue-coat-eco-70cl#breadcrumb\",\"itemListElement\":[{\"@type\":\"ListItem\",\"position\":1,\"item\":{\"@type\":\"WebPage\",\"@id\":\"https:\/\/www.comercialanma.es\/\",\"url\":\"https:\/\/www.comercialanma.es\/\",\"name\":\"Portada\"}},{\"@type\":\"ListItem\",\"position\":2,\"item\":{\"@type\":\"WebPage\",\"@id\":\"https:\/\/www.comercialanma.es\/?page_id=3963\",\"url\":\"https:\/\/www.comercialanma.es\/?page_id=3963\",\"name\":\"Cat\\u00e1logo de Productos\"}},{\"@type\":\"ListItem\",\"position\":3,\"item\":{\"@type\":\"WebPage\",\"@id\":\"https:\/\/www.comercialanma.es\/?product=ginebra-blue-coat-eco-70cl\",\"url\":\"https:\/\/www.comercialanma.es\/?product=ginebra-blue-coat-eco-70cl\",\"name\":\"Ginebra Blue Coat Eco 70cl.\"}}]}]}<\/script>\n<!-- \/ Yoast SEO plugin. -->","_links":{"self":[{"href":"https:\/\/www.comercialanma.es\/index.php?rest_route=\/wp\/v2\/product\/7393"}],"collection":[{"href":"https:\/\/www.comercialanma.es\/index.php?rest_route=\/wp\/v2\/product"}],"about":[{"href":"https:\/\/www.comercialanma.es\/index.php?rest_route=\/wp\/v2\/types\/product"}],"version-history":[{"count":1,"href":"https:\/\/www.comercialanma.es\/index.php?rest_route=\/wp\/v2\/product\/7393\/revisions"}],"predecessor-version":[{"id":7395,"href":"https:\/\/www.comercialanma.es\/index.php?rest_route=\/wp\/v2\/product\/7393\/revisions\/7395"}],"wp:featuredmedia":[{"embeddable":true,"href":"https:\/\/www.comercialanma.es\/index.php?rest_route=\/wp\/v2\/media\/7394"}],"wp:attachment":[{"href":"https:\/\/www.comercialanma.es\/index.php?rest_route=%2Fwp%2Fv2%2Fmedia&parent=7393"}],"curies":[{"name":"wp","href":"https:\/\/api.w.org\/{rel}","templated":true}]}}