
{"id":7405,"date":"2019-07-05T16:01:38","date_gmt":"2019-07-05T14:01:38","guid":{"rendered":"http:\/\/www.comercialanma.es\/?post_type=product&#038;p=7405"},"modified":"2022-07-04T12:31:03","modified_gmt":"2022-07-04T10:31:03","slug":"ginebra-gold-9999-premium-70cl","status":"publish","type":"product","link":"https:\/\/www.comercialanma.es\/?product=ginebra-gold-9999-premium-70cl","title":{"rendered":"Ginebra Gold 999,9 Premium 70cl."},"content":{"rendered":"<div>\n<div>\n<div id=\"tabs_content_container\">\n<h3>Nota de cata:<\/h3>\n<ul>\n<li>Cata a la vista Color p\u00e1lido.<\/li>\n<li>Cata en nariz Presenta un aroma complejo en el que destaca la resina (enebro), los c\u00edtricos (mandarina), las flores frescas (violeta y amapola), las especias (jengibre y cilantro) y los aromas bals\u00e1micos (almendras y vainilla) que se mezclan con la ra\u00edz de Ang\u00e9lica.<\/li>\n<li>Cata en boca Destaca un delicado toque de enebro en el fondo a trav\u00e9s del cual la mandarina y las flores frescas notas emergen con fuerza para equilibrar un buen final a almendras y vainilla.<\/li>\n<\/ul>\n<\/div>\n<\/div>\n<\/div>\n","protected":false},"excerpt":{"rendered":"<p>A diferencia de otras ginebras, Gin Gold 999.9 se obtiene el alcohol base de la misma destiler\u00eda, en la que se lleva a cabo todo el proceso. Despu\u00e9s de obtener esta base de alcohol en la primera destilaci\u00f3n, se llevan a cabo dos destilaciones m\u00e1s con el fin de perfeccionar su calidad y, finalmente, se lleva a cabo una destilaci\u00f3n y una infusi\u00f3n con los diferentes productos bot\u00e1nicos.<\/p>\n","protected":false},"featured_media":21451,"template":"","meta":{"spay_email":""},"yoast_head":"<!-- This site is optimized with the Yoast SEO plugin v15.9 - https:\/\/yoast.com\/wordpress\/plugins\/seo\/ -->\n<title>Ginebra Gold 999,9 Premium 70cl. - Comercial de Hosteleria Anma<\/title>\n<meta name=\"robots\" content=\"index, follow, max-snippet:-1, max-image-preview:large, max-video-preview:-1\" \/>\n<link rel=\"canonical\" href=\"https:\/\/www.comercialanma.es\/?product=ginebra-gold-9999-premium-70cl\" \/>\n<meta property=\"og:locale\" content=\"es_ES\" \/>\n<meta property=\"og:type\" content=\"article\" \/>\n<meta property=\"og:title\" content=\"Ginebra Gold 999,9 Premium 70cl. - Comercial de Hosteleria Anma\" \/>\n<meta property=\"og:description\" content=\"A diferencia de otras ginebras, Gin Gold 999.9 se obtiene el alcohol base de la misma destiler\u00eda, en la que se lleva a cabo todo el proceso. Despu\u00e9s de obtener esta base de alcohol en la primera destilaci\u00f3n, se llevan a cabo dos destilaciones m\u00e1s con el fin de perfeccionar su calidad y, finalmente, se lleva a cabo una destilaci\u00f3n y una infusi\u00f3n con los diferentes productos bot\u00e1nicos.\" \/>\n<meta property=\"og:url\" content=\"https:\/\/www.comercialanma.es\/?product=ginebra-gold-9999-premium-70cl\" \/>\n<meta property=\"og:site_name\" content=\"Comercial de Hosteleria Anma\" \/>\n<meta property=\"article:publisher\" content=\"https:\/\/www.facebook.com\/AnmaHosteleria\" \/>\n<meta property=\"article:modified_time\" content=\"2022-07-04T10:31:03+00:00\" \/>\n<meta property=\"og:image\" content=\"https:\/\/i0.wp.com\/www.comercialanma.es\/wp-content\/uploads\/2019\/07\/gin-gold-9999.jpg?fit=1080%2C1080&#038;ssl=1\" \/>\n\t<meta property=\"og:image:width\" content=\"1080\" \/>\n\t<meta property=\"og:image:height\" content=\"1080\" \/>\n<meta name=\"twitter:card\" content=\"summary_large_image\" \/>\n<script type=\"application\/ld+json\" class=\"yoast-schema-graph\">{\"@context\":\"https:\/\/schema.org\",\"@graph\":[{\"@type\":\"Organization\",\"@id\":\"https:\/\/www.comercialanma.es\/#organization\",\"name\":\"Comercial Anma\",\"url\":\"https:\/\/www.comercialanma.es\/\",\"sameAs\":[\"https:\/\/www.facebook.com\/AnmaHosteleria\",\"https:\/\/www.instagram.com\/anmahosteleria\/?hl=es\",\"https:\/\/www.youtube.com\/channel\/UCT2nmn08Ntks0hmpZPnDgCA\"],\"logo\":{\"@type\":\"ImageObject\",\"@id\":\"https:\/\/www.comercialanma.es\/#logo\",\"inLanguage\":\"es\",\"url\":\"https:\/\/i2.wp.com\/www.comercialanma.es\/wp-content\/uploads\/2019\/06\/logo-anma-color.png?fit=247%2C101&ssl=1\",\"width\":247,\"height\":101,\"caption\":\"Comercial Anma\"},\"image\":{\"@id\":\"https:\/\/www.comercialanma.es\/#logo\"}},{\"@type\":\"WebSite\",\"@id\":\"https:\/\/www.comercialanma.es\/#website\",\"url\":\"https:\/\/www.comercialanma.es\/\",\"name\":\"Comercial de Hosteleria Anma\",\"description\":\"\",\"publisher\":{\"@id\":\"https:\/\/www.comercialanma.es\/#organization\"},\"potentialAction\":[{\"@type\":\"SearchAction\",\"target\":\"https:\/\/www.comercialanma.es\/?s={search_term_string}\",\"query-input\":\"required name=search_term_string\"}],\"inLanguage\":\"es\"},{\"@type\":\"ImageObject\",\"@id\":\"https:\/\/www.comercialanma.es\/?product=ginebra-gold-9999-premium-70cl#primaryimage\",\"inLanguage\":\"es\",\"url\":\"https:\/\/i0.wp.com\/www.comercialanma.es\/wp-content\/uploads\/2019\/07\/gin-gold-9999.jpg?fit=1080%2C1080&ssl=1\",\"width\":1080,\"height\":1080},{\"@type\":\"WebPage\",\"@id\":\"https:\/\/www.comercialanma.es\/?product=ginebra-gold-9999-premium-70cl#webpage\",\"url\":\"https:\/\/www.comercialanma.es\/?product=ginebra-gold-9999-premium-70cl\",\"name\":\"Ginebra Gold 999,9 Premium 70cl. - Comercial de Hosteleria Anma\",\"isPartOf\":{\"@id\":\"https:\/\/www.comercialanma.es\/#website\"},\"primaryImageOfPage\":{\"@id\":\"https:\/\/www.comercialanma.es\/?product=ginebra-gold-9999-premium-70cl#primaryimage\"},\"datePublished\":\"2019-07-05T14:01:38+00:00\",\"dateModified\":\"2022-07-04T10:31:03+00:00\",\"breadcrumb\":{\"@id\":\"https:\/\/www.comercialanma.es\/?product=ginebra-gold-9999-premium-70cl#breadcrumb\"},\"inLanguage\":\"es\",\"potentialAction\":[{\"@type\":\"ReadAction\",\"target\":[\"https:\/\/www.comercialanma.es\/?product=ginebra-gold-9999-premium-70cl\"]}]},{\"@type\":\"BreadcrumbList\",\"@id\":\"https:\/\/www.comercialanma.es\/?product=ginebra-gold-9999-premium-70cl#breadcrumb\",\"itemListElement\":[{\"@type\":\"ListItem\",\"position\":1,\"item\":{\"@type\":\"WebPage\",\"@id\":\"https:\/\/www.comercialanma.es\/\",\"url\":\"https:\/\/www.comercialanma.es\/\",\"name\":\"Portada\"}},{\"@type\":\"ListItem\",\"position\":2,\"item\":{\"@type\":\"WebPage\",\"@id\":\"https:\/\/www.comercialanma.es\/?page_id=3963\",\"url\":\"https:\/\/www.comercialanma.es\/?page_id=3963\",\"name\":\"Cat\\u00e1logo de Productos\"}},{\"@type\":\"ListItem\",\"position\":3,\"item\":{\"@type\":\"WebPage\",\"@id\":\"https:\/\/www.comercialanma.es\/?product=ginebra-gold-9999-premium-70cl\",\"url\":\"https:\/\/www.comercialanma.es\/?product=ginebra-gold-9999-premium-70cl\",\"name\":\"Ginebra Gold 999,9 Premium 70cl.\"}}]}]}<\/script>\n<!-- \/ Yoast SEO plugin. -->","_links":{"self":[{"href":"https:\/\/www.comercialanma.es\/index.php?rest_route=\/wp\/v2\/product\/7405"}],"collection":[{"href":"https:\/\/www.comercialanma.es\/index.php?rest_route=\/wp\/v2\/product"}],"about":[{"href":"https:\/\/www.comercialanma.es\/index.php?rest_route=\/wp\/v2\/types\/product"}],"version-history":[{"count":1,"href":"https:\/\/www.comercialanma.es\/index.php?rest_route=\/wp\/v2\/product\/7405\/revisions"}],"predecessor-version":[{"id":7407,"href":"https:\/\/www.comercialanma.es\/index.php?rest_route=\/wp\/v2\/product\/7405\/revisions\/7407"}],"wp:featuredmedia":[{"embeddable":true,"href":"https:\/\/www.comercialanma.es\/index.php?rest_route=\/wp\/v2\/media\/21451"}],"wp:attachment":[{"href":"https:\/\/www.comercialanma.es\/index.php?rest_route=%2Fwp%2Fv2%2Fmedia&parent=7405"}],"curies":[{"name":"wp","href":"https:\/\/api.w.org\/{rel}","templated":true}]}}