
{"id":7598,"date":"2019-07-09T11:57:48","date_gmt":"2019-07-09T09:57:48","guid":{"rendered":"http:\/\/www.comercialanma.es\/?post_type=product&#038;p=7598"},"modified":"2019-07-09T12:12:45","modified_gmt":"2019-07-09T10:12:45","slug":"ginebra-citadelle-70cl","status":"publish","type":"product","link":"https:\/\/www.comercialanma.es\/?product=ginebra-citadelle-70cl","title":{"rendered":"Ginebra Citadelle 70cl."},"content":{"rendered":"<h3>Nota de cata:<\/h3>\n<ul>\n<li>Cata a la vista Transparente.<\/li>\n<li>Cata en nariz Delicadas fragancias de flores, jazm\u00edn, madreselva y canela, que evolucionan hacia esencias m\u00e1s potentes, hierbas, anises y &#8220;granos del para\u00edso&#8221; y la canela se hace m\u00e1s persistente.<\/li>\n<li>Cata en boca Reminiscencias de un jard\u00edn en primavera. El enebro deja paso a una voluptuosa y compleja fragancia de flores que nos lleva a un final elegante, redondo y muy refrescante.<\/li>\n<li>Graduaci\u00f3n: 44,0\u00ba<\/li>\n<\/ul>\n","protected":false},"excerpt":{"rendered":"<p>Citadelle es la destiler\u00eda de ginebra m\u00e1s antigua de Francia, establecida en Dunkirk, Cognac, en el \u00faltimo cuarto de siglo XVIII. La receta de la ginebra sigue siendo la misma que en sus or\u00edgenes, en el s.XVIII.<br \/>\nDestilada 4 veces en alambiques de cobre tipo Charentais, cada proceso completo equivale a una doble destilaci\u00f3n. Mediante este proceso de destilaci\u00f3n se mantienen muchas m\u00e1s caracter\u00edsticas organol\u00e9pticas que con otros m\u00e9todos, los aromas se mantienen m\u00e1s presentes y los sabores m\u00e1s penetrantes. Citadelle es la \u00fanica ginebra que a\u00fan mantiene este m\u00e9todo tradicional. Es necesario todo un d\u00eda para conseguir llenar un barril de ginebra.<br \/>\nInfusiones con 19 bot\u00e1nicas.<br \/>\nGinebra super-premium.<\/p>\n","protected":false},"featured_media":7599,"template":"","meta":{"spay_email":""},"yoast_head":"<!-- This site is optimized with the Yoast SEO plugin v15.9 - https:\/\/yoast.com\/wordpress\/plugins\/seo\/ -->\n<title>Ginebra Citadelle 70cl. - Comercial de Hosteleria Anma<\/title>\n<meta name=\"robots\" content=\"index, follow, max-snippet:-1, max-image-preview:large, max-video-preview:-1\" \/>\n<link rel=\"canonical\" href=\"https:\/\/www.comercialanma.es\/?product=ginebra-citadelle-70cl\" \/>\n<meta property=\"og:locale\" content=\"es_ES\" \/>\n<meta property=\"og:type\" content=\"article\" \/>\n<meta property=\"og:title\" content=\"Ginebra Citadelle 70cl. - Comercial de Hosteleria Anma\" \/>\n<meta property=\"og:description\" content=\"Citadelle es la destiler\u00eda de ginebra m\u00e1s antigua de Francia, establecida en Dunkirk, Cognac, en el \u00faltimo cuarto de siglo XVIII. La receta de la ginebra sigue siendo la misma que en sus or\u00edgenes, en el s.XVIII. Destilada 4 veces en alambiques de cobre tipo Charentais, cada proceso completo equivale a una doble destilaci\u00f3n. Mediante este proceso de destilaci\u00f3n se mantienen muchas m\u00e1s caracter\u00edsticas organol\u00e9pticas que con otros m\u00e9todos, los aromas se mantienen m\u00e1s presentes y los sabores m\u00e1s penetrantes. Citadelle es la \u00fanica ginebra que a\u00fan mantiene este m\u00e9todo tradicional. Es necesario todo un d\u00eda para conseguir llenar un barril de ginebra. Infusiones con 19 bot\u00e1nicas. Ginebra super-premium.\" \/>\n<meta property=\"og:url\" content=\"https:\/\/www.comercialanma.es\/?product=ginebra-citadelle-70cl\" \/>\n<meta property=\"og:site_name\" content=\"Comercial de Hosteleria Anma\" \/>\n<meta property=\"article:publisher\" content=\"https:\/\/www.facebook.com\/AnmaHosteleria\" \/>\n<meta property=\"article:modified_time\" content=\"2019-07-09T10:12:45+00:00\" \/>\n<meta property=\"og:image\" content=\"https:\/\/i1.wp.com\/www.comercialanma.es\/wp-content\/uploads\/2019\/07\/Citadelle.jpg?fit=1200%2C1200&#038;ssl=1\" \/>\n\t<meta property=\"og:image:width\" content=\"1200\" \/>\n\t<meta property=\"og:image:height\" content=\"1200\" \/>\n<meta name=\"twitter:card\" content=\"summary_large_image\" \/>\n<script type=\"application\/ld+json\" class=\"yoast-schema-graph\">{\"@context\":\"https:\/\/schema.org\",\"@graph\":[{\"@type\":\"Organization\",\"@id\":\"https:\/\/www.comercialanma.es\/#organization\",\"name\":\"Comercial Anma\",\"url\":\"https:\/\/www.comercialanma.es\/\",\"sameAs\":[\"https:\/\/www.facebook.com\/AnmaHosteleria\",\"https:\/\/www.instagram.com\/anmahosteleria\/?hl=es\",\"https:\/\/www.youtube.com\/channel\/UCT2nmn08Ntks0hmpZPnDgCA\"],\"logo\":{\"@type\":\"ImageObject\",\"@id\":\"https:\/\/www.comercialanma.es\/#logo\",\"inLanguage\":\"es\",\"url\":\"https:\/\/i2.wp.com\/www.comercialanma.es\/wp-content\/uploads\/2019\/06\/logo-anma-color.png?fit=247%2C101&ssl=1\",\"width\":247,\"height\":101,\"caption\":\"Comercial Anma\"},\"image\":{\"@id\":\"https:\/\/www.comercialanma.es\/#logo\"}},{\"@type\":\"WebSite\",\"@id\":\"https:\/\/www.comercialanma.es\/#website\",\"url\":\"https:\/\/www.comercialanma.es\/\",\"name\":\"Comercial de Hosteleria Anma\",\"description\":\"\",\"publisher\":{\"@id\":\"https:\/\/www.comercialanma.es\/#organization\"},\"potentialAction\":[{\"@type\":\"SearchAction\",\"target\":\"https:\/\/www.comercialanma.es\/?s={search_term_string}\",\"query-input\":\"required name=search_term_string\"}],\"inLanguage\":\"es\"},{\"@type\":\"ImageObject\",\"@id\":\"https:\/\/www.comercialanma.es\/?product=ginebra-citadelle-70cl#primaryimage\",\"inLanguage\":\"es\",\"url\":\"https:\/\/i1.wp.com\/www.comercialanma.es\/wp-content\/uploads\/2019\/07\/Citadelle.jpg?fit=1200%2C1200&ssl=1\",\"width\":1200,\"height\":1200},{\"@type\":\"WebPage\",\"@id\":\"https:\/\/www.comercialanma.es\/?product=ginebra-citadelle-70cl#webpage\",\"url\":\"https:\/\/www.comercialanma.es\/?product=ginebra-citadelle-70cl\",\"name\":\"Ginebra Citadelle 70cl. - Comercial de Hosteleria Anma\",\"isPartOf\":{\"@id\":\"https:\/\/www.comercialanma.es\/#website\"},\"primaryImageOfPage\":{\"@id\":\"https:\/\/www.comercialanma.es\/?product=ginebra-citadelle-70cl#primaryimage\"},\"datePublished\":\"2019-07-09T09:57:48+00:00\",\"dateModified\":\"2019-07-09T10:12:45+00:00\",\"breadcrumb\":{\"@id\":\"https:\/\/www.comercialanma.es\/?product=ginebra-citadelle-70cl#breadcrumb\"},\"inLanguage\":\"es\",\"potentialAction\":[{\"@type\":\"ReadAction\",\"target\":[\"https:\/\/www.comercialanma.es\/?product=ginebra-citadelle-70cl\"]}]},{\"@type\":\"BreadcrumbList\",\"@id\":\"https:\/\/www.comercialanma.es\/?product=ginebra-citadelle-70cl#breadcrumb\",\"itemListElement\":[{\"@type\":\"ListItem\",\"position\":1,\"item\":{\"@type\":\"WebPage\",\"@id\":\"https:\/\/www.comercialanma.es\/\",\"url\":\"https:\/\/www.comercialanma.es\/\",\"name\":\"Portada\"}},{\"@type\":\"ListItem\",\"position\":2,\"item\":{\"@type\":\"WebPage\",\"@id\":\"https:\/\/www.comercialanma.es\/?page_id=3963\",\"url\":\"https:\/\/www.comercialanma.es\/?page_id=3963\",\"name\":\"Cat\\u00e1logo de Productos\"}},{\"@type\":\"ListItem\",\"position\":3,\"item\":{\"@type\":\"WebPage\",\"@id\":\"https:\/\/www.comercialanma.es\/?product=ginebra-citadelle-70cl\",\"url\":\"https:\/\/www.comercialanma.es\/?product=ginebra-citadelle-70cl\",\"name\":\"Ginebra Citadelle 70cl.\"}}]}]}<\/script>\n<!-- \/ Yoast SEO plugin. -->","_links":{"self":[{"href":"https:\/\/www.comercialanma.es\/index.php?rest_route=\/wp\/v2\/product\/7598"}],"collection":[{"href":"https:\/\/www.comercialanma.es\/index.php?rest_route=\/wp\/v2\/product"}],"about":[{"href":"https:\/\/www.comercialanma.es\/index.php?rest_route=\/wp\/v2\/types\/product"}],"version-history":[{"count":1,"href":"https:\/\/www.comercialanma.es\/index.php?rest_route=\/wp\/v2\/product\/7598\/revisions"}],"predecessor-version":[{"id":7600,"href":"https:\/\/www.comercialanma.es\/index.php?rest_route=\/wp\/v2\/product\/7598\/revisions\/7600"}],"wp:featuredmedia":[{"embeddable":true,"href":"https:\/\/www.comercialanma.es\/index.php?rest_route=\/wp\/v2\/media\/7599"}],"wp:attachment":[{"href":"https:\/\/www.comercialanma.es\/index.php?rest_route=%2Fwp%2Fv2%2Fmedia&parent=7598"}],"curies":[{"name":"wp","href":"https:\/\/api.w.org\/{rel}","templated":true}]}}