
{"id":7604,"date":"2019-07-09T12:19:52","date_gmt":"2019-07-09T10:19:52","guid":{"rendered":"http:\/\/www.comercialanma.es\/?post_type=product&#038;p=7604"},"modified":"2019-07-09T12:24:13","modified_gmt":"2019-07-09T10:24:13","slug":"ginebra-magellan-1750cl","status":"publish","type":"product","link":"https:\/\/www.comercialanma.es\/?product=ginebra-magellan-1750cl","title":{"rendered":"Ginebra Magellan 1750cl."},"content":{"rendered":"","protected":false},"excerpt":{"rendered":"<p>At\u00edpica, azulada y especiada, ligera y bien acompa\u00f1ada de notas florales y picantes. Esta ginebra francesa debe su nombre a Fernando de Magallanes, el aventurero portugu\u00e9s que en su b\u00fasqueda de la Isla de las especias fue decisivo para el descubrimiento de los nueve bot\u00e1nicos que hoy forman parte de esta exclusiva ginebra. La inclusi\u00f3n en la cuarta destilaci\u00f3n de la flor y la ra\u00edz del Iris, tinta naturalmente la ginebra y le da su caracter\u00edstico color azul hielo.<\/p>\n","protected":false},"featured_media":7605,"template":"","meta":{"spay_email":""},"yoast_head":"<!-- This site is optimized with the Yoast SEO plugin v15.9 - https:\/\/yoast.com\/wordpress\/plugins\/seo\/ -->\n<title>Ginebra Magellan 1750cl. - Comercial de Hosteleria Anma<\/title>\n<meta name=\"robots\" content=\"index, follow, max-snippet:-1, max-image-preview:large, max-video-preview:-1\" \/>\n<link rel=\"canonical\" href=\"https:\/\/www.comercialanma.es\/?product=ginebra-magellan-1750cl\" \/>\n<meta property=\"og:locale\" content=\"es_ES\" \/>\n<meta property=\"og:type\" content=\"article\" \/>\n<meta property=\"og:title\" content=\"Ginebra Magellan 1750cl. - Comercial de Hosteleria Anma\" \/>\n<meta property=\"og:description\" content=\"At\u00edpica, azulada y especiada, ligera y bien acompa\u00f1ada de notas florales y picantes. Esta ginebra francesa debe su nombre a Fernando de Magallanes, el aventurero portugu\u00e9s que en su b\u00fasqueda de la Isla de las especias fue decisivo para el descubrimiento de los nueve bot\u00e1nicos que hoy forman parte de esta exclusiva ginebra. La inclusi\u00f3n en la cuarta destilaci\u00f3n de la flor y la ra\u00edz del Iris, tinta naturalmente la ginebra y le da su caracter\u00edstico color azul hielo.\" \/>\n<meta property=\"og:url\" content=\"https:\/\/www.comercialanma.es\/?product=ginebra-magellan-1750cl\" \/>\n<meta property=\"og:site_name\" content=\"Comercial de Hosteleria Anma\" \/>\n<meta property=\"article:publisher\" content=\"https:\/\/www.facebook.com\/AnmaHosteleria\" \/>\n<meta property=\"article:modified_time\" content=\"2019-07-09T10:24:13+00:00\" \/>\n<meta property=\"og:image\" content=\"https:\/\/i0.wp.com\/www.comercialanma.es\/wp-content\/uploads\/2019\/07\/Magellan.jpg?fit=1200%2C1200&#038;ssl=1\" \/>\n\t<meta property=\"og:image:width\" content=\"1200\" \/>\n\t<meta property=\"og:image:height\" content=\"1200\" \/>\n<meta name=\"twitter:card\" content=\"summary_large_image\" \/>\n<script type=\"application\/ld+json\" class=\"yoast-schema-graph\">{\"@context\":\"https:\/\/schema.org\",\"@graph\":[{\"@type\":\"Organization\",\"@id\":\"https:\/\/www.comercialanma.es\/#organization\",\"name\":\"Comercial Anma\",\"url\":\"https:\/\/www.comercialanma.es\/\",\"sameAs\":[\"https:\/\/www.facebook.com\/AnmaHosteleria\",\"https:\/\/www.instagram.com\/anmahosteleria\/?hl=es\",\"https:\/\/www.youtube.com\/channel\/UCT2nmn08Ntks0hmpZPnDgCA\"],\"logo\":{\"@type\":\"ImageObject\",\"@id\":\"https:\/\/www.comercialanma.es\/#logo\",\"inLanguage\":\"es\",\"url\":\"https:\/\/i2.wp.com\/www.comercialanma.es\/wp-content\/uploads\/2019\/06\/logo-anma-color.png?fit=247%2C101&ssl=1\",\"width\":247,\"height\":101,\"caption\":\"Comercial Anma\"},\"image\":{\"@id\":\"https:\/\/www.comercialanma.es\/#logo\"}},{\"@type\":\"WebSite\",\"@id\":\"https:\/\/www.comercialanma.es\/#website\",\"url\":\"https:\/\/www.comercialanma.es\/\",\"name\":\"Comercial de Hosteleria Anma\",\"description\":\"\",\"publisher\":{\"@id\":\"https:\/\/www.comercialanma.es\/#organization\"},\"potentialAction\":[{\"@type\":\"SearchAction\",\"target\":\"https:\/\/www.comercialanma.es\/?s={search_term_string}\",\"query-input\":\"required name=search_term_string\"}],\"inLanguage\":\"es\"},{\"@type\":\"ImageObject\",\"@id\":\"https:\/\/www.comercialanma.es\/?product=ginebra-magellan-1750cl#primaryimage\",\"inLanguage\":\"es\",\"url\":\"https:\/\/i0.wp.com\/www.comercialanma.es\/wp-content\/uploads\/2019\/07\/Magellan.jpg?fit=1200%2C1200&ssl=1\",\"width\":1200,\"height\":1200},{\"@type\":\"WebPage\",\"@id\":\"https:\/\/www.comercialanma.es\/?product=ginebra-magellan-1750cl#webpage\",\"url\":\"https:\/\/www.comercialanma.es\/?product=ginebra-magellan-1750cl\",\"name\":\"Ginebra Magellan 1750cl. - Comercial de Hosteleria Anma\",\"isPartOf\":{\"@id\":\"https:\/\/www.comercialanma.es\/#website\"},\"primaryImageOfPage\":{\"@id\":\"https:\/\/www.comercialanma.es\/?product=ginebra-magellan-1750cl#primaryimage\"},\"datePublished\":\"2019-07-09T10:19:52+00:00\",\"dateModified\":\"2019-07-09T10:24:13+00:00\",\"breadcrumb\":{\"@id\":\"https:\/\/www.comercialanma.es\/?product=ginebra-magellan-1750cl#breadcrumb\"},\"inLanguage\":\"es\",\"potentialAction\":[{\"@type\":\"ReadAction\",\"target\":[\"https:\/\/www.comercialanma.es\/?product=ginebra-magellan-1750cl\"]}]},{\"@type\":\"BreadcrumbList\",\"@id\":\"https:\/\/www.comercialanma.es\/?product=ginebra-magellan-1750cl#breadcrumb\",\"itemListElement\":[{\"@type\":\"ListItem\",\"position\":1,\"item\":{\"@type\":\"WebPage\",\"@id\":\"https:\/\/www.comercialanma.es\/\",\"url\":\"https:\/\/www.comercialanma.es\/\",\"name\":\"Portada\"}},{\"@type\":\"ListItem\",\"position\":2,\"item\":{\"@type\":\"WebPage\",\"@id\":\"https:\/\/www.comercialanma.es\/?page_id=3963\",\"url\":\"https:\/\/www.comercialanma.es\/?page_id=3963\",\"name\":\"Cat\\u00e1logo de Productos\"}},{\"@type\":\"ListItem\",\"position\":3,\"item\":{\"@type\":\"WebPage\",\"@id\":\"https:\/\/www.comercialanma.es\/?product=ginebra-magellan-1750cl\",\"url\":\"https:\/\/www.comercialanma.es\/?product=ginebra-magellan-1750cl\",\"name\":\"Ginebra Magellan 1750cl.\"}}]}]}<\/script>\n<!-- \/ Yoast SEO plugin. -->","_links":{"self":[{"href":"https:\/\/www.comercialanma.es\/index.php?rest_route=\/wp\/v2\/product\/7604"}],"collection":[{"href":"https:\/\/www.comercialanma.es\/index.php?rest_route=\/wp\/v2\/product"}],"about":[{"href":"https:\/\/www.comercialanma.es\/index.php?rest_route=\/wp\/v2\/types\/product"}],"version-history":[{"count":1,"href":"https:\/\/www.comercialanma.es\/index.php?rest_route=\/wp\/v2\/product\/7604\/revisions"}],"predecessor-version":[{"id":7606,"href":"https:\/\/www.comercialanma.es\/index.php?rest_route=\/wp\/v2\/product\/7604\/revisions\/7606"}],"wp:featuredmedia":[{"embeddable":true,"href":"https:\/\/www.comercialanma.es\/index.php?rest_route=\/wp\/v2\/media\/7605"}],"wp:attachment":[{"href":"https:\/\/www.comercialanma.es\/index.php?rest_route=%2Fwp%2Fv2%2Fmedia&parent=7604"}],"curies":[{"name":"wp","href":"https:\/\/api.w.org\/{rel}","templated":true}]}}

<p>Atípica, azulada y especiada, ligera y bien acompañada de notas florales y picantes. Esta ginebra francesa debe su nombre a Fernando de Magallanes, el aventurero portugués que en su búsqueda de la Isla de las especias fue decisivo para el descubrimiento de los nueve botánicos que hoy forman parte de esta exclusiva ginebra. La inclusión en la cuarta destilación de la flor y la raíz del Iris, tinta naturalmente la ginebra y le da su característico color azul hielo.</p>

<!-- This site is optimized with the Yoast SEO plugin v15.9 - https://yoast.com/wordpress/plugins/seo/ -->
<title>Ginebra Magellan 1750cl. - Comercial de Hosteleria Anma</title>
<meta name="robots" content="index, follow, max-snippet:-1, max-image-preview:large, max-video-preview:-1" />
<link rel="canonical" href="https://www.comercialanma.es/?product=ginebra-magellan-1750cl" />
<meta property="og:locale" content="es_ES" />
<meta property="og:type" content="article" />
<meta property="og:title" content="Ginebra Magellan 1750cl. - Comercial de Hosteleria Anma" />
<meta property="og:description" content="Atípica, azulada y especiada, ligera y bien acompañada de notas florales y picantes. Esta ginebra francesa debe su nombre a Fernando de Magallanes, el aventurero portugués que en su búsqueda de la Isla de las especias fue decisivo para el descubrimiento de los nueve botánicos que hoy forman parte de esta exclusiva ginebra. La inclusión en la cuarta destilación de la flor y la raíz del Iris, tinta naturalmente la ginebra y le da su característico color azul hielo." />
<meta property="og:url" content="https://www.comercialanma.es/?product=ginebra-magellan-1750cl" />
<meta property="og:site_name" content="Comercial de Hosteleria Anma" />
<meta property="article:publisher" content="https://www.facebook.com/AnmaHosteleria" />
<meta property="article:modified_time" content="2019-07-09T10:24:13+00:00" />
<meta property="og:image" content="https://i0.wp.com/www.comercialanma.es/wp-content/uploads/2019/07/Magellan.jpg?fit=1200%2C1200&#038;ssl=1" />
	<meta property="og:image:width" content="1200" />
	<meta property="og:image:height" content="1200" />
<meta name="twitter:card" content="summary_large_image" />
<script type="application/ld+json" class="yoast-schema-graph">{"@context":"https://schema.org","@graph":[{"@type":"Organization","@id":"https://www.comercialanma.es/#organization","name":"Comercial Anma","url":"https://www.comercialanma.es/","sameAs":["https://www.facebook.com/AnmaHosteleria","https://www.instagram.com/anmahosteleria/?hl=es","https://www.youtube.com/channel/UCT2nmn08Ntks0hmpZPnDgCA"],"logo":{"@type":"ImageObject","@id":"https://www.comercialanma.es/#logo","inLanguage":"es","url":"https://i2.wp.com/www.comercialanma.es/wp-content/uploads/2019/06/logo-anma-color.png?fit=247%2C101&ssl=1","width":247,"height":101,"caption":"Comercial Anma"},"image":{"@id":"https://www.comercialanma.es/#logo"}},{"@type":"WebSite","@id":"https://www.comercialanma.es/#website","url":"https://www.comercialanma.es/","name":"Comercial de Hosteleria Anma","description":"","publisher":{"@id":"https://www.comercialanma.es/#organization"},"potentialAction":[{"@type":"SearchAction","target":"https://www.comercialanma.es/?s={search_term_string}","query-input":"required name=search_term_string"}],"inLanguage":"es"},{"@type":"ImageObject","@id":"https://www.comercialanma.es/?product=ginebra-magellan-1750cl#primaryimage","inLanguage":"es","url":"https://i0.wp.com/www.comercialanma.es/wp-content/uploads/2019/07/Magellan.jpg?fit=1200%2C1200&ssl=1","width":1200,"height":1200},{"@type":"WebPage","@id":"https://www.comercialanma.es/?product=ginebra-magellan-1750cl#webpage","url":"https://www.comercialanma.es/?product=ginebra-magellan-1750cl","name":"Ginebra Magellan 1750cl. - Comercial de Hosteleria Anma","isPartOf":{"@id":"https://www.comercialanma.es/#website"},"primaryImageOfPage":{"@id":"https://www.comercialanma.es/?product=ginebra-magellan-1750cl#primaryimage"},"datePublished":"2019-07-09T10:19:52+00:00","dateModified":"2019-07-09T10:24:13+00:00","breadcrumb":{"@id":"https://www.comercialanma.es/?product=ginebra-magellan-1750cl#breadcrumb"},"inLanguage":"es","potentialAction":[{"@type":"ReadAction","target":["https://www.comercialanma.es/?product=ginebra-magellan-1750cl"]}]},{"@type":"BreadcrumbList","@id":"https://www.comercialanma.es/?product=ginebra-magellan-1750cl#breadcrumb","itemListElement":[{"@type":"ListItem","position":1,"item":{"@type":"WebPage","@id":"https://www.comercialanma.es/","url":"https://www.comercialanma.es/","name":"Portada"}},{"@type":"ListItem","position":2,"item":{"@type":"WebPage","@id":"https://www.comercialanma.es/?page_id=3963","url":"https://www.comercialanma.es/?page_id=3963","name":"Cat\u00e1logo de Productos"}},{"@type":"ListItem","position":3,"item":{"@type":"WebPage","@id":"https://www.comercialanma.es/?product=ginebra-magellan-1750cl","url":"https://www.comercialanma.es/?product=ginebra-magellan-1750cl","name":"Ginebra Magellan 1750cl."}}]}]}</script>
<!-- / Yoast SEO plugin. -->
