
{"id":7660,"date":"2019-07-09T17:03:09","date_gmt":"2019-07-09T15:03:09","guid":{"rendered":"http:\/\/www.comercialanma.es\/?post_type=product&#038;p=7660"},"modified":"2019-07-09T17:06:37","modified_gmt":"2019-07-09T15:06:37","slug":"ginebra-harbour-48n-70cl","status":"publish","type":"product","link":"https:\/\/www.comercialanma.es\/?product=ginebra-harbour-48n-70cl","title":{"rendered":"Ginebra Harbour 48\u00b4N 70cl."},"content":{"rendered":"","protected":false},"excerpt":{"rendered":"<p><strong>HARBOUR<\/strong> es una Distilled gin elaborada artesanalmente (handcrafted), destilada en un alambique de cobre de m\u00e1s de 100 a\u00f1os de historia de 100 litros de capacidad.<\/p>\n<p>Producimos min\u00fasculas remesas (small batch) para preservar mejor el aroma, frescor y naturaleza de los sutiles y extraordinarios bot\u00e1nicos reci\u00e9n cogidos y seleccionados cuidadosamente a mano por mi (de la Punta del Fangar, arrozales, acantilados, playas de l\u2019Ampolla y el GR-92 sendero Mediterr\u00e1neo) y conseguir el sabor fresco, radiante y suave que caracteriza nuestro gin.<\/p>\n","protected":false},"featured_media":7661,"template":"","meta":{"spay_email":""},"yoast_head":"<!-- This site is optimized with the Yoast SEO plugin v15.9 - https:\/\/yoast.com\/wordpress\/plugins\/seo\/ -->\n<title>Ginebra Harbour 48\u00b4N 70cl. - Comercial de Hosteleria Anma<\/title>\n<meta name=\"robots\" content=\"index, follow, max-snippet:-1, max-image-preview:large, max-video-preview:-1\" \/>\n<link rel=\"canonical\" href=\"https:\/\/www.comercialanma.es\/?product=ginebra-harbour-48n-70cl\" \/>\n<meta property=\"og:locale\" content=\"es_ES\" \/>\n<meta property=\"og:type\" content=\"article\" \/>\n<meta property=\"og:title\" content=\"Ginebra Harbour 48\u00b4N 70cl. - Comercial de Hosteleria Anma\" \/>\n<meta property=\"og:description\" content=\"HARBOUR es una Distilled gin elaborada artesanalmente (handcrafted), destilada en un alambique de cobre de m\u00e1s de 100 a\u00f1os de historia de 100 litros de capacidad.  Producimos min\u00fasculas remesas (small batch) para preservar mejor el aroma, frescor y naturaleza de los sutiles y extraordinarios bot\u00e1nicos reci\u00e9n cogidos y seleccionados cuidadosamente a mano por mi (de la Punta del Fangar, arrozales, acantilados, playas de l\u2019Ampolla y el GR-92 sendero Mediterr\u00e1neo) y conseguir el sabor fresco, radiante y suave que caracteriza nuestro gin.\" \/>\n<meta property=\"og:url\" content=\"https:\/\/www.comercialanma.es\/?product=ginebra-harbour-48n-70cl\" \/>\n<meta property=\"og:site_name\" content=\"Comercial de Hosteleria Anma\" \/>\n<meta property=\"article:publisher\" content=\"https:\/\/www.facebook.com\/AnmaHosteleria\" \/>\n<meta property=\"article:modified_time\" content=\"2019-07-09T15:06:37+00:00\" \/>\n<meta property=\"og:image\" content=\"https:\/\/i1.wp.com\/www.comercialanma.es\/wp-content\/uploads\/2019\/07\/Harbour-40.jpg?fit=1200%2C1200&#038;ssl=1\" \/>\n\t<meta property=\"og:image:width\" content=\"1200\" \/>\n\t<meta property=\"og:image:height\" content=\"1200\" \/>\n<meta name=\"twitter:card\" content=\"summary_large_image\" \/>\n<script type=\"application\/ld+json\" class=\"yoast-schema-graph\">{\"@context\":\"https:\/\/schema.org\",\"@graph\":[{\"@type\":\"Organization\",\"@id\":\"https:\/\/www.comercialanma.es\/#organization\",\"name\":\"Comercial Anma\",\"url\":\"https:\/\/www.comercialanma.es\/\",\"sameAs\":[\"https:\/\/www.facebook.com\/AnmaHosteleria\",\"https:\/\/www.instagram.com\/anmahosteleria\/?hl=es\",\"https:\/\/www.youtube.com\/channel\/UCT2nmn08Ntks0hmpZPnDgCA\"],\"logo\":{\"@type\":\"ImageObject\",\"@id\":\"https:\/\/www.comercialanma.es\/#logo\",\"inLanguage\":\"es\",\"url\":\"https:\/\/i2.wp.com\/www.comercialanma.es\/wp-content\/uploads\/2019\/06\/logo-anma-color.png?fit=247%2C101&ssl=1\",\"width\":247,\"height\":101,\"caption\":\"Comercial Anma\"},\"image\":{\"@id\":\"https:\/\/www.comercialanma.es\/#logo\"}},{\"@type\":\"WebSite\",\"@id\":\"https:\/\/www.comercialanma.es\/#website\",\"url\":\"https:\/\/www.comercialanma.es\/\",\"name\":\"Comercial de Hosteleria Anma\",\"description\":\"\",\"publisher\":{\"@id\":\"https:\/\/www.comercialanma.es\/#organization\"},\"potentialAction\":[{\"@type\":\"SearchAction\",\"target\":\"https:\/\/www.comercialanma.es\/?s={search_term_string}\",\"query-input\":\"required name=search_term_string\"}],\"inLanguage\":\"es\"},{\"@type\":\"ImageObject\",\"@id\":\"https:\/\/www.comercialanma.es\/?product=ginebra-harbour-48n-70cl#primaryimage\",\"inLanguage\":\"es\",\"url\":\"https:\/\/i1.wp.com\/www.comercialanma.es\/wp-content\/uploads\/2019\/07\/Harbour-40.jpg?fit=1200%2C1200&ssl=1\",\"width\":1200,\"height\":1200},{\"@type\":\"WebPage\",\"@id\":\"https:\/\/www.comercialanma.es\/?product=ginebra-harbour-48n-70cl#webpage\",\"url\":\"https:\/\/www.comercialanma.es\/?product=ginebra-harbour-48n-70cl\",\"name\":\"Ginebra Harbour 48\\u00b4N 70cl. - Comercial de Hosteleria Anma\",\"isPartOf\":{\"@id\":\"https:\/\/www.comercialanma.es\/#website\"},\"primaryImageOfPage\":{\"@id\":\"https:\/\/www.comercialanma.es\/?product=ginebra-harbour-48n-70cl#primaryimage\"},\"datePublished\":\"2019-07-09T15:03:09+00:00\",\"dateModified\":\"2019-07-09T15:06:37+00:00\",\"breadcrumb\":{\"@id\":\"https:\/\/www.comercialanma.es\/?product=ginebra-harbour-48n-70cl#breadcrumb\"},\"inLanguage\":\"es\",\"potentialAction\":[{\"@type\":\"ReadAction\",\"target\":[\"https:\/\/www.comercialanma.es\/?product=ginebra-harbour-48n-70cl\"]}]},{\"@type\":\"BreadcrumbList\",\"@id\":\"https:\/\/www.comercialanma.es\/?product=ginebra-harbour-48n-70cl#breadcrumb\",\"itemListElement\":[{\"@type\":\"ListItem\",\"position\":1,\"item\":{\"@type\":\"WebPage\",\"@id\":\"https:\/\/www.comercialanma.es\/\",\"url\":\"https:\/\/www.comercialanma.es\/\",\"name\":\"Portada\"}},{\"@type\":\"ListItem\",\"position\":2,\"item\":{\"@type\":\"WebPage\",\"@id\":\"https:\/\/www.comercialanma.es\/?page_id=3963\",\"url\":\"https:\/\/www.comercialanma.es\/?page_id=3963\",\"name\":\"Cat\\u00e1logo de Productos\"}},{\"@type\":\"ListItem\",\"position\":3,\"item\":{\"@type\":\"WebPage\",\"@id\":\"https:\/\/www.comercialanma.es\/?product=ginebra-harbour-48n-70cl\",\"url\":\"https:\/\/www.comercialanma.es\/?product=ginebra-harbour-48n-70cl\",\"name\":\"Ginebra Harbour 48\\u00b4N 70cl.\"}}]}]}<\/script>\n<!-- \/ Yoast SEO plugin. -->","_links":{"self":[{"href":"https:\/\/www.comercialanma.es\/index.php?rest_route=\/wp\/v2\/product\/7660"}],"collection":[{"href":"https:\/\/www.comercialanma.es\/index.php?rest_route=\/wp\/v2\/product"}],"about":[{"href":"https:\/\/www.comercialanma.es\/index.php?rest_route=\/wp\/v2\/types\/product"}],"version-history":[{"count":1,"href":"https:\/\/www.comercialanma.es\/index.php?rest_route=\/wp\/v2\/product\/7660\/revisions"}],"predecessor-version":[{"id":7662,"href":"https:\/\/www.comercialanma.es\/index.php?rest_route=\/wp\/v2\/product\/7660\/revisions\/7662"}],"wp:featuredmedia":[{"embeddable":true,"href":"https:\/\/www.comercialanma.es\/index.php?rest_route=\/wp\/v2\/media\/7661"}],"wp:attachment":[{"href":"https:\/\/www.comercialanma.es\/index.php?rest_route=%2Fwp%2Fv2%2Fmedia&parent=7660"}],"curies":[{"name":"wp","href":"https:\/\/api.w.org\/{rel}","templated":true}]}}