
{"id":7855,"date":"2019-07-11T09:47:11","date_gmt":"2019-07-11T07:47:11","guid":{"rendered":"http:\/\/www.comercialanma.es\/?post_type=product&#038;p=7855"},"modified":"2019-07-11T09:50:44","modified_gmt":"2019-07-11T07:50:44","slug":"odk-crema-avellana-1l","status":"publish","type":"product","link":"https:\/\/www.comercialanma.es\/?product=odk-crema-avellana-1l","title":{"rendered":"ODK crema Avellana 1L."},"content":{"rendered":"<div>\n<h3>Nota de cata:<\/h3>\n<\/div>\n<div class=\"field field-name-field-bouche field-type-text-long field-label-above\">\n<div class=\"field-label\">\n<div class=\"field-item even\">\n<p>Aroma y sabor a aut\u00e9ntica avellana no tostada con un toque a caramelo. Su color es marron dorado. Se puede combinar con lattes, mochas y caf\u00e9s calientes, helados y frozen, chocolates calientes, leche fr\u00eda y al vapor, batidos y smoothies, sodas cremosas, c\u00f3cteles con y sin alcohol. Bebida sin gluten.<\/p>\n<\/div>\n<\/div>\n<\/div>\n","protected":false},"excerpt":{"rendered":"<p>ODK Avellanas es una crema sin alcohol elaborada por Orsadrinks, una compa\u00f1\u00eda italiana fundada en Tur\u00edn en el 1994, actualmente presente en 16 pa\u00edses. Esta bebida est\u00e1 elaborada s\u00f3lo con avellanas seleccionadas de m\u00e1xima calidad. Tiene un envase muy funcional ideado para que su uso sea lo m\u00e1s c\u00f3modo posible.<\/p>\n","protected":false},"featured_media":7856,"template":"","meta":{"spay_email":""},"yoast_head":"<!-- This site is optimized with the Yoast SEO plugin v15.9 - https:\/\/yoast.com\/wordpress\/plugins\/seo\/ -->\n<title>ODK crema Avellana 1L. - Comercial de Hosteleria Anma<\/title>\n<meta name=\"robots\" content=\"index, follow, max-snippet:-1, max-image-preview:large, max-video-preview:-1\" \/>\n<link rel=\"canonical\" href=\"https:\/\/www.comercialanma.es\/?product=odk-crema-avellana-1l\" \/>\n<meta property=\"og:locale\" content=\"es_ES\" \/>\n<meta property=\"og:type\" content=\"article\" \/>\n<meta property=\"og:title\" content=\"ODK crema Avellana 1L. - Comercial de Hosteleria Anma\" \/>\n<meta property=\"og:description\" content=\"ODK Avellanas es una crema sin alcohol elaborada por Orsadrinks, una compa\u00f1\u00eda italiana fundada en Tur\u00edn en el 1994, actualmente presente en 16 pa\u00edses. Esta bebida est\u00e1 elaborada s\u00f3lo con avellanas seleccionadas de m\u00e1xima calidad. Tiene un envase muy funcional ideado para que su uso sea lo m\u00e1s c\u00f3modo posible.\" \/>\n<meta property=\"og:url\" content=\"https:\/\/www.comercialanma.es\/?product=odk-crema-avellana-1l\" \/>\n<meta property=\"og:site_name\" content=\"Comercial de Hosteleria Anma\" \/>\n<meta property=\"article:publisher\" content=\"https:\/\/www.facebook.com\/AnmaHosteleria\" \/>\n<meta property=\"article:modified_time\" content=\"2019-07-11T07:50:44+00:00\" \/>\n<meta property=\"og:image\" content=\"https:\/\/i2.wp.com\/www.comercialanma.es\/wp-content\/uploads\/2019\/07\/ODK-crema-avellana.jpg?fit=1200%2C1200&#038;ssl=1\" \/>\n\t<meta property=\"og:image:width\" content=\"1200\" \/>\n\t<meta property=\"og:image:height\" content=\"1200\" \/>\n<meta name=\"twitter:card\" content=\"summary_large_image\" \/>\n<script type=\"application\/ld+json\" class=\"yoast-schema-graph\">{\"@context\":\"https:\/\/schema.org\",\"@graph\":[{\"@type\":\"Organization\",\"@id\":\"https:\/\/www.comercialanma.es\/#organization\",\"name\":\"Comercial Anma\",\"url\":\"https:\/\/www.comercialanma.es\/\",\"sameAs\":[\"https:\/\/www.facebook.com\/AnmaHosteleria\",\"https:\/\/www.instagram.com\/anmahosteleria\/?hl=es\",\"https:\/\/www.youtube.com\/channel\/UCT2nmn08Ntks0hmpZPnDgCA\"],\"logo\":{\"@type\":\"ImageObject\",\"@id\":\"https:\/\/www.comercialanma.es\/#logo\",\"inLanguage\":\"es\",\"url\":\"https:\/\/i2.wp.com\/www.comercialanma.es\/wp-content\/uploads\/2019\/06\/logo-anma-color.png?fit=247%2C101&ssl=1\",\"width\":247,\"height\":101,\"caption\":\"Comercial Anma\"},\"image\":{\"@id\":\"https:\/\/www.comercialanma.es\/#logo\"}},{\"@type\":\"WebSite\",\"@id\":\"https:\/\/www.comercialanma.es\/#website\",\"url\":\"https:\/\/www.comercialanma.es\/\",\"name\":\"Comercial de Hosteleria Anma\",\"description\":\"\",\"publisher\":{\"@id\":\"https:\/\/www.comercialanma.es\/#organization\"},\"potentialAction\":[{\"@type\":\"SearchAction\",\"target\":\"https:\/\/www.comercialanma.es\/?s={search_term_string}\",\"query-input\":\"required name=search_term_string\"}],\"inLanguage\":\"es\"},{\"@type\":\"ImageObject\",\"@id\":\"https:\/\/www.comercialanma.es\/?product=odk-crema-avellana-1l#primaryimage\",\"inLanguage\":\"es\",\"url\":\"https:\/\/i2.wp.com\/www.comercialanma.es\/wp-content\/uploads\/2019\/07\/ODK-crema-avellana.jpg?fit=1200%2C1200&ssl=1\",\"width\":1200,\"height\":1200},{\"@type\":\"WebPage\",\"@id\":\"https:\/\/www.comercialanma.es\/?product=odk-crema-avellana-1l#webpage\",\"url\":\"https:\/\/www.comercialanma.es\/?product=odk-crema-avellana-1l\",\"name\":\"ODK crema Avellana 1L. - Comercial de Hosteleria Anma\",\"isPartOf\":{\"@id\":\"https:\/\/www.comercialanma.es\/#website\"},\"primaryImageOfPage\":{\"@id\":\"https:\/\/www.comercialanma.es\/?product=odk-crema-avellana-1l#primaryimage\"},\"datePublished\":\"2019-07-11T07:47:11+00:00\",\"dateModified\":\"2019-07-11T07:50:44+00:00\",\"breadcrumb\":{\"@id\":\"https:\/\/www.comercialanma.es\/?product=odk-crema-avellana-1l#breadcrumb\"},\"inLanguage\":\"es\",\"potentialAction\":[{\"@type\":\"ReadAction\",\"target\":[\"https:\/\/www.comercialanma.es\/?product=odk-crema-avellana-1l\"]}]},{\"@type\":\"BreadcrumbList\",\"@id\":\"https:\/\/www.comercialanma.es\/?product=odk-crema-avellana-1l#breadcrumb\",\"itemListElement\":[{\"@type\":\"ListItem\",\"position\":1,\"item\":{\"@type\":\"WebPage\",\"@id\":\"https:\/\/www.comercialanma.es\/\",\"url\":\"https:\/\/www.comercialanma.es\/\",\"name\":\"Portada\"}},{\"@type\":\"ListItem\",\"position\":2,\"item\":{\"@type\":\"WebPage\",\"@id\":\"https:\/\/www.comercialanma.es\/?page_id=3963\",\"url\":\"https:\/\/www.comercialanma.es\/?page_id=3963\",\"name\":\"Cat\\u00e1logo de Productos\"}},{\"@type\":\"ListItem\",\"position\":3,\"item\":{\"@type\":\"WebPage\",\"@id\":\"https:\/\/www.comercialanma.es\/?product=odk-crema-avellana-1l\",\"url\":\"https:\/\/www.comercialanma.es\/?product=odk-crema-avellana-1l\",\"name\":\"ODK crema Avellana 1L.\"}}]}]}<\/script>\n<!-- \/ Yoast SEO plugin. -->","_links":{"self":[{"href":"https:\/\/www.comercialanma.es\/index.php?rest_route=\/wp\/v2\/product\/7855"}],"collection":[{"href":"https:\/\/www.comercialanma.es\/index.php?rest_route=\/wp\/v2\/product"}],"about":[{"href":"https:\/\/www.comercialanma.es\/index.php?rest_route=\/wp\/v2\/types\/product"}],"version-history":[{"count":1,"href":"https:\/\/www.comercialanma.es\/index.php?rest_route=\/wp\/v2\/product\/7855\/revisions"}],"predecessor-version":[{"id":7857,"href":"https:\/\/www.comercialanma.es\/index.php?rest_route=\/wp\/v2\/product\/7855\/revisions\/7857"}],"wp:featuredmedia":[{"embeddable":true,"href":"https:\/\/www.comercialanma.es\/index.php?rest_route=\/wp\/v2\/media\/7856"}],"wp:attachment":[{"href":"https:\/\/www.comercialanma.es\/index.php?rest_route=%2Fwp%2Fv2%2Fmedia&parent=7855"}],"curies":[{"name":"wp","href":"https:\/\/api.w.org\/{rel}","templated":true}]}}

<div>
<h3>Nota de cata:</h3>
</div>
<div class="field field-name-field-bouche field-type-text-long field-label-above">
<div class="field-label">
<div class="field-item even">
<p>Aroma y sabor a auténtica avellana no tostada con un toque a caramelo. Su color es marron dorado. Se puede combinar con lattes, mochas y cafés calientes, helados y frozen, chocolates calientes, leche fría y al vapor, batidos y smoothies, sodas cremosas, cócteles con y sin alcohol. Bebida sin gluten.</p>
</div>
</div>
</div>

<p>ODK Avellanas es una crema sin alcohol elaborada por Orsadrinks, una compañía italiana fundada en Turín en el 1994, actualmente presente en 16 países. Esta bebida está elaborada sólo con avellanas seleccionadas de máxima calidad. Tiene un envase muy funcional ideado para que su uso sea lo más cómodo posible.</p>

<!-- This site is optimized with the Yoast SEO plugin v15.9 - https://yoast.com/wordpress/plugins/seo/ -->
<title>ODK crema Avellana 1L. - Comercial de Hosteleria Anma</title>
<meta name="robots" content="index, follow, max-snippet:-1, max-image-preview:large, max-video-preview:-1" />
<link rel="canonical" href="https://www.comercialanma.es/?product=odk-crema-avellana-1l" />
<meta property="og:locale" content="es_ES" />
<meta property="og:type" content="article" />
<meta property="og:title" content="ODK crema Avellana 1L. - Comercial de Hosteleria Anma" />
<meta property="og:description" content="ODK Avellanas es una crema sin alcohol elaborada por Orsadrinks, una compañía italiana fundada en Turín en el 1994, actualmente presente en 16 países. Esta bebida está elaborada sólo con avellanas seleccionadas de máxima calidad. Tiene un envase muy funcional ideado para que su uso sea lo más cómodo posible." />
<meta property="og:url" content="https://www.comercialanma.es/?product=odk-crema-avellana-1l" />
<meta property="og:site_name" content="Comercial de Hosteleria Anma" />
<meta property="article:publisher" content="https://www.facebook.com/AnmaHosteleria" />
<meta property="article:modified_time" content="2019-07-11T07:50:44+00:00" />
<meta property="og:image" content="https://i2.wp.com/www.comercialanma.es/wp-content/uploads/2019/07/ODK-crema-avellana.jpg?fit=1200%2C1200&#038;ssl=1" />
	<meta property="og:image:width" content="1200" />
	<meta property="og:image:height" content="1200" />
<meta name="twitter:card" content="summary_large_image" />
<script type="application/ld+json" class="yoast-schema-graph">{"@context":"https://schema.org","@graph":[{"@type":"Organization","@id":"https://www.comercialanma.es/#organization","name":"Comercial Anma","url":"https://www.comercialanma.es/","sameAs":["https://www.facebook.com/AnmaHosteleria","https://www.instagram.com/anmahosteleria/?hl=es","https://www.youtube.com/channel/UCT2nmn08Ntks0hmpZPnDgCA"],"logo":{"@type":"ImageObject","@id":"https://www.comercialanma.es/#logo","inLanguage":"es","url":"https://i2.wp.com/www.comercialanma.es/wp-content/uploads/2019/06/logo-anma-color.png?fit=247%2C101&ssl=1","width":247,"height":101,"caption":"Comercial Anma"},"image":{"@id":"https://www.comercialanma.es/#logo"}},{"@type":"WebSite","@id":"https://www.comercialanma.es/#website","url":"https://www.comercialanma.es/","name":"Comercial de Hosteleria Anma","description":"","publisher":{"@id":"https://www.comercialanma.es/#organization"},"potentialAction":[{"@type":"SearchAction","target":"https://www.comercialanma.es/?s={search_term_string}","query-input":"required name=search_term_string"}],"inLanguage":"es"},{"@type":"ImageObject","@id":"https://www.comercialanma.es/?product=odk-crema-avellana-1l#primaryimage","inLanguage":"es","url":"https://i2.wp.com/www.comercialanma.es/wp-content/uploads/2019/07/ODK-crema-avellana.jpg?fit=1200%2C1200&ssl=1","width":1200,"height":1200},{"@type":"WebPage","@id":"https://www.comercialanma.es/?product=odk-crema-avellana-1l#webpage","url":"https://www.comercialanma.es/?product=odk-crema-avellana-1l","name":"ODK crema Avellana 1L. - Comercial de Hosteleria Anma","isPartOf":{"@id":"https://www.comercialanma.es/#website"},"primaryImageOfPage":{"@id":"https://www.comercialanma.es/?product=odk-crema-avellana-1l#primaryimage"},"datePublished":"2019-07-11T07:47:11+00:00","dateModified":"2019-07-11T07:50:44+00:00","breadcrumb":{"@id":"https://www.comercialanma.es/?product=odk-crema-avellana-1l#breadcrumb"},"inLanguage":"es","potentialAction":[{"@type":"ReadAction","target":["https://www.comercialanma.es/?product=odk-crema-avellana-1l"]}]},{"@type":"BreadcrumbList","@id":"https://www.comercialanma.es/?product=odk-crema-avellana-1l#breadcrumb","itemListElement":[{"@type":"ListItem","position":1,"item":{"@type":"WebPage","@id":"https://www.comercialanma.es/","url":"https://www.comercialanma.es/","name":"Portada"}},{"@type":"ListItem","position":2,"item":{"@type":"WebPage","@id":"https://www.comercialanma.es/?page_id=3963","url":"https://www.comercialanma.es/?page_id=3963","name":"Cat\u00e1logo de Productos"}},{"@type":"ListItem","position":3,"item":{"@type":"WebPage","@id":"https://www.comercialanma.es/?product=odk-crema-avellana-1l","url":"https://www.comercialanma.es/?product=odk-crema-avellana-1l","name":"ODK crema Avellana 1L."}}]}]}</script>
<!-- / Yoast SEO plugin. -->
