
{"id":7977,"date":"2019-07-11T17:54:49","date_gmt":"2019-07-11T15:54:49","guid":{"rendered":"http:\/\/www.comercialanma.es\/?post_type=product&#038;p=7977"},"modified":"2023-09-25T11:04:17","modified_gmt":"2023-09-25T09:04:17","slug":"maraschino-bardinet","status":"publish","type":"product","link":"https:\/\/www.comercialanma.es\/?product=maraschino-bardinet","title":{"rendered":"Maraschino Bardinet 70cl."},"content":{"rendered":"<h3>Notas de cata:<\/h3>\n<ul>\n<li>Se trata de un licor incoloro y transparente.<\/li>\n<li>En nariz destaca por sus notas a alm\u00edbar, recordando a la cereza. Su equilibrio de alcohol y frutas es perfecto, por eso, su especial sabor con notas de miel, almendras o az\u00facar, sumergen al bebedor en una cartograf\u00eda de sabores.<\/li>\n<li>El final es envolvente\u00a0e invita a combinar otros sabores, tales como postres u otros c\u00f3cteles.<\/li>\n<\/ul>\n<h3>Graduaci\u00f3n:<\/h3>\n<ul>\n<li>29% Vol.<\/li>\n<\/ul>\n","protected":false},"excerpt":{"rendered":"<p>Maraschino\u00a0es un licor muy agradable elaborado con una variedad muy especial de cerezas, las llamadas\u00a0marrascas, que tras ser fermentadas y destiladas con aguardiente, encontramos este delicado y glutinoso resultado. Ideal para postres con frutas y helados, servido bien fr\u00edo y con una buena y larga sobremesa. Solo un chorrito de este caldo en una buena macedonia de frutas, servir\u00e1 como el mejor potenciador de su alm\u00edbar.<\/p>\n<p>Este destilado de Bardinet, conocida tambi\u00e9n por su ic\u00f3nico Negrita, convive junto a otros de la marca, la cual lleva desde 1857 presentando en el mercado\u00a0las mejores bebidas alcoh\u00f3licas, tales como: Cura\u00e7ao Rouge y Blue, Kirsch, Maraschino o Whisky Peche Yachting.<\/p>\n<p>&nbsp;<\/p>\n","protected":false},"featured_media":22687,"template":"","meta":{"spay_email":""},"yoast_head":"<!-- This site is optimized with the Yoast SEO plugin v15.9 - https:\/\/yoast.com\/wordpress\/plugins\/seo\/ -->\n<title>Maraschino Bardinet 70cl. - Comercial de Hosteleria Anma<\/title>\n<meta name=\"description\" content=\"Maraschino Bardinet | 70cl.| 29% | Licor de cerezas llamado as\u00ed por la variedad de cerezas \u00abmarasca\u00bb con el que, originalmente, se preparaba.\" \/>\n<meta name=\"robots\" content=\"index, follow, max-snippet:-1, max-image-preview:large, max-video-preview:-1\" \/>\n<link rel=\"canonical\" href=\"https:\/\/www.comercialanma.es\/?product=maraschino-bardinet\" \/>\n<meta property=\"og:locale\" content=\"es_ES\" \/>\n<meta property=\"og:type\" content=\"article\" \/>\n<meta property=\"og:title\" content=\"Maraschino Bardinet 70cl. - Comercial de Hosteleria Anma\" \/>\n<meta property=\"og:description\" content=\"Maraschino Bardinet | 70cl.| 29% | Licor de cerezas llamado as\u00ed por la variedad de cerezas \u00abmarasca\u00bb con el que, originalmente, se preparaba.\" \/>\n<meta property=\"og:url\" content=\"https:\/\/www.comercialanma.es\/?product=maraschino-bardinet\" \/>\n<meta property=\"og:site_name\" content=\"Comercial de Hosteleria Anma\" \/>\n<meta property=\"article:publisher\" content=\"https:\/\/www.facebook.com\/AnmaHosteleria\" \/>\n<meta property=\"article:modified_time\" content=\"2023-09-25T09:04:17+00:00\" \/>\n<meta property=\"og:image\" content=\"https:\/\/i2.wp.com\/www.comercialanma.es\/wp-content\/uploads\/2019\/07\/Maraschino-bardinet.jpg?fit=1080%2C1080&#038;ssl=1\" \/>\n\t<meta property=\"og:image:width\" content=\"1080\" \/>\n\t<meta property=\"og:image:height\" content=\"1080\" \/>\n<meta name=\"twitter:card\" content=\"summary_large_image\" \/>\n<meta name=\"twitter:label1\" content=\"Tiempo de lectura\">\n\t<meta name=\"twitter:data1\" content=\"1 minuto\">\n<script type=\"application\/ld+json\" class=\"yoast-schema-graph\">{\"@context\":\"https:\/\/schema.org\",\"@graph\":[{\"@type\":\"Organization\",\"@id\":\"https:\/\/www.comercialanma.es\/#organization\",\"name\":\"Comercial Anma\",\"url\":\"https:\/\/www.comercialanma.es\/\",\"sameAs\":[\"https:\/\/www.facebook.com\/AnmaHosteleria\",\"https:\/\/www.instagram.com\/anmahosteleria\/?hl=es\",\"https:\/\/www.youtube.com\/channel\/UCT2nmn08Ntks0hmpZPnDgCA\"],\"logo\":{\"@type\":\"ImageObject\",\"@id\":\"https:\/\/www.comercialanma.es\/#logo\",\"inLanguage\":\"es\",\"url\":\"https:\/\/i2.wp.com\/www.comercialanma.es\/wp-content\/uploads\/2019\/06\/logo-anma-color.png?fit=247%2C101&ssl=1\",\"width\":247,\"height\":101,\"caption\":\"Comercial Anma\"},\"image\":{\"@id\":\"https:\/\/www.comercialanma.es\/#logo\"}},{\"@type\":\"WebSite\",\"@id\":\"https:\/\/www.comercialanma.es\/#website\",\"url\":\"https:\/\/www.comercialanma.es\/\",\"name\":\"Comercial de Hosteleria Anma\",\"description\":\"\",\"publisher\":{\"@id\":\"https:\/\/www.comercialanma.es\/#organization\"},\"potentialAction\":[{\"@type\":\"SearchAction\",\"target\":\"https:\/\/www.comercialanma.es\/?s={search_term_string}\",\"query-input\":\"required name=search_term_string\"}],\"inLanguage\":\"es\"},{\"@type\":\"ImageObject\",\"@id\":\"https:\/\/www.comercialanma.es\/?product=maraschino-bardinet#primaryimage\",\"inLanguage\":\"es\",\"url\":\"https:\/\/i2.wp.com\/www.comercialanma.es\/wp-content\/uploads\/2019\/07\/Maraschino-bardinet.jpg?fit=1080%2C1080&ssl=1\",\"width\":1080,\"height\":1080},{\"@type\":\"WebPage\",\"@id\":\"https:\/\/www.comercialanma.es\/?product=maraschino-bardinet#webpage\",\"url\":\"https:\/\/www.comercialanma.es\/?product=maraschino-bardinet\",\"name\":\"Maraschino Bardinet 70cl. - Comercial de Hosteleria Anma\",\"isPartOf\":{\"@id\":\"https:\/\/www.comercialanma.es\/#website\"},\"primaryImageOfPage\":{\"@id\":\"https:\/\/www.comercialanma.es\/?product=maraschino-bardinet#primaryimage\"},\"datePublished\":\"2019-07-11T15:54:49+00:00\",\"dateModified\":\"2023-09-25T09:04:17+00:00\",\"description\":\"Maraschino Bardinet | 70cl.| 29% | Licor de cerezas llamado as\\u00ed por la variedad de cerezas \\u00abmarasca\\u00bb con el que, originalmente, se preparaba.\",\"breadcrumb\":{\"@id\":\"https:\/\/www.comercialanma.es\/?product=maraschino-bardinet#breadcrumb\"},\"inLanguage\":\"es\",\"potentialAction\":[{\"@type\":\"ReadAction\",\"target\":[\"https:\/\/www.comercialanma.es\/?product=maraschino-bardinet\"]}]},{\"@type\":\"BreadcrumbList\",\"@id\":\"https:\/\/www.comercialanma.es\/?product=maraschino-bardinet#breadcrumb\",\"itemListElement\":[{\"@type\":\"ListItem\",\"position\":1,\"item\":{\"@type\":\"WebPage\",\"@id\":\"https:\/\/www.comercialanma.es\/\",\"url\":\"https:\/\/www.comercialanma.es\/\",\"name\":\"Portada\"}},{\"@type\":\"ListItem\",\"position\":2,\"item\":{\"@type\":\"WebPage\",\"@id\":\"https:\/\/www.comercialanma.es\/?page_id=3963\",\"url\":\"https:\/\/www.comercialanma.es\/?page_id=3963\",\"name\":\"Cat\\u00e1logo de Productos\"}},{\"@type\":\"ListItem\",\"position\":3,\"item\":{\"@type\":\"WebPage\",\"@id\":\"https:\/\/www.comercialanma.es\/?product=maraschino-bardinet\",\"url\":\"https:\/\/www.comercialanma.es\/?product=maraschino-bardinet\",\"name\":\"Maraschino Bardinet 70cl.\"}}]}]}<\/script>\n<!-- \/ Yoast SEO plugin. -->","_links":{"self":[{"href":"https:\/\/www.comercialanma.es\/index.php?rest_route=\/wp\/v2\/product\/7977"}],"collection":[{"href":"https:\/\/www.comercialanma.es\/index.php?rest_route=\/wp\/v2\/product"}],"about":[{"href":"https:\/\/www.comercialanma.es\/index.php?rest_route=\/wp\/v2\/types\/product"}],"version-history":[{"count":4,"href":"https:\/\/www.comercialanma.es\/index.php?rest_route=\/wp\/v2\/product\/7977\/revisions"}],"predecessor-version":[{"id":22688,"href":"https:\/\/www.comercialanma.es\/index.php?rest_route=\/wp\/v2\/product\/7977\/revisions\/22688"}],"wp:featuredmedia":[{"embeddable":true,"href":"https:\/\/www.comercialanma.es\/index.php?rest_route=\/wp\/v2\/media\/22687"}],"wp:attachment":[{"href":"https:\/\/www.comercialanma.es\/index.php?rest_route=%2Fwp%2Fv2%2Fmedia&parent=7977"}],"curies":[{"name":"wp","href":"https:\/\/api.w.org\/{rel}","templated":true}]}}