
{"id":8095,"date":"2019-07-12T17:38:57","date_gmt":"2019-07-12T15:38:57","guid":{"rendered":"http:\/\/www.comercialanma.es\/?post_type=product&#038;p=8095"},"modified":"2019-07-12T17:44:16","modified_gmt":"2019-07-12T15:44:16","slug":"pacharan-etxeco-1l","status":"publish","type":"product","link":"https:\/\/www.comercialanma.es\/?product=pacharan-etxeco-1l","title":{"rendered":"Pacharan Etxeco 1L."},"content":{"rendered":"<h3>Nota de cata:<\/h3>\n<ul>\n<li>Presenta un color rojo intenso con ligeros tonos tejas. Brillo y limpidez caracter\u00edstico de bebidas j\u00f3venes.<\/li>\n<li>El primer aroma que se aprecia es a fruta, resaltando tambi\u00e9n con facilidad los matices anisados.<\/li>\n<li>Presenta el sabor a endrina caracter\u00edstico de este producto y el dulzor del licor queda amortiguado por la acidez y el amargor que le cede la fruta.<\/li>\n<li>Bebida muy digestiva, de agradable sabor y tonos rojizos elaborada a base de endrinas frescas, alcohol, anises y azucar.<\/li>\n<\/ul>\n<p>&nbsp;<\/p>\n","protected":false},"excerpt":{"rendered":"<p>Este pacharan es el resultado de la maceraci\u00f3n de endrinas con alcohol. Nuestras endrinas proceden en su mayor parte de plantaciones Navarras controladas directamente por el Consejo Regulador de Pachar\u00e1n Navarro. El alcohol proviene de las melazas de remolacha de la mejor calidad.<\/p>\n<p>A partir de la maceraci\u00f3n, que se alargar\u00e1 aproximadamente 2 meses dependiendo de la evoluci\u00f3n del fruto azulado con el alcohol tanto en color como en cata, se a\u00f1ade el azucar y el an\u00eds.<\/p>\n<p>La mezcla resultante se filtra hasta 5 veces para separar impurezas y obtener una mezcla homogenea al gusto del consumidor.<\/p>\n<p>Este pacharan se elabora sumando los componentes en base a la receta tradicional de la Familia Belasco.<\/p>\n","protected":false},"featured_media":8096,"template":"","meta":{"spay_email":""},"yoast_head":"<!-- This site is optimized with the Yoast SEO plugin v15.9 - https:\/\/yoast.com\/wordpress\/plugins\/seo\/ -->\n<title>Pacharan Etxeco 1L. - Comercial de Hosteleria Anma<\/title>\n<meta name=\"robots\" content=\"index, follow, max-snippet:-1, max-image-preview:large, max-video-preview:-1\" \/>\n<link rel=\"canonical\" href=\"https:\/\/www.comercialanma.es\/?product=pacharan-etxeco-1l\" \/>\n<meta property=\"og:locale\" content=\"es_ES\" \/>\n<meta property=\"og:type\" content=\"article\" \/>\n<meta property=\"og:title\" content=\"Pacharan Etxeco 1L. - Comercial de Hosteleria Anma\" \/>\n<meta property=\"og:description\" content=\"Este pacharan es el resultado de la maceraci\u00f3n de endrinas con alcohol. Nuestras endrinas proceden en su mayor parte de plantaciones Navarras controladas directamente por el Consejo Regulador de Pachar\u00e1n Navarro. El alcohol proviene de las melazas de remolacha de la mejor calidad.  A partir de la maceraci\u00f3n, que se alargar\u00e1 aproximadamente 2 meses dependiendo de la evoluci\u00f3n del fruto azulado con el alcohol tanto en color como en cata, se a\u00f1ade el azucar y el an\u00eds.  La mezcla resultante se filtra hasta 5 veces para separar impurezas y obtener una mezcla homogenea al gusto del consumidor.  Este pacharan se elabora sumando los componentes en base a la receta tradicional de la Familia Belasco.\" \/>\n<meta property=\"og:url\" content=\"https:\/\/www.comercialanma.es\/?product=pacharan-etxeco-1l\" \/>\n<meta property=\"og:site_name\" content=\"Comercial de Hosteleria Anma\" \/>\n<meta property=\"article:publisher\" content=\"https:\/\/www.facebook.com\/AnmaHosteleria\" \/>\n<meta property=\"article:modified_time\" content=\"2019-07-12T15:44:16+00:00\" \/>\n<meta property=\"og:image\" content=\"https:\/\/i2.wp.com\/www.comercialanma.es\/wp-content\/uploads\/2019\/07\/Etxeco-pacharan.jpg?fit=1200%2C1200&#038;ssl=1\" \/>\n\t<meta property=\"og:image:width\" content=\"1200\" \/>\n\t<meta property=\"og:image:height\" content=\"1200\" \/>\n<meta name=\"twitter:card\" content=\"summary_large_image\" \/>\n<script type=\"application\/ld+json\" class=\"yoast-schema-graph\">{\"@context\":\"https:\/\/schema.org\",\"@graph\":[{\"@type\":\"Organization\",\"@id\":\"https:\/\/www.comercialanma.es\/#organization\",\"name\":\"Comercial Anma\",\"url\":\"https:\/\/www.comercialanma.es\/\",\"sameAs\":[\"https:\/\/www.facebook.com\/AnmaHosteleria\",\"https:\/\/www.instagram.com\/anmahosteleria\/?hl=es\",\"https:\/\/www.youtube.com\/channel\/UCT2nmn08Ntks0hmpZPnDgCA\"],\"logo\":{\"@type\":\"ImageObject\",\"@id\":\"https:\/\/www.comercialanma.es\/#logo\",\"inLanguage\":\"es\",\"url\":\"https:\/\/i2.wp.com\/www.comercialanma.es\/wp-content\/uploads\/2019\/06\/logo-anma-color.png?fit=247%2C101&ssl=1\",\"width\":247,\"height\":101,\"caption\":\"Comercial Anma\"},\"image\":{\"@id\":\"https:\/\/www.comercialanma.es\/#logo\"}},{\"@type\":\"WebSite\",\"@id\":\"https:\/\/www.comercialanma.es\/#website\",\"url\":\"https:\/\/www.comercialanma.es\/\",\"name\":\"Comercial de Hosteleria Anma\",\"description\":\"\",\"publisher\":{\"@id\":\"https:\/\/www.comercialanma.es\/#organization\"},\"potentialAction\":[{\"@type\":\"SearchAction\",\"target\":\"https:\/\/www.comercialanma.es\/?s={search_term_string}\",\"query-input\":\"required name=search_term_string\"}],\"inLanguage\":\"es\"},{\"@type\":\"ImageObject\",\"@id\":\"https:\/\/www.comercialanma.es\/?product=pacharan-etxeco-1l#primaryimage\",\"inLanguage\":\"es\",\"url\":\"https:\/\/i2.wp.com\/www.comercialanma.es\/wp-content\/uploads\/2019\/07\/Etxeco-pacharan.jpg?fit=1200%2C1200&ssl=1\",\"width\":1200,\"height\":1200},{\"@type\":\"WebPage\",\"@id\":\"https:\/\/www.comercialanma.es\/?product=pacharan-etxeco-1l#webpage\",\"url\":\"https:\/\/www.comercialanma.es\/?product=pacharan-etxeco-1l\",\"name\":\"Pacharan Etxeco 1L. - Comercial de Hosteleria Anma\",\"isPartOf\":{\"@id\":\"https:\/\/www.comercialanma.es\/#website\"},\"primaryImageOfPage\":{\"@id\":\"https:\/\/www.comercialanma.es\/?product=pacharan-etxeco-1l#primaryimage\"},\"datePublished\":\"2019-07-12T15:38:57+00:00\",\"dateModified\":\"2019-07-12T15:44:16+00:00\",\"breadcrumb\":{\"@id\":\"https:\/\/www.comercialanma.es\/?product=pacharan-etxeco-1l#breadcrumb\"},\"inLanguage\":\"es\",\"potentialAction\":[{\"@type\":\"ReadAction\",\"target\":[\"https:\/\/www.comercialanma.es\/?product=pacharan-etxeco-1l\"]}]},{\"@type\":\"BreadcrumbList\",\"@id\":\"https:\/\/www.comercialanma.es\/?product=pacharan-etxeco-1l#breadcrumb\",\"itemListElement\":[{\"@type\":\"ListItem\",\"position\":1,\"item\":{\"@type\":\"WebPage\",\"@id\":\"https:\/\/www.comercialanma.es\/\",\"url\":\"https:\/\/www.comercialanma.es\/\",\"name\":\"Portada\"}},{\"@type\":\"ListItem\",\"position\":2,\"item\":{\"@type\":\"WebPage\",\"@id\":\"https:\/\/www.comercialanma.es\/?page_id=3963\",\"url\":\"https:\/\/www.comercialanma.es\/?page_id=3963\",\"name\":\"Cat\\u00e1logo de Productos\"}},{\"@type\":\"ListItem\",\"position\":3,\"item\":{\"@type\":\"WebPage\",\"@id\":\"https:\/\/www.comercialanma.es\/?product=pacharan-etxeco-1l\",\"url\":\"https:\/\/www.comercialanma.es\/?product=pacharan-etxeco-1l\",\"name\":\"Pacharan Etxeco 1L.\"}}]}]}<\/script>\n<!-- \/ Yoast SEO plugin. -->","_links":{"self":[{"href":"https:\/\/www.comercialanma.es\/index.php?rest_route=\/wp\/v2\/product\/8095"}],"collection":[{"href":"https:\/\/www.comercialanma.es\/index.php?rest_route=\/wp\/v2\/product"}],"about":[{"href":"https:\/\/www.comercialanma.es\/index.php?rest_route=\/wp\/v2\/types\/product"}],"version-history":[{"count":1,"href":"https:\/\/www.comercialanma.es\/index.php?rest_route=\/wp\/v2\/product\/8095\/revisions"}],"predecessor-version":[{"id":8097,"href":"https:\/\/www.comercialanma.es\/index.php?rest_route=\/wp\/v2\/product\/8095\/revisions\/8097"}],"wp:featuredmedia":[{"embeddable":true,"href":"https:\/\/www.comercialanma.es\/index.php?rest_route=\/wp\/v2\/media\/8096"}],"wp:attachment":[{"href":"https:\/\/www.comercialanma.es\/index.php?rest_route=%2Fwp%2Fv2%2Fmedia&parent=8095"}],"curies":[{"name":"wp","href":"https:\/\/api.w.org\/{rel}","templated":true}]}}

<h3>Nota de cata:</h3>
<ul>
<li>Presenta un color rojo intenso con ligeros tonos tejas. Brillo y limpidez característico de bebidas jóvenes.</li>
<li>El primer aroma que se aprecia es a fruta, resaltando también con facilidad los matices anisados.</li>
<li>Presenta el sabor a endrina característico de este producto y el dulzor del licor queda amortiguado por la acidez y el amargor que le cede la fruta.</li>
<li>Bebida muy digestiva, de agradable sabor y tonos rojizos elaborada a base de endrinas frescas, alcohol, anises y azucar.</li>
</ul>
<p>&nbsp;</p>

<p>Este pacharan es el resultado de la maceración de endrinas con alcohol. Nuestras endrinas proceden en su mayor parte de plantaciones Navarras controladas directamente por el Consejo Regulador de Pacharán Navarro. El alcohol proviene de las melazas de remolacha de la mejor calidad.</p>
<p>A partir de la maceración, que se alargará aproximadamente 2 meses dependiendo de la evolución del fruto azulado con el alcohol tanto en color como en cata, se añade el azucar y el anís.</p>
<p>La mezcla resultante se filtra hasta 5 veces para separar impurezas y obtener una mezcla homogenea al gusto del consumidor.</p>
<p>Este pacharan se elabora sumando los componentes en base a la receta tradicional de la Familia Belasco.</p>

<!-- This site is optimized with the Yoast SEO plugin v15.9 - https://yoast.com/wordpress/plugins/seo/ -->
<title>Pacharan Etxeco 1L. - Comercial de Hosteleria Anma</title>
<meta name="robots" content="index, follow, max-snippet:-1, max-image-preview:large, max-video-preview:-1" />
<link rel="canonical" href="https://www.comercialanma.es/?product=pacharan-etxeco-1l" />
<meta property="og:locale" content="es_ES" />
<meta property="og:type" content="article" />
<meta property="og:title" content="Pacharan Etxeco 1L. - Comercial de Hosteleria Anma" />
<meta property="og:description" content="Este pacharan es el resultado de la maceración de endrinas con alcohol. Nuestras endrinas proceden en su mayor parte de plantaciones Navarras controladas directamente por el Consejo Regulador de Pacharán Navarro. El alcohol proviene de las melazas de remolacha de la mejor calidad.  A partir de la maceración, que se alargará aproximadamente 2 meses dependiendo de la evolución del fruto azulado con el alcohol tanto en color como en cata, se añade el azucar y el anís.  La mezcla resultante se filtra hasta 5 veces para separar impurezas y obtener una mezcla homogenea al gusto del consumidor.  Este pacharan se elabora sumando los componentes en base a la receta tradicional de la Familia Belasco." />
<meta property="og:url" content="https://www.comercialanma.es/?product=pacharan-etxeco-1l" />
<meta property="og:site_name" content="Comercial de Hosteleria Anma" />
<meta property="article:publisher" content="https://www.facebook.com/AnmaHosteleria" />
<meta property="article:modified_time" content="2019-07-12T15:44:16+00:00" />
<meta property="og:image" content="https://i2.wp.com/www.comercialanma.es/wp-content/uploads/2019/07/Etxeco-pacharan.jpg?fit=1200%2C1200&#038;ssl=1" />
	<meta property="og:image:width" content="1200" />
	<meta property="og:image:height" content="1200" />
<meta name="twitter:card" content="summary_large_image" />
<script type="application/ld+json" class="yoast-schema-graph">{"@context":"https://schema.org","@graph":[{"@type":"Organization","@id":"https://www.comercialanma.es/#organization","name":"Comercial Anma","url":"https://www.comercialanma.es/","sameAs":["https://www.facebook.com/AnmaHosteleria","https://www.instagram.com/anmahosteleria/?hl=es","https://www.youtube.com/channel/UCT2nmn08Ntks0hmpZPnDgCA"],"logo":{"@type":"ImageObject","@id":"https://www.comercialanma.es/#logo","inLanguage":"es","url":"https://i2.wp.com/www.comercialanma.es/wp-content/uploads/2019/06/logo-anma-color.png?fit=247%2C101&ssl=1","width":247,"height":101,"caption":"Comercial Anma"},"image":{"@id":"https://www.comercialanma.es/#logo"}},{"@type":"WebSite","@id":"https://www.comercialanma.es/#website","url":"https://www.comercialanma.es/","name":"Comercial de Hosteleria Anma","description":"","publisher":{"@id":"https://www.comercialanma.es/#organization"},"potentialAction":[{"@type":"SearchAction","target":"https://www.comercialanma.es/?s={search_term_string}","query-input":"required name=search_term_string"}],"inLanguage":"es"},{"@type":"ImageObject","@id":"https://www.comercialanma.es/?product=pacharan-etxeco-1l#primaryimage","inLanguage":"es","url":"https://i2.wp.com/www.comercialanma.es/wp-content/uploads/2019/07/Etxeco-pacharan.jpg?fit=1200%2C1200&ssl=1","width":1200,"height":1200},{"@type":"WebPage","@id":"https://www.comercialanma.es/?product=pacharan-etxeco-1l#webpage","url":"https://www.comercialanma.es/?product=pacharan-etxeco-1l","name":"Pacharan Etxeco 1L. - Comercial de Hosteleria Anma","isPartOf":{"@id":"https://www.comercialanma.es/#website"},"primaryImageOfPage":{"@id":"https://www.comercialanma.es/?product=pacharan-etxeco-1l#primaryimage"},"datePublished":"2019-07-12T15:38:57+00:00","dateModified":"2019-07-12T15:44:16+00:00","breadcrumb":{"@id":"https://www.comercialanma.es/?product=pacharan-etxeco-1l#breadcrumb"},"inLanguage":"es","potentialAction":[{"@type":"ReadAction","target":["https://www.comercialanma.es/?product=pacharan-etxeco-1l"]}]},{"@type":"BreadcrumbList","@id":"https://www.comercialanma.es/?product=pacharan-etxeco-1l#breadcrumb","itemListElement":[{"@type":"ListItem","position":1,"item":{"@type":"WebPage","@id":"https://www.comercialanma.es/","url":"https://www.comercialanma.es/","name":"Portada"}},{"@type":"ListItem","position":2,"item":{"@type":"WebPage","@id":"https://www.comercialanma.es/?page_id=3963","url":"https://www.comercialanma.es/?page_id=3963","name":"Cat\u00e1logo de Productos"}},{"@type":"ListItem","position":3,"item":{"@type":"WebPage","@id":"https://www.comercialanma.es/?product=pacharan-etxeco-1l","url":"https://www.comercialanma.es/?product=pacharan-etxeco-1l","name":"Pacharan Etxeco 1L."}}]}]}</script>
<!-- / Yoast SEO plugin. -->
