
{"id":8437,"date":"2019-07-17T16:33:05","date_gmt":"2019-07-17T14:33:05","guid":{"rendered":"http:\/\/www.comercialanma.es\/?post_type=product&#038;p=8437"},"modified":"2019-07-17T16:37:15","modified_gmt":"2019-07-17T14:37:15","slug":"dry-orange-de-kuyper-70cl","status":"publish","type":"product","link":"https:\/\/www.comercialanma.es\/?product=dry-orange-de-kuyper-70cl","title":{"rendered":"Dry Orange De Kuyper 70cl."},"content":{"rendered":"<h3>Nota de cata:<\/h3>\n<ul>\n<li>A la vista, De Kuyper Dry Orange Liqueur es cristalino, de color entre dorado y \u00e1mbar.<\/li>\n<li>Al olfato desprende aromas a piel de naranja, adem\u00e1s de especias indias y azafr\u00e1n.<\/li>\n<li>Al paladar posee un sabor ligero a naranja amarga y toques a pimienta blanca.<\/li>\n<li>Final especiado. Suele utilizarse en la elaboraci\u00f3n de c\u00f3cteles para darles un toque a naranja; desde De Kuyper lo recomiendan para preparar un Mai-Tai.<\/li>\n<li>Graduaci\u00f3n: 30%.<\/li>\n<\/ul>\n","protected":false},"excerpt":{"rendered":"<p>Dekuyper Dry Orange es un licor frutal que se elabora con extractos de naranja y lim\u00f3n, cura\u00e7ao (que le aporta un toque amargo) y eau-de-vie o aguardiente. Pertenece a De Kuyper Royal Distillers, fundada en 1695 por Peter de Kuyper y Anna Custers. Se trata de una de las empresas familiares m\u00e1s antiguas de Holanda, y actualmente es el principal productor de licores y art\u00edculos de cocteler\u00eda del mundo.<\/p>\n","protected":false},"featured_media":8438,"template":"","meta":{"spay_email":""},"yoast_head":"<!-- This site is optimized with the Yoast SEO plugin v15.9 - https:\/\/yoast.com\/wordpress\/plugins\/seo\/ -->\n<title>Dry Orange De Kuyper 70cl. - Comercial de Hosteleria Anma<\/title>\n<meta name=\"robots\" content=\"index, follow, max-snippet:-1, max-image-preview:large, max-video-preview:-1\" \/>\n<link rel=\"canonical\" href=\"https:\/\/www.comercialanma.es\/?product=dry-orange-de-kuyper-70cl\" \/>\n<meta property=\"og:locale\" content=\"es_ES\" \/>\n<meta property=\"og:type\" content=\"article\" \/>\n<meta property=\"og:title\" content=\"Dry Orange De Kuyper 70cl. - Comercial de Hosteleria Anma\" \/>\n<meta property=\"og:description\" content=\"Dekuyper Dry Orange es un licor frutal que se elabora con extractos de naranja y lim\u00f3n, cura\u00e7ao (que le aporta un toque amargo) y eau-de-vie o aguardiente. Pertenece a De Kuyper Royal Distillers, fundada en 1695 por Peter de Kuyper y Anna Custers. Se trata de una de las empresas familiares m\u00e1s antiguas de Holanda, y actualmente es el principal productor de licores y art\u00edculos de cocteler\u00eda del mundo.\" \/>\n<meta property=\"og:url\" content=\"https:\/\/www.comercialanma.es\/?product=dry-orange-de-kuyper-70cl\" \/>\n<meta property=\"og:site_name\" content=\"Comercial de Hosteleria Anma\" \/>\n<meta property=\"article:publisher\" content=\"https:\/\/www.facebook.com\/AnmaHosteleria\" \/>\n<meta property=\"article:modified_time\" content=\"2019-07-17T14:37:15+00:00\" \/>\n<meta property=\"og:image\" content=\"https:\/\/i2.wp.com\/www.comercialanma.es\/wp-content\/uploads\/2019\/07\/Dry-Orange-de-Kuyper.jpg?fit=1200%2C1200&#038;ssl=1\" \/>\n\t<meta property=\"og:image:width\" content=\"1200\" \/>\n\t<meta property=\"og:image:height\" content=\"1200\" \/>\n<meta name=\"twitter:card\" content=\"summary_large_image\" \/>\n<script type=\"application\/ld+json\" class=\"yoast-schema-graph\">{\"@context\":\"https:\/\/schema.org\",\"@graph\":[{\"@type\":\"Organization\",\"@id\":\"https:\/\/www.comercialanma.es\/#organization\",\"name\":\"Comercial Anma\",\"url\":\"https:\/\/www.comercialanma.es\/\",\"sameAs\":[\"https:\/\/www.facebook.com\/AnmaHosteleria\",\"https:\/\/www.instagram.com\/anmahosteleria\/?hl=es\",\"https:\/\/www.youtube.com\/channel\/UCT2nmn08Ntks0hmpZPnDgCA\"],\"logo\":{\"@type\":\"ImageObject\",\"@id\":\"https:\/\/www.comercialanma.es\/#logo\",\"inLanguage\":\"es\",\"url\":\"https:\/\/i2.wp.com\/www.comercialanma.es\/wp-content\/uploads\/2019\/06\/logo-anma-color.png?fit=247%2C101&ssl=1\",\"width\":247,\"height\":101,\"caption\":\"Comercial Anma\"},\"image\":{\"@id\":\"https:\/\/www.comercialanma.es\/#logo\"}},{\"@type\":\"WebSite\",\"@id\":\"https:\/\/www.comercialanma.es\/#website\",\"url\":\"https:\/\/www.comercialanma.es\/\",\"name\":\"Comercial de Hosteleria Anma\",\"description\":\"\",\"publisher\":{\"@id\":\"https:\/\/www.comercialanma.es\/#organization\"},\"potentialAction\":[{\"@type\":\"SearchAction\",\"target\":\"https:\/\/www.comercialanma.es\/?s={search_term_string}\",\"query-input\":\"required name=search_term_string\"}],\"inLanguage\":\"es\"},{\"@type\":\"ImageObject\",\"@id\":\"https:\/\/www.comercialanma.es\/?product=dry-orange-de-kuyper-70cl#primaryimage\",\"inLanguage\":\"es\",\"url\":\"https:\/\/i2.wp.com\/www.comercialanma.es\/wp-content\/uploads\/2019\/07\/Dry-Orange-de-Kuyper.jpg?fit=1200%2C1200&ssl=1\",\"width\":1200,\"height\":1200},{\"@type\":\"WebPage\",\"@id\":\"https:\/\/www.comercialanma.es\/?product=dry-orange-de-kuyper-70cl#webpage\",\"url\":\"https:\/\/www.comercialanma.es\/?product=dry-orange-de-kuyper-70cl\",\"name\":\"Dry Orange De Kuyper 70cl. - Comercial de Hosteleria Anma\",\"isPartOf\":{\"@id\":\"https:\/\/www.comercialanma.es\/#website\"},\"primaryImageOfPage\":{\"@id\":\"https:\/\/www.comercialanma.es\/?product=dry-orange-de-kuyper-70cl#primaryimage\"},\"datePublished\":\"2019-07-17T14:33:05+00:00\",\"dateModified\":\"2019-07-17T14:37:15+00:00\",\"breadcrumb\":{\"@id\":\"https:\/\/www.comercialanma.es\/?product=dry-orange-de-kuyper-70cl#breadcrumb\"},\"inLanguage\":\"es\",\"potentialAction\":[{\"@type\":\"ReadAction\",\"target\":[\"https:\/\/www.comercialanma.es\/?product=dry-orange-de-kuyper-70cl\"]}]},{\"@type\":\"BreadcrumbList\",\"@id\":\"https:\/\/www.comercialanma.es\/?product=dry-orange-de-kuyper-70cl#breadcrumb\",\"itemListElement\":[{\"@type\":\"ListItem\",\"position\":1,\"item\":{\"@type\":\"WebPage\",\"@id\":\"https:\/\/www.comercialanma.es\/\",\"url\":\"https:\/\/www.comercialanma.es\/\",\"name\":\"Portada\"}},{\"@type\":\"ListItem\",\"position\":2,\"item\":{\"@type\":\"WebPage\",\"@id\":\"https:\/\/www.comercialanma.es\/?page_id=3963\",\"url\":\"https:\/\/www.comercialanma.es\/?page_id=3963\",\"name\":\"Cat\\u00e1logo de Productos\"}},{\"@type\":\"ListItem\",\"position\":3,\"item\":{\"@type\":\"WebPage\",\"@id\":\"https:\/\/www.comercialanma.es\/?product=dry-orange-de-kuyper-70cl\",\"url\":\"https:\/\/www.comercialanma.es\/?product=dry-orange-de-kuyper-70cl\",\"name\":\"Dry Orange De Kuyper 70cl.\"}}]}]}<\/script>\n<!-- \/ Yoast SEO plugin. -->","_links":{"self":[{"href":"https:\/\/www.comercialanma.es\/index.php?rest_route=\/wp\/v2\/product\/8437"}],"collection":[{"href":"https:\/\/www.comercialanma.es\/index.php?rest_route=\/wp\/v2\/product"}],"about":[{"href":"https:\/\/www.comercialanma.es\/index.php?rest_route=\/wp\/v2\/types\/product"}],"version-history":[{"count":1,"href":"https:\/\/www.comercialanma.es\/index.php?rest_route=\/wp\/v2\/product\/8437\/revisions"}],"predecessor-version":[{"id":8439,"href":"https:\/\/www.comercialanma.es\/index.php?rest_route=\/wp\/v2\/product\/8437\/revisions\/8439"}],"wp:featuredmedia":[{"embeddable":true,"href":"https:\/\/www.comercialanma.es\/index.php?rest_route=\/wp\/v2\/media\/8438"}],"wp:attachment":[{"href":"https:\/\/www.comercialanma.es\/index.php?rest_route=%2Fwp%2Fv2%2Fmedia&parent=8437"}],"curies":[{"name":"wp","href":"https:\/\/api.w.org\/{rel}","templated":true}]}}