
{"id":8449,"date":"2019-07-17T17:02:15","date_gmt":"2019-07-17T15:02:15","guid":{"rendered":"http:\/\/www.comercialanma.es\/?post_type=product&#038;p=8449"},"modified":"2019-07-17T17:09:14","modified_gmt":"2019-07-17T15:09:14","slug":"sake-real-rashomon-75cl","status":"publish","type":"product","link":"https:\/\/www.comercialanma.es\/?product=sake-real-rashomon-75cl","title":{"rendered":"Sake Real Rashomon 75cl."},"content":{"rendered":"","protected":false},"excerpt":{"rendered":"<p>Tabata Sake Brewery se fund\u00f3 en 1851 en Wakayama, Jap\u00f3n. En 1976 empez\u00f3 a elaborar sakes Premium , consiguiendo numerosos premios y medallas por su calidad, siendo el primer sake japon\u00e9s en recibir la medalla de oro con hojas de palma en honor del producto con los puntos m\u00e1s altos.<\/p>\n<p>Sake Rashomon, natural y exquisito, tiene su denominac\u00f3n de origen en la imponente puerta de acceso a la antigua capital imperial de Jap\u00f3n, kioto.<\/p>\n<p>El sak\u00e9 Rashom\u00f3n es una bebida tradicional y natural japonesa, preparado a base de arroz puro-Yamadanishiki-sin a\u00f1adirle ning\u00fan producto qu\u00edmico.<\/p>\n<p>Este sake utiliza agua natural filtrada procedente del r\u00edo Kinokawa y una original levadura llamada \u201cRashomon Kobo\u201d.<\/p>\n<p>Ideal para toda la gastronom\u00eda japonesa pero tambi\u00e9n apto con marisco, pescado a la plancha o al horno y platos de car\u00e1cter gustativo suave.<\/p>\n<p>Graduaci\u00f3n: 16,4% vol.<\/p>\n","protected":false},"featured_media":8450,"template":"","meta":{"spay_email":""},"yoast_head":"<!-- This site is optimized with the Yoast SEO plugin v15.9 - https:\/\/yoast.com\/wordpress\/plugins\/seo\/ -->\n<title>Sake Real Rashomon 75cl. - Comercial de Hosteleria Anma<\/title>\n<meta name=\"robots\" content=\"index, follow, max-snippet:-1, max-image-preview:large, max-video-preview:-1\" \/>\n<link rel=\"canonical\" href=\"https:\/\/www.comercialanma.es\/?product=sake-real-rashomon-75cl\" \/>\n<meta property=\"og:locale\" content=\"es_ES\" \/>\n<meta property=\"og:type\" content=\"article\" \/>\n<meta property=\"og:title\" content=\"Sake Real Rashomon 75cl. - Comercial de Hosteleria Anma\" \/>\n<meta property=\"og:description\" content=\"Tabata Sake Brewery se fund\u00f3 en 1851 en Wakayama, Jap\u00f3n. En 1976 empez\u00f3 a elaborar sakes Premium , consiguiendo numerosos premios y medallas por su calidad, siendo el primer sake japon\u00e9s en recibir la medalla de oro con hojas de palma en honor del producto con los puntos m\u00e1s altos.  Sake Rashomon, natural y exquisito, tiene su denominac\u00f3n de origen en la imponente puerta de acceso a la antigua capital imperial de Jap\u00f3n, kioto.  El sak\u00e9 Rashom\u00f3n es una bebida tradicional y natural japonesa, preparado a base de arroz puro-Yamadanishiki-sin a\u00f1adirle ning\u00fan producto qu\u00edmico.  Este sake utiliza agua natural filtrada procedente del r\u00edo Kinokawa y una original levadura llamada \u201cRashomon Kobo\u201d.  Ideal para toda la gastronom\u00eda japonesa pero tambi\u00e9n apto con marisco, pescado a la plancha o al horno y platos de car\u00e1cter gustativo suave.  Graduaci\u00f3n: 16,4% vol.\" \/>\n<meta property=\"og:url\" content=\"https:\/\/www.comercialanma.es\/?product=sake-real-rashomon-75cl\" \/>\n<meta property=\"og:site_name\" content=\"Comercial de Hosteleria Anma\" \/>\n<meta property=\"article:publisher\" content=\"https:\/\/www.facebook.com\/AnmaHosteleria\" \/>\n<meta property=\"article:modified_time\" content=\"2019-07-17T15:09:14+00:00\" \/>\n<meta property=\"og:image\" content=\"https:\/\/i2.wp.com\/www.comercialanma.es\/wp-content\/uploads\/2019\/07\/Sake-Real-Rashomon.jpg?fit=1200%2C1200&#038;ssl=1\" \/>\n\t<meta property=\"og:image:width\" content=\"1200\" \/>\n\t<meta property=\"og:image:height\" content=\"1200\" \/>\n<meta name=\"twitter:card\" content=\"summary_large_image\" \/>\n<script type=\"application\/ld+json\" class=\"yoast-schema-graph\">{\"@context\":\"https:\/\/schema.org\",\"@graph\":[{\"@type\":\"Organization\",\"@id\":\"https:\/\/www.comercialanma.es\/#organization\",\"name\":\"Comercial Anma\",\"url\":\"https:\/\/www.comercialanma.es\/\",\"sameAs\":[\"https:\/\/www.facebook.com\/AnmaHosteleria\",\"https:\/\/www.instagram.com\/anmahosteleria\/?hl=es\",\"https:\/\/www.youtube.com\/channel\/UCT2nmn08Ntks0hmpZPnDgCA\"],\"logo\":{\"@type\":\"ImageObject\",\"@id\":\"https:\/\/www.comercialanma.es\/#logo\",\"inLanguage\":\"es\",\"url\":\"https:\/\/i2.wp.com\/www.comercialanma.es\/wp-content\/uploads\/2019\/06\/logo-anma-color.png?fit=247%2C101&ssl=1\",\"width\":247,\"height\":101,\"caption\":\"Comercial Anma\"},\"image\":{\"@id\":\"https:\/\/www.comercialanma.es\/#logo\"}},{\"@type\":\"WebSite\",\"@id\":\"https:\/\/www.comercialanma.es\/#website\",\"url\":\"https:\/\/www.comercialanma.es\/\",\"name\":\"Comercial de Hosteleria Anma\",\"description\":\"\",\"publisher\":{\"@id\":\"https:\/\/www.comercialanma.es\/#organization\"},\"potentialAction\":[{\"@type\":\"SearchAction\",\"target\":\"https:\/\/www.comercialanma.es\/?s={search_term_string}\",\"query-input\":\"required name=search_term_string\"}],\"inLanguage\":\"es\"},{\"@type\":\"ImageObject\",\"@id\":\"https:\/\/www.comercialanma.es\/?product=sake-real-rashomon-75cl#primaryimage\",\"inLanguage\":\"es\",\"url\":\"https:\/\/i2.wp.com\/www.comercialanma.es\/wp-content\/uploads\/2019\/07\/Sake-Real-Rashomon.jpg?fit=1200%2C1200&ssl=1\",\"width\":1200,\"height\":1200},{\"@type\":\"WebPage\",\"@id\":\"https:\/\/www.comercialanma.es\/?product=sake-real-rashomon-75cl#webpage\",\"url\":\"https:\/\/www.comercialanma.es\/?product=sake-real-rashomon-75cl\",\"name\":\"Sake Real Rashomon 75cl. - Comercial de Hosteleria Anma\",\"isPartOf\":{\"@id\":\"https:\/\/www.comercialanma.es\/#website\"},\"primaryImageOfPage\":{\"@id\":\"https:\/\/www.comercialanma.es\/?product=sake-real-rashomon-75cl#primaryimage\"},\"datePublished\":\"2019-07-17T15:02:15+00:00\",\"dateModified\":\"2019-07-17T15:09:14+00:00\",\"breadcrumb\":{\"@id\":\"https:\/\/www.comercialanma.es\/?product=sake-real-rashomon-75cl#breadcrumb\"},\"inLanguage\":\"es\",\"potentialAction\":[{\"@type\":\"ReadAction\",\"target\":[\"https:\/\/www.comercialanma.es\/?product=sake-real-rashomon-75cl\"]}]},{\"@type\":\"BreadcrumbList\",\"@id\":\"https:\/\/www.comercialanma.es\/?product=sake-real-rashomon-75cl#breadcrumb\",\"itemListElement\":[{\"@type\":\"ListItem\",\"position\":1,\"item\":{\"@type\":\"WebPage\",\"@id\":\"https:\/\/www.comercialanma.es\/\",\"url\":\"https:\/\/www.comercialanma.es\/\",\"name\":\"Portada\"}},{\"@type\":\"ListItem\",\"position\":2,\"item\":{\"@type\":\"WebPage\",\"@id\":\"https:\/\/www.comercialanma.es\/?page_id=3963\",\"url\":\"https:\/\/www.comercialanma.es\/?page_id=3963\",\"name\":\"Cat\\u00e1logo de Productos\"}},{\"@type\":\"ListItem\",\"position\":3,\"item\":{\"@type\":\"WebPage\",\"@id\":\"https:\/\/www.comercialanma.es\/?product=sake-real-rashomon-75cl\",\"url\":\"https:\/\/www.comercialanma.es\/?product=sake-real-rashomon-75cl\",\"name\":\"Sake Real Rashomon 75cl.\"}}]}]}<\/script>\n<!-- \/ Yoast SEO plugin. -->","_links":{"self":[{"href":"https:\/\/www.comercialanma.es\/index.php?rest_route=\/wp\/v2\/product\/8449"}],"collection":[{"href":"https:\/\/www.comercialanma.es\/index.php?rest_route=\/wp\/v2\/product"}],"about":[{"href":"https:\/\/www.comercialanma.es\/index.php?rest_route=\/wp\/v2\/types\/product"}],"version-history":[{"count":1,"href":"https:\/\/www.comercialanma.es\/index.php?rest_route=\/wp\/v2\/product\/8449\/revisions"}],"predecessor-version":[{"id":8451,"href":"https:\/\/www.comercialanma.es\/index.php?rest_route=\/wp\/v2\/product\/8449\/revisions\/8451"}],"wp:featuredmedia":[{"embeddable":true,"href":"https:\/\/www.comercialanma.es\/index.php?rest_route=\/wp\/v2\/media\/8450"}],"wp:attachment":[{"href":"https:\/\/www.comercialanma.es\/index.php?rest_route=%2Fwp%2Fv2%2Fmedia&parent=8449"}],"curies":[{"name":"wp","href":"https:\/\/api.w.org\/{rel}","templated":true}]}}