
{"id":8506,"date":"2019-07-22T16:20:53","date_gmt":"2019-07-22T14:20:53","guid":{"rendered":"http:\/\/www.comercialanma.es\/?post_type=product&#038;p=8506"},"modified":"2019-07-22T16:25:24","modified_gmt":"2019-07-22T14:25:24","slug":"ron-zacapa-xo-70cl","status":"publish","type":"product","link":"https:\/\/www.comercialanma.es\/?product=ron-zacapa-xo-70cl","title":{"rendered":"Ron Zacapa XO 70cl."},"content":{"rendered":"<h3>Nota de cata:<\/h3>\n<ul>\n<li>Vista: <i>Ron Zacapa XO<\/i> tiene un color caoba con l\u00ednea rojiza.<\/li>\n<li>Nariz: Es muy abierto con una abundancia de aromas que parecen evolucionar cada vez que se aprecia. Un estupendo equilibrio de roble tostado maduro, caramelo quemado, frutos secos tostados, mazap\u00e1n y c\u00e1scara de naranja. Con una delicada nota floral de madreselva en el trasfondo.<\/li>\n<li>Boca: En boca tiene un equilibrio completo y equilibrado de dulzor, fruta, especias y licores adicionado por el t\u00e9rmino en barricas de roble franc\u00e9s que tuvieron Cognac. De recorrido largo, suave y dulce con pesadas notas de chocolate negro con guindas e intensos sabores de frutas secas como sultanas, d\u00e1tiles y ciruelas. Roble dulce y clavillo, vainilla y canela y notas ligeras de mango seco y frambuesas, con una insinuaci\u00f3n a jengibre para acabar.<\/li>\n<li>Graduaci\u00f3n: 45% vol.<\/li>\n<\/ul>\n","protected":false},"excerpt":{"rendered":"<p><strong>Ron Zacapa XO<\/strong> contiene una mezcla de rones a\u00f1ejados de 6 a 25 a\u00f1os, y en \u00faltimo t\u00e9rmino descansa en barricas de roble franc\u00e9s que han contenido cognac. Tiene un balance y una perfecta combinaci\u00f3n de dulzura, especies, frutas.<\/p>\n<p>Un deleite del conocedor. La obra suprema de expresi\u00f3n del arte de la maestra ronera. Uno de los secretos para el gran sabor de este ron es su a\u00f1ejamiento en Guatemala a m\u00e1s de 2.000 metros de altitud. Una de sus peculiariades a la hora de su elaboraci\u00f3n es que s\u00f3lo se utilizan el jugo obtenido en el primer prensado de la ca\u00f1a de az\u00facar lo que lo hace un producto a\u00fan m\u00e1s premium.<\/p>\n","protected":false},"featured_media":8507,"template":"","meta":{"spay_email":""},"yoast_head":"<!-- This site is optimized with the Yoast SEO plugin v15.9 - https:\/\/yoast.com\/wordpress\/plugins\/seo\/ -->\n<title>Ron Zacapa XO 70cl. - Comercial de Hosteleria Anma<\/title>\n<meta name=\"robots\" content=\"index, follow, max-snippet:-1, max-image-preview:large, max-video-preview:-1\" \/>\n<link rel=\"canonical\" href=\"https:\/\/www.comercialanma.es\/?product=ron-zacapa-xo-70cl\" \/>\n<meta property=\"og:locale\" content=\"es_ES\" \/>\n<meta property=\"og:type\" content=\"article\" \/>\n<meta property=\"og:title\" content=\"Ron Zacapa XO 70cl. - Comercial de Hosteleria Anma\" \/>\n<meta property=\"og:description\" content=\"Ron Zacapa XO contiene una mezcla de rones a\u00f1ejados de 6 a 25 a\u00f1os, y en \u00faltimo t\u00e9rmino descansa en barricas de roble franc\u00e9s que han contenido cognac. Tiene un balance y una perfecta combinaci\u00f3n de dulzura, especies, frutas.  Un deleite del conocedor. La obra suprema de expresi\u00f3n del arte de la maestra ronera. Uno de los secretos para el gran sabor de este ron es su a\u00f1ejamiento en Guatemala a m\u00e1s de 2.000 metros de altitud. Una de sus peculiariades a la hora de su elaboraci\u00f3n es que s\u00f3lo se utilizan el jugo obtenido en el primer prensado de la ca\u00f1a de az\u00facar lo que lo hace un producto a\u00fan m\u00e1s premium.\" \/>\n<meta property=\"og:url\" content=\"https:\/\/www.comercialanma.es\/?product=ron-zacapa-xo-70cl\" \/>\n<meta property=\"og:site_name\" content=\"Comercial de Hosteleria Anma\" \/>\n<meta property=\"article:publisher\" content=\"https:\/\/www.facebook.com\/AnmaHosteleria\" \/>\n<meta property=\"article:modified_time\" content=\"2019-07-22T14:25:24+00:00\" \/>\n<meta property=\"og:image\" content=\"https:\/\/i1.wp.com\/www.comercialanma.es\/wp-content\/uploads\/2019\/07\/Ron-Zacapa-Xo.jpg?fit=1200%2C1200&#038;ssl=1\" \/>\n\t<meta property=\"og:image:width\" content=\"1200\" \/>\n\t<meta property=\"og:image:height\" content=\"1200\" \/>\n<meta name=\"twitter:card\" content=\"summary_large_image\" \/>\n<meta name=\"twitter:label1\" content=\"Tiempo de lectura\">\n\t<meta name=\"twitter:data1\" content=\"1 minuto\">\n<script type=\"application\/ld+json\" class=\"yoast-schema-graph\">{\"@context\":\"https:\/\/schema.org\",\"@graph\":[{\"@type\":\"Organization\",\"@id\":\"https:\/\/www.comercialanma.es\/#organization\",\"name\":\"Comercial Anma\",\"url\":\"https:\/\/www.comercialanma.es\/\",\"sameAs\":[\"https:\/\/www.facebook.com\/AnmaHosteleria\",\"https:\/\/www.instagram.com\/anmahosteleria\/?hl=es\",\"https:\/\/www.youtube.com\/channel\/UCT2nmn08Ntks0hmpZPnDgCA\"],\"logo\":{\"@type\":\"ImageObject\",\"@id\":\"https:\/\/www.comercialanma.es\/#logo\",\"inLanguage\":\"es\",\"url\":\"https:\/\/i2.wp.com\/www.comercialanma.es\/wp-content\/uploads\/2019\/06\/logo-anma-color.png?fit=247%2C101&ssl=1\",\"width\":247,\"height\":101,\"caption\":\"Comercial Anma\"},\"image\":{\"@id\":\"https:\/\/www.comercialanma.es\/#logo\"}},{\"@type\":\"WebSite\",\"@id\":\"https:\/\/www.comercialanma.es\/#website\",\"url\":\"https:\/\/www.comercialanma.es\/\",\"name\":\"Comercial de Hosteleria Anma\",\"description\":\"\",\"publisher\":{\"@id\":\"https:\/\/www.comercialanma.es\/#organization\"},\"potentialAction\":[{\"@type\":\"SearchAction\",\"target\":\"https:\/\/www.comercialanma.es\/?s={search_term_string}\",\"query-input\":\"required name=search_term_string\"}],\"inLanguage\":\"es\"},{\"@type\":\"ImageObject\",\"@id\":\"https:\/\/www.comercialanma.es\/?product=ron-zacapa-xo-70cl#primaryimage\",\"inLanguage\":\"es\",\"url\":\"https:\/\/i1.wp.com\/www.comercialanma.es\/wp-content\/uploads\/2019\/07\/Ron-Zacapa-Xo.jpg?fit=1200%2C1200&ssl=1\",\"width\":1200,\"height\":1200},{\"@type\":\"WebPage\",\"@id\":\"https:\/\/www.comercialanma.es\/?product=ron-zacapa-xo-70cl#webpage\",\"url\":\"https:\/\/www.comercialanma.es\/?product=ron-zacapa-xo-70cl\",\"name\":\"Ron Zacapa XO 70cl. - Comercial de Hosteleria Anma\",\"isPartOf\":{\"@id\":\"https:\/\/www.comercialanma.es\/#website\"},\"primaryImageOfPage\":{\"@id\":\"https:\/\/www.comercialanma.es\/?product=ron-zacapa-xo-70cl#primaryimage\"},\"datePublished\":\"2019-07-22T14:20:53+00:00\",\"dateModified\":\"2019-07-22T14:25:24+00:00\",\"breadcrumb\":{\"@id\":\"https:\/\/www.comercialanma.es\/?product=ron-zacapa-xo-70cl#breadcrumb\"},\"inLanguage\":\"es\",\"potentialAction\":[{\"@type\":\"ReadAction\",\"target\":[\"https:\/\/www.comercialanma.es\/?product=ron-zacapa-xo-70cl\"]}]},{\"@type\":\"BreadcrumbList\",\"@id\":\"https:\/\/www.comercialanma.es\/?product=ron-zacapa-xo-70cl#breadcrumb\",\"itemListElement\":[{\"@type\":\"ListItem\",\"position\":1,\"item\":{\"@type\":\"WebPage\",\"@id\":\"https:\/\/www.comercialanma.es\/\",\"url\":\"https:\/\/www.comercialanma.es\/\",\"name\":\"Portada\"}},{\"@type\":\"ListItem\",\"position\":2,\"item\":{\"@type\":\"WebPage\",\"@id\":\"https:\/\/www.comercialanma.es\/?page_id=3963\",\"url\":\"https:\/\/www.comercialanma.es\/?page_id=3963\",\"name\":\"Cat\\u00e1logo de Productos\"}},{\"@type\":\"ListItem\",\"position\":3,\"item\":{\"@type\":\"WebPage\",\"@id\":\"https:\/\/www.comercialanma.es\/?product=ron-zacapa-xo-70cl\",\"url\":\"https:\/\/www.comercialanma.es\/?product=ron-zacapa-xo-70cl\",\"name\":\"Ron Zacapa XO 70cl.\"}}]}]}<\/script>\n<!-- \/ Yoast SEO plugin. -->","_links":{"self":[{"href":"https:\/\/www.comercialanma.es\/index.php?rest_route=\/wp\/v2\/product\/8506"}],"collection":[{"href":"https:\/\/www.comercialanma.es\/index.php?rest_route=\/wp\/v2\/product"}],"about":[{"href":"https:\/\/www.comercialanma.es\/index.php?rest_route=\/wp\/v2\/types\/product"}],"version-history":[{"count":1,"href":"https:\/\/www.comercialanma.es\/index.php?rest_route=\/wp\/v2\/product\/8506\/revisions"}],"predecessor-version":[{"id":8508,"href":"https:\/\/www.comercialanma.es\/index.php?rest_route=\/wp\/v2\/product\/8506\/revisions\/8508"}],"wp:featuredmedia":[{"embeddable":true,"href":"https:\/\/www.comercialanma.es\/index.php?rest_route=\/wp\/v2\/media\/8507"}],"wp:attachment":[{"href":"https:\/\/www.comercialanma.es\/index.php?rest_route=%2Fwp%2Fv2%2Fmedia&parent=8506"}],"curies":[{"name":"wp","href":"https:\/\/api.w.org\/{rel}","templated":true}]}}