
{"id":8547,"date":"2019-07-23T08:35:24","date_gmt":"2019-07-23T06:35:24","guid":{"rendered":"http:\/\/www.comercialanma.es\/?post_type=product&#038;p=8547"},"modified":"2019-07-23T09:09:16","modified_gmt":"2019-07-23T07:09:16","slug":"ron-viejo-de-caldas-5-anos-70cl","status":"publish","type":"product","link":"https:\/\/www.comercialanma.es\/?product=ron-viejo-de-caldas-5-anos-70cl","title":{"rendered":"Ron Viejo de Caldas 5 a\u00f1os 70cl."},"content":{"rendered":"","protected":false},"excerpt":{"rendered":"<p>Ron Viejo Caldas 5 A\u00f1os producido a partir de la ca\u00f1a de az\u00facar y el esp\u00edritu caribe\u00f1o, el Ron Juan de la Cruz es apreciado por los catadores por su envejecimiento de 5 a\u00f1os para que adquiera su sabor y consistencia caracter\u00edsticos. Fundado en 1928 en Colombia es un ron muy apreciado en toda America del Sur. La diferencia con otros rones es que los rones de Industria Licoreara de Caldas es que envejecen naturalmente en barriles de roble colombiano. En septiembre del a\u00f1o 2005, el Ron Viejo de Caldas recibi\u00f3 en Bruselas, el Premio al Sabor Superior, reconocimiento otorgado por el Instituto Internacional de Sabores y Calidad (Itqi, su sigla en ingl\u00e9s), un organismo independiente que busca promover la excelencia de los alimentos y las bebidas.<\/p>\n","protected":false},"featured_media":8560,"template":"","meta":{"spay_email":""},"yoast_head":"<!-- This site is optimized with the Yoast SEO plugin v15.9 - https:\/\/yoast.com\/wordpress\/plugins\/seo\/ -->\n<title>Ron Viejo de Caldas 5 a\u00f1os 70cl. - Comercial de Hosteleria Anma<\/title>\n<meta name=\"robots\" content=\"index, follow, max-snippet:-1, max-image-preview:large, max-video-preview:-1\" \/>\n<link rel=\"canonical\" href=\"https:\/\/www.comercialanma.es\/?product=ron-viejo-de-caldas-5-anos-70cl\" \/>\n<meta property=\"og:locale\" content=\"es_ES\" \/>\n<meta property=\"og:type\" content=\"article\" \/>\n<meta property=\"og:title\" content=\"Ron Viejo de Caldas 5 a\u00f1os 70cl. - Comercial de Hosteleria Anma\" \/>\n<meta property=\"og:description\" content=\"Ron Viejo Caldas 5 A\u00f1os producido a partir de la ca\u00f1a de az\u00facar y el esp\u00edritu caribe\u00f1o, el Ron Juan de la Cruz es apreciado por los catadores por su envejecimiento de 5 a\u00f1os para que adquiera su sabor y consistencia caracter\u00edsticos. Fundado en 1928 en Colombia es un ron muy apreciado en toda America del Sur. La diferencia con otros rones es que los rones de Industria Licoreara de Caldas es que envejecen naturalmente en barriles de roble colombiano. En septiembre del a\u00f1o 2005, el Ron Viejo de Caldas recibi\u00f3 en Bruselas, el Premio al Sabor Superior, reconocimiento otorgado por el Instituto Internacional de Sabores y Calidad (Itqi, su sigla en ingl\u00e9s), un organismo independiente que busca promover la excelencia de los alimentos y las bebidas.\" \/>\n<meta property=\"og:url\" content=\"https:\/\/www.comercialanma.es\/?product=ron-viejo-de-caldas-5-anos-70cl\" \/>\n<meta property=\"og:site_name\" content=\"Comercial de Hosteleria Anma\" \/>\n<meta property=\"article:publisher\" content=\"https:\/\/www.facebook.com\/AnmaHosteleria\" \/>\n<meta property=\"article:modified_time\" content=\"2019-07-23T07:09:16+00:00\" \/>\n<meta property=\"og:image\" content=\"https:\/\/i2.wp.com\/www.comercialanma.es\/wp-content\/uploads\/2019\/07\/Ron-Caldas-5.jpg?fit=1200%2C1200&#038;ssl=1\" \/>\n\t<meta property=\"og:image:width\" content=\"1200\" \/>\n\t<meta property=\"og:image:height\" content=\"1200\" \/>\n<meta name=\"twitter:card\" content=\"summary_large_image\" \/>\n<script type=\"application\/ld+json\" class=\"yoast-schema-graph\">{\"@context\":\"https:\/\/schema.org\",\"@graph\":[{\"@type\":\"Organization\",\"@id\":\"https:\/\/www.comercialanma.es\/#organization\",\"name\":\"Comercial Anma\",\"url\":\"https:\/\/www.comercialanma.es\/\",\"sameAs\":[\"https:\/\/www.facebook.com\/AnmaHosteleria\",\"https:\/\/www.instagram.com\/anmahosteleria\/?hl=es\",\"https:\/\/www.youtube.com\/channel\/UCT2nmn08Ntks0hmpZPnDgCA\"],\"logo\":{\"@type\":\"ImageObject\",\"@id\":\"https:\/\/www.comercialanma.es\/#logo\",\"inLanguage\":\"es\",\"url\":\"https:\/\/i2.wp.com\/www.comercialanma.es\/wp-content\/uploads\/2019\/06\/logo-anma-color.png?fit=247%2C101&ssl=1\",\"width\":247,\"height\":101,\"caption\":\"Comercial Anma\"},\"image\":{\"@id\":\"https:\/\/www.comercialanma.es\/#logo\"}},{\"@type\":\"WebSite\",\"@id\":\"https:\/\/www.comercialanma.es\/#website\",\"url\":\"https:\/\/www.comercialanma.es\/\",\"name\":\"Comercial de Hosteleria Anma\",\"description\":\"\",\"publisher\":{\"@id\":\"https:\/\/www.comercialanma.es\/#organization\"},\"potentialAction\":[{\"@type\":\"SearchAction\",\"target\":\"https:\/\/www.comercialanma.es\/?s={search_term_string}\",\"query-input\":\"required name=search_term_string\"}],\"inLanguage\":\"es\"},{\"@type\":\"ImageObject\",\"@id\":\"https:\/\/www.comercialanma.es\/?product=ron-viejo-de-caldas-5-anos-70cl#primaryimage\",\"inLanguage\":\"es\",\"url\":\"https:\/\/i2.wp.com\/www.comercialanma.es\/wp-content\/uploads\/2019\/07\/Ron-Caldas-5.jpg?fit=1200%2C1200&ssl=1\",\"width\":1200,\"height\":1200},{\"@type\":\"WebPage\",\"@id\":\"https:\/\/www.comercialanma.es\/?product=ron-viejo-de-caldas-5-anos-70cl#webpage\",\"url\":\"https:\/\/www.comercialanma.es\/?product=ron-viejo-de-caldas-5-anos-70cl\",\"name\":\"Ron Viejo de Caldas 5 a\\u00f1os 70cl. - Comercial de Hosteleria Anma\",\"isPartOf\":{\"@id\":\"https:\/\/www.comercialanma.es\/#website\"},\"primaryImageOfPage\":{\"@id\":\"https:\/\/www.comercialanma.es\/?product=ron-viejo-de-caldas-5-anos-70cl#primaryimage\"},\"datePublished\":\"2019-07-23T06:35:24+00:00\",\"dateModified\":\"2019-07-23T07:09:16+00:00\",\"breadcrumb\":{\"@id\":\"https:\/\/www.comercialanma.es\/?product=ron-viejo-de-caldas-5-anos-70cl#breadcrumb\"},\"inLanguage\":\"es\",\"potentialAction\":[{\"@type\":\"ReadAction\",\"target\":[\"https:\/\/www.comercialanma.es\/?product=ron-viejo-de-caldas-5-anos-70cl\"]}]},{\"@type\":\"BreadcrumbList\",\"@id\":\"https:\/\/www.comercialanma.es\/?product=ron-viejo-de-caldas-5-anos-70cl#breadcrumb\",\"itemListElement\":[{\"@type\":\"ListItem\",\"position\":1,\"item\":{\"@type\":\"WebPage\",\"@id\":\"https:\/\/www.comercialanma.es\/\",\"url\":\"https:\/\/www.comercialanma.es\/\",\"name\":\"Portada\"}},{\"@type\":\"ListItem\",\"position\":2,\"item\":{\"@type\":\"WebPage\",\"@id\":\"https:\/\/www.comercialanma.es\/?page_id=3963\",\"url\":\"https:\/\/www.comercialanma.es\/?page_id=3963\",\"name\":\"Cat\\u00e1logo de Productos\"}},{\"@type\":\"ListItem\",\"position\":3,\"item\":{\"@type\":\"WebPage\",\"@id\":\"https:\/\/www.comercialanma.es\/?product=ron-viejo-de-caldas-5-anos-70cl\",\"url\":\"https:\/\/www.comercialanma.es\/?product=ron-viejo-de-caldas-5-anos-70cl\",\"name\":\"Ron Viejo de Caldas 5 a\\u00f1os 70cl.\"}}]}]}<\/script>\n<!-- \/ Yoast SEO plugin. -->","_links":{"self":[{"href":"https:\/\/www.comercialanma.es\/index.php?rest_route=\/wp\/v2\/product\/8547"}],"collection":[{"href":"https:\/\/www.comercialanma.es\/index.php?rest_route=\/wp\/v2\/product"}],"about":[{"href":"https:\/\/www.comercialanma.es\/index.php?rest_route=\/wp\/v2\/types\/product"}],"version-history":[{"count":1,"href":"https:\/\/www.comercialanma.es\/index.php?rest_route=\/wp\/v2\/product\/8547\/revisions"}],"predecessor-version":[{"id":8549,"href":"https:\/\/www.comercialanma.es\/index.php?rest_route=\/wp\/v2\/product\/8547\/revisions\/8549"}],"wp:featuredmedia":[{"embeddable":true,"href":"https:\/\/www.comercialanma.es\/index.php?rest_route=\/wp\/v2\/media\/8560"}],"wp:attachment":[{"href":"https:\/\/www.comercialanma.es\/index.php?rest_route=%2Fwp%2Fv2%2Fmedia&parent=8547"}],"curies":[{"name":"wp","href":"https:\/\/api.w.org\/{rel}","templated":true}]}}

Ron Viejo de Caldas 5 años 70cl.

<p>Ron Viejo Caldas 5 Años producido a partir de la caña de azúcar y el espíritu caribeño, el Ron Juan de la Cruz es apreciado por los catadores por su envejecimiento de 5 años para que adquiera su sabor y consistencia característicos. Fundado en 1928 en Colombia es un ron muy apreciado en toda America del Sur. La diferencia con otros rones es que los rones de Industria Licoreara de Caldas es que envejecen naturalmente en barriles de roble colombiano. En septiembre del año 2005, el Ron Viejo de Caldas recibió en Bruselas, el Premio al Sabor Superior, reconocimiento otorgado por el Instituto Internacional de Sabores y Calidad (Itqi, su sigla en inglés), un organismo independiente que busca promover la excelencia de los alimentos y las bebidas.</p>

<!-- This site is optimized with the Yoast SEO plugin v15.9 - https://yoast.com/wordpress/plugins/seo/ -->
<title>Ron Viejo de Caldas 5 años 70cl. - Comercial de Hosteleria Anma</title>
<meta name="robots" content="index, follow, max-snippet:-1, max-image-preview:large, max-video-preview:-1" />
<link rel="canonical" href="https://www.comercialanma.es/?product=ron-viejo-de-caldas-5-anos-70cl" />
<meta property="og:locale" content="es_ES" />
<meta property="og:type" content="article" />
<meta property="og:title" content="Ron Viejo de Caldas 5 años 70cl. - Comercial de Hosteleria Anma" />
<meta property="og:description" content="Ron Viejo Caldas 5 Años producido a partir de la caña de azúcar y el espíritu caribeño, el Ron Juan de la Cruz es apreciado por los catadores por su envejecimiento de 5 años para que adquiera su sabor y consistencia característicos. Fundado en 1928 en Colombia es un ron muy apreciado en toda America del Sur. La diferencia con otros rones es que los rones de Industria Licoreara de Caldas es que envejecen naturalmente en barriles de roble colombiano. En septiembre del año 2005, el Ron Viejo de Caldas recibió en Bruselas, el Premio al Sabor Superior, reconocimiento otorgado por el Instituto Internacional de Sabores y Calidad (Itqi, su sigla en inglés), un organismo independiente que busca promover la excelencia de los alimentos y las bebidas." />
<meta property="og:url" content="https://www.comercialanma.es/?product=ron-viejo-de-caldas-5-anos-70cl" />
<meta property="og:site_name" content="Comercial de Hosteleria Anma" />
<meta property="article:publisher" content="https://www.facebook.com/AnmaHosteleria" />
<meta property="article:modified_time" content="2019-07-23T07:09:16+00:00" />
<meta property="og:image" content="https://i2.wp.com/www.comercialanma.es/wp-content/uploads/2019/07/Ron-Caldas-5.jpg?fit=1200%2C1200&#038;ssl=1" />
	<meta property="og:image:width" content="1200" />
	<meta property="og:image:height" content="1200" />
<meta name="twitter:card" content="summary_large_image" />
<script type="application/ld+json" class="yoast-schema-graph">{"@context":"https://schema.org","@graph":[{"@type":"Organization","@id":"https://www.comercialanma.es/#organization","name":"Comercial Anma","url":"https://www.comercialanma.es/","sameAs":["https://www.facebook.com/AnmaHosteleria","https://www.instagram.com/anmahosteleria/?hl=es","https://www.youtube.com/channel/UCT2nmn08Ntks0hmpZPnDgCA"],"logo":{"@type":"ImageObject","@id":"https://www.comercialanma.es/#logo","inLanguage":"es","url":"https://i2.wp.com/www.comercialanma.es/wp-content/uploads/2019/06/logo-anma-color.png?fit=247%2C101&ssl=1","width":247,"height":101,"caption":"Comercial Anma"},"image":{"@id":"https://www.comercialanma.es/#logo"}},{"@type":"WebSite","@id":"https://www.comercialanma.es/#website","url":"https://www.comercialanma.es/","name":"Comercial de Hosteleria Anma","description":"","publisher":{"@id":"https://www.comercialanma.es/#organization"},"potentialAction":[{"@type":"SearchAction","target":"https://www.comercialanma.es/?s={search_term_string}","query-input":"required name=search_term_string"}],"inLanguage":"es"},{"@type":"ImageObject","@id":"https://www.comercialanma.es/?product=ron-viejo-de-caldas-5-anos-70cl#primaryimage","inLanguage":"es","url":"https://i2.wp.com/www.comercialanma.es/wp-content/uploads/2019/07/Ron-Caldas-5.jpg?fit=1200%2C1200&ssl=1","width":1200,"height":1200},{"@type":"WebPage","@id":"https://www.comercialanma.es/?product=ron-viejo-de-caldas-5-anos-70cl#webpage","url":"https://www.comercialanma.es/?product=ron-viejo-de-caldas-5-anos-70cl","name":"Ron Viejo de Caldas 5 a\u00f1os 70cl. - Comercial de Hosteleria Anma","isPartOf":{"@id":"https://www.comercialanma.es/#website"},"primaryImageOfPage":{"@id":"https://www.comercialanma.es/?product=ron-viejo-de-caldas-5-anos-70cl#primaryimage"},"datePublished":"2019-07-23T06:35:24+00:00","dateModified":"2019-07-23T07:09:16+00:00","breadcrumb":{"@id":"https://www.comercialanma.es/?product=ron-viejo-de-caldas-5-anos-70cl#breadcrumb"},"inLanguage":"es","potentialAction":[{"@type":"ReadAction","target":["https://www.comercialanma.es/?product=ron-viejo-de-caldas-5-anos-70cl"]}]},{"@type":"BreadcrumbList","@id":"https://www.comercialanma.es/?product=ron-viejo-de-caldas-5-anos-70cl#breadcrumb","itemListElement":[{"@type":"ListItem","position":1,"item":{"@type":"WebPage","@id":"https://www.comercialanma.es/","url":"https://www.comercialanma.es/","name":"Portada"}},{"@type":"ListItem","position":2,"item":{"@type":"WebPage","@id":"https://www.comercialanma.es/?page_id=3963","url":"https://www.comercialanma.es/?page_id=3963","name":"Cat\u00e1logo de Productos"}},{"@type":"ListItem","position":3,"item":{"@type":"WebPage","@id":"https://www.comercialanma.es/?product=ron-viejo-de-caldas-5-anos-70cl","url":"https://www.comercialanma.es/?product=ron-viejo-de-caldas-5-anos-70cl","name":"Ron Viejo de Caldas 5 a\u00f1os 70cl."}}]}]}</script>
<!-- / Yoast SEO plugin. -->
