
{"id":8564,"date":"2019-07-23T09:18:33","date_gmt":"2019-07-23T07:18:33","guid":{"rendered":"http:\/\/www.comercialanma.es\/?post_type=product&#038;p=8564"},"modified":"2019-07-23T09:24:45","modified_gmt":"2019-07-23T07:24:45","slug":"ron-conde-de-cuba-anejo-70cl","status":"publish","type":"product","link":"https:\/\/www.comercialanma.es\/?product=ron-conde-de-cuba-anejo-70cl","title":{"rendered":"Ron Conde de Cuba A\u00f1ejo 70cl."},"content":{"rendered":"<h3>Nota de cata:<\/h3>\n<div id=\"tabs_content_container\">\n<div id=\"tab_cata_0\" class=\"tab_content catas_review_container\">\n<div class=\"rte-content\">\n<ul>\n<li><span class=\"s1\">Color: Conde de Cuba A\u00f1ejo muestra un color \u00e1mbar claro<\/span><\/li>\n<li><span class=\"s1\">Olor: notas de toffe y tabaco ligero<\/span><\/li>\n<li><span class=\"s1\">Sabor: un agradable y fuerte sabor a vainilla<\/span><\/li>\n<\/ul>\n<\/div>\n<\/div>\n<\/div>\n","protected":false},"excerpt":{"rendered":"<p><span class=\"s1\">Ron proveniente de la <strong>Rep\u00fablica<\/strong> <strong>Dominicana<\/strong> que tiene un doble envejecimiento en madera: el primero durante 5 a\u00f1os en su lugar de origen y el segundo en las instalaciones de Rives Pitman en el Puerto de Santa Mar\u00eda, reposando en barricas de roble americano que antes sirvieron para envejecer vino oloroso, lo que le da un cuerpo y una suavidad excepcional.<\/span><\/p>\n<p><span class=\"s1\">El excelent\u00edsimo Sr. D. Francisco Vives y Planes fue distinguido con el titulo de Conde de Cuba. Este Ron rememora las haza\u00f1as acaecidas en la isla, saboreando el calido y suave ron caribe\u00f1o a\u00f1ejado.<\/span><\/p>\n","protected":false},"featured_media":8565,"template":"","meta":{"spay_email":""},"yoast_head":"<!-- This site is optimized with the Yoast SEO plugin v15.9 - https:\/\/yoast.com\/wordpress\/plugins\/seo\/ -->\n<title>Ron Conde de Cuba A\u00f1ejo 70cl. - Comercial de Hosteleria Anma<\/title>\n<meta name=\"robots\" content=\"index, follow, max-snippet:-1, max-image-preview:large, max-video-preview:-1\" \/>\n<link rel=\"canonical\" href=\"https:\/\/www.comercialanma.es\/?product=ron-conde-de-cuba-anejo-70cl\" \/>\n<meta property=\"og:locale\" content=\"es_ES\" \/>\n<meta property=\"og:type\" content=\"article\" \/>\n<meta property=\"og:title\" content=\"Ron Conde de Cuba A\u00f1ejo 70cl. - Comercial de Hosteleria Anma\" \/>\n<meta property=\"og:description\" content=\"Ron proveniente de la Rep\u00fablica Dominicana que tiene un doble envejecimiento en madera: el primero durante 5 a\u00f1os en su lugar de origen y el segundo en las instalaciones de Rives Pitman en el Puerto de Santa Mar\u00eda, reposando en barricas de roble americano que antes sirvieron para envejecer vino oloroso, lo que le da un cuerpo y una suavidad excepcional.  El excelent\u00edsimo Sr. D. Francisco Vives y Planes fue distinguido con el titulo de Conde de Cuba. Este Ron rememora las haza\u00f1as acaecidas en la isla, saboreando el calido y suave ron caribe\u00f1o a\u00f1ejado.\" \/>\n<meta property=\"og:url\" content=\"https:\/\/www.comercialanma.es\/?product=ron-conde-de-cuba-anejo-70cl\" \/>\n<meta property=\"og:site_name\" content=\"Comercial de Hosteleria Anma\" \/>\n<meta property=\"article:publisher\" content=\"https:\/\/www.facebook.com\/AnmaHosteleria\" \/>\n<meta property=\"article:modified_time\" content=\"2019-07-23T07:24:45+00:00\" \/>\n<meta property=\"og:image\" content=\"https:\/\/i2.wp.com\/www.comercialanma.es\/wp-content\/uploads\/2019\/07\/Conde-de-cuba-anejo.jpg?fit=1200%2C1200&#038;ssl=1\" \/>\n\t<meta property=\"og:image:width\" content=\"1200\" \/>\n\t<meta property=\"og:image:height\" content=\"1200\" \/>\n<meta name=\"twitter:card\" content=\"summary_large_image\" \/>\n<script type=\"application\/ld+json\" class=\"yoast-schema-graph\">{\"@context\":\"https:\/\/schema.org\",\"@graph\":[{\"@type\":\"Organization\",\"@id\":\"https:\/\/www.comercialanma.es\/#organization\",\"name\":\"Comercial Anma\",\"url\":\"https:\/\/www.comercialanma.es\/\",\"sameAs\":[\"https:\/\/www.facebook.com\/AnmaHosteleria\",\"https:\/\/www.instagram.com\/anmahosteleria\/?hl=es\",\"https:\/\/www.youtube.com\/channel\/UCT2nmn08Ntks0hmpZPnDgCA\"],\"logo\":{\"@type\":\"ImageObject\",\"@id\":\"https:\/\/www.comercialanma.es\/#logo\",\"inLanguage\":\"es\",\"url\":\"https:\/\/i2.wp.com\/www.comercialanma.es\/wp-content\/uploads\/2019\/06\/logo-anma-color.png?fit=247%2C101&ssl=1\",\"width\":247,\"height\":101,\"caption\":\"Comercial Anma\"},\"image\":{\"@id\":\"https:\/\/www.comercialanma.es\/#logo\"}},{\"@type\":\"WebSite\",\"@id\":\"https:\/\/www.comercialanma.es\/#website\",\"url\":\"https:\/\/www.comercialanma.es\/\",\"name\":\"Comercial de Hosteleria Anma\",\"description\":\"\",\"publisher\":{\"@id\":\"https:\/\/www.comercialanma.es\/#organization\"},\"potentialAction\":[{\"@type\":\"SearchAction\",\"target\":\"https:\/\/www.comercialanma.es\/?s={search_term_string}\",\"query-input\":\"required name=search_term_string\"}],\"inLanguage\":\"es\"},{\"@type\":\"ImageObject\",\"@id\":\"https:\/\/www.comercialanma.es\/?product=ron-conde-de-cuba-anejo-70cl#primaryimage\",\"inLanguage\":\"es\",\"url\":\"https:\/\/i2.wp.com\/www.comercialanma.es\/wp-content\/uploads\/2019\/07\/Conde-de-cuba-anejo.jpg?fit=1200%2C1200&ssl=1\",\"width\":1200,\"height\":1200},{\"@type\":\"WebPage\",\"@id\":\"https:\/\/www.comercialanma.es\/?product=ron-conde-de-cuba-anejo-70cl#webpage\",\"url\":\"https:\/\/www.comercialanma.es\/?product=ron-conde-de-cuba-anejo-70cl\",\"name\":\"Ron Conde de Cuba A\\u00f1ejo 70cl. - Comercial de Hosteleria Anma\",\"isPartOf\":{\"@id\":\"https:\/\/www.comercialanma.es\/#website\"},\"primaryImageOfPage\":{\"@id\":\"https:\/\/www.comercialanma.es\/?product=ron-conde-de-cuba-anejo-70cl#primaryimage\"},\"datePublished\":\"2019-07-23T07:18:33+00:00\",\"dateModified\":\"2019-07-23T07:24:45+00:00\",\"breadcrumb\":{\"@id\":\"https:\/\/www.comercialanma.es\/?product=ron-conde-de-cuba-anejo-70cl#breadcrumb\"},\"inLanguage\":\"es\",\"potentialAction\":[{\"@type\":\"ReadAction\",\"target\":[\"https:\/\/www.comercialanma.es\/?product=ron-conde-de-cuba-anejo-70cl\"]}]},{\"@type\":\"BreadcrumbList\",\"@id\":\"https:\/\/www.comercialanma.es\/?product=ron-conde-de-cuba-anejo-70cl#breadcrumb\",\"itemListElement\":[{\"@type\":\"ListItem\",\"position\":1,\"item\":{\"@type\":\"WebPage\",\"@id\":\"https:\/\/www.comercialanma.es\/\",\"url\":\"https:\/\/www.comercialanma.es\/\",\"name\":\"Portada\"}},{\"@type\":\"ListItem\",\"position\":2,\"item\":{\"@type\":\"WebPage\",\"@id\":\"https:\/\/www.comercialanma.es\/?page_id=3963\",\"url\":\"https:\/\/www.comercialanma.es\/?page_id=3963\",\"name\":\"Cat\\u00e1logo de Productos\"}},{\"@type\":\"ListItem\",\"position\":3,\"item\":{\"@type\":\"WebPage\",\"@id\":\"https:\/\/www.comercialanma.es\/?product=ron-conde-de-cuba-anejo-70cl\",\"url\":\"https:\/\/www.comercialanma.es\/?product=ron-conde-de-cuba-anejo-70cl\",\"name\":\"Ron Conde de Cuba A\\u00f1ejo 70cl.\"}}]}]}<\/script>\n<!-- \/ Yoast SEO plugin. -->","_links":{"self":[{"href":"https:\/\/www.comercialanma.es\/index.php?rest_route=\/wp\/v2\/product\/8564"}],"collection":[{"href":"https:\/\/www.comercialanma.es\/index.php?rest_route=\/wp\/v2\/product"}],"about":[{"href":"https:\/\/www.comercialanma.es\/index.php?rest_route=\/wp\/v2\/types\/product"}],"version-history":[{"count":1,"href":"https:\/\/www.comercialanma.es\/index.php?rest_route=\/wp\/v2\/product\/8564\/revisions"}],"predecessor-version":[{"id":8566,"href":"https:\/\/www.comercialanma.es\/index.php?rest_route=\/wp\/v2\/product\/8564\/revisions\/8566"}],"wp:featuredmedia":[{"embeddable":true,"href":"https:\/\/www.comercialanma.es\/index.php?rest_route=\/wp\/v2\/media\/8565"}],"wp:attachment":[{"href":"https:\/\/www.comercialanma.es\/index.php?rest_route=%2Fwp%2Fv2%2Fmedia&parent=8564"}],"curies":[{"name":"wp","href":"https:\/\/api.w.org\/{rel}","templated":true}]}}

Ron Conde de Cuba Añejo 70cl.

<h3>Nota de cata:</h3>
<div id="tabs_content_container">
<div id="tab_cata_0" class="tab_content catas_review_container">
<div class="rte-content">
<ul>
<li><span class="s1">Color: Conde de Cuba Añejo muestra un color ámbar claro</span></li>
<li><span class="s1">Olor: notas de toffe y tabaco ligero</span></li>
<li><span class="s1">Sabor: un agradable y fuerte sabor a vainilla</span></li>
</ul>
</div>
</div>
</div>

<p><span class="s1">Ron proveniente de la <strong>República</strong> <strong>Dominicana</strong> que tiene un doble envejecimiento en madera: el primero durante 5 años en su lugar de origen y el segundo en las instalaciones de Rives Pitman en el Puerto de Santa María, reposando en barricas de roble americano que antes sirvieron para envejecer vino oloroso, lo que le da un cuerpo y una suavidad excepcional.</span></p>
<p><span class="s1">El excelentísimo Sr. D. Francisco Vives y Planes fue distinguido con el titulo de Conde de Cuba. Este Ron rememora las hazañas acaecidas en la isla, saboreando el calido y suave ron caribeño añejado.</span></p>

<!-- This site is optimized with the Yoast SEO plugin v15.9 - https://yoast.com/wordpress/plugins/seo/ -->
<title>Ron Conde de Cuba Añejo 70cl. - Comercial de Hosteleria Anma</title>
<meta name="robots" content="index, follow, max-snippet:-1, max-image-preview:large, max-video-preview:-1" />
<link rel="canonical" href="https://www.comercialanma.es/?product=ron-conde-de-cuba-anejo-70cl" />
<meta property="og:locale" content="es_ES" />
<meta property="og:type" content="article" />
<meta property="og:title" content="Ron Conde de Cuba Añejo 70cl. - Comercial de Hosteleria Anma" />
<meta property="og:description" content="Ron proveniente de la República Dominicana que tiene un doble envejecimiento en madera: el primero durante 5 años en su lugar de origen y el segundo en las instalaciones de Rives Pitman en el Puerto de Santa María, reposando en barricas de roble americano que antes sirvieron para envejecer vino oloroso, lo que le da un cuerpo y una suavidad excepcional.  El excelentísimo Sr. D. Francisco Vives y Planes fue distinguido con el titulo de Conde de Cuba. Este Ron rememora las hazañas acaecidas en la isla, saboreando el calido y suave ron caribeño añejado." />
<meta property="og:url" content="https://www.comercialanma.es/?product=ron-conde-de-cuba-anejo-70cl" />
<meta property="og:site_name" content="Comercial de Hosteleria Anma" />
<meta property="article:publisher" content="https://www.facebook.com/AnmaHosteleria" />
<meta property="article:modified_time" content="2019-07-23T07:24:45+00:00" />
<meta property="og:image" content="https://i2.wp.com/www.comercialanma.es/wp-content/uploads/2019/07/Conde-de-cuba-anejo.jpg?fit=1200%2C1200&#038;ssl=1" />
	<meta property="og:image:width" content="1200" />
	<meta property="og:image:height" content="1200" />
<meta name="twitter:card" content="summary_large_image" />
<script type="application/ld+json" class="yoast-schema-graph">{"@context":"https://schema.org","@graph":[{"@type":"Organization","@id":"https://www.comercialanma.es/#organization","name":"Comercial Anma","url":"https://www.comercialanma.es/","sameAs":["https://www.facebook.com/AnmaHosteleria","https://www.instagram.com/anmahosteleria/?hl=es","https://www.youtube.com/channel/UCT2nmn08Ntks0hmpZPnDgCA"],"logo":{"@type":"ImageObject","@id":"https://www.comercialanma.es/#logo","inLanguage":"es","url":"https://i2.wp.com/www.comercialanma.es/wp-content/uploads/2019/06/logo-anma-color.png?fit=247%2C101&ssl=1","width":247,"height":101,"caption":"Comercial Anma"},"image":{"@id":"https://www.comercialanma.es/#logo"}},{"@type":"WebSite","@id":"https://www.comercialanma.es/#website","url":"https://www.comercialanma.es/","name":"Comercial de Hosteleria Anma","description":"","publisher":{"@id":"https://www.comercialanma.es/#organization"},"potentialAction":[{"@type":"SearchAction","target":"https://www.comercialanma.es/?s={search_term_string}","query-input":"required name=search_term_string"}],"inLanguage":"es"},{"@type":"ImageObject","@id":"https://www.comercialanma.es/?product=ron-conde-de-cuba-anejo-70cl#primaryimage","inLanguage":"es","url":"https://i2.wp.com/www.comercialanma.es/wp-content/uploads/2019/07/Conde-de-cuba-anejo.jpg?fit=1200%2C1200&ssl=1","width":1200,"height":1200},{"@type":"WebPage","@id":"https://www.comercialanma.es/?product=ron-conde-de-cuba-anejo-70cl#webpage","url":"https://www.comercialanma.es/?product=ron-conde-de-cuba-anejo-70cl","name":"Ron Conde de Cuba A\u00f1ejo 70cl. - Comercial de Hosteleria Anma","isPartOf":{"@id":"https://www.comercialanma.es/#website"},"primaryImageOfPage":{"@id":"https://www.comercialanma.es/?product=ron-conde-de-cuba-anejo-70cl#primaryimage"},"datePublished":"2019-07-23T07:18:33+00:00","dateModified":"2019-07-23T07:24:45+00:00","breadcrumb":{"@id":"https://www.comercialanma.es/?product=ron-conde-de-cuba-anejo-70cl#breadcrumb"},"inLanguage":"es","potentialAction":[{"@type":"ReadAction","target":["https://www.comercialanma.es/?product=ron-conde-de-cuba-anejo-70cl"]}]},{"@type":"BreadcrumbList","@id":"https://www.comercialanma.es/?product=ron-conde-de-cuba-anejo-70cl#breadcrumb","itemListElement":[{"@type":"ListItem","position":1,"item":{"@type":"WebPage","@id":"https://www.comercialanma.es/","url":"https://www.comercialanma.es/","name":"Portada"}},{"@type":"ListItem","position":2,"item":{"@type":"WebPage","@id":"https://www.comercialanma.es/?page_id=3963","url":"https://www.comercialanma.es/?page_id=3963","name":"Cat\u00e1logo de Productos"}},{"@type":"ListItem","position":3,"item":{"@type":"WebPage","@id":"https://www.comercialanma.es/?product=ron-conde-de-cuba-anejo-70cl","url":"https://www.comercialanma.es/?product=ron-conde-de-cuba-anejo-70cl","name":"Ron Conde de Cuba A\u00f1ejo 70cl."}}]}]}</script>
<!-- / Yoast SEO plugin. -->
