
{"id":8591,"date":"2019-07-23T10:10:22","date_gmt":"2019-07-23T08:10:22","guid":{"rendered":"http:\/\/www.comercialanma.es\/?post_type=product&#038;p=8591"},"modified":"2019-07-23T10:14:30","modified_gmt":"2019-07-23T08:14:30","slug":"ron-capitan-morgan-spiced-gold-70cl","status":"publish","type":"product","link":"https:\/\/www.comercialanma.es\/?product=ron-capitan-morgan-spiced-gold-70cl","title":{"rendered":"Ron Capit\u00e1n morgan Spiced Gold 70cl."},"content":{"rendered":"<h3>Nota de cata:<\/h3>\n<p>Captain Morgan Original Spiced Gold es suave y de cuerpo medio.<\/p>\n<p>Con especias suaves y sabores naturales.<\/p>\n<p>Graduaci\u00f3n: 35% vol.<\/p>\n","protected":false},"excerpt":{"rendered":"<p>Captain Morgan Original Spiced Gold es una mezcla secreta de rones caribe\u00f1os con especias a\u00f1ejadas y otros sabores naturales. Este ron obtiene su distintiva riqueza y color \u00e1mbar gracias a su a\u00f1ejamiento en barricas de roble blanco carbonizadas. Captain Morgan Original Spiced Gold se lleva perfecto con ciertos refrescos, ya que la receta secreta de especias se mezcla con refresco de Cola para hacer una combinaci\u00f3n legendaria.<\/p>\n","protected":false},"featured_media":8592,"template":"","meta":{"spay_email":""},"yoast_head":"<!-- This site is optimized with the Yoast SEO plugin v15.9 - https:\/\/yoast.com\/wordpress\/plugins\/seo\/ -->\n<title>Ron Capit\u00e1n morgan Spiced Gold 70cl. - Comercial de Hosteleria Anma<\/title>\n<meta name=\"robots\" content=\"index, follow, max-snippet:-1, max-image-preview:large, max-video-preview:-1\" \/>\n<link rel=\"canonical\" href=\"https:\/\/www.comercialanma.es\/?product=ron-capitan-morgan-spiced-gold-70cl\" \/>\n<meta property=\"og:locale\" content=\"es_ES\" \/>\n<meta property=\"og:type\" content=\"article\" \/>\n<meta property=\"og:title\" content=\"Ron Capit\u00e1n morgan Spiced Gold 70cl. - Comercial de Hosteleria Anma\" \/>\n<meta property=\"og:description\" content=\"Captain Morgan Original Spiced Gold es una mezcla secreta de rones caribe\u00f1os con especias a\u00f1ejadas y otros sabores naturales. Este ron obtiene su distintiva riqueza y color \u00e1mbar gracias a su a\u00f1ejamiento en barricas de roble blanco carbonizadas. Captain Morgan Original Spiced Gold se lleva perfecto con ciertos refrescos, ya que la receta secreta de especias se mezcla con refresco de Cola para hacer una combinaci\u00f3n legendaria.\" \/>\n<meta property=\"og:url\" content=\"https:\/\/www.comercialanma.es\/?product=ron-capitan-morgan-spiced-gold-70cl\" \/>\n<meta property=\"og:site_name\" content=\"Comercial de Hosteleria Anma\" \/>\n<meta property=\"article:publisher\" content=\"https:\/\/www.facebook.com\/AnmaHosteleria\" \/>\n<meta property=\"article:modified_time\" content=\"2019-07-23T08:14:30+00:00\" \/>\n<meta property=\"og:image\" content=\"https:\/\/i2.wp.com\/www.comercialanma.es\/wp-content\/uploads\/2019\/07\/Capitan-Morgan-SG.jpg?fit=1200%2C1200&#038;ssl=1\" \/>\n\t<meta property=\"og:image:width\" content=\"1200\" \/>\n\t<meta property=\"og:image:height\" content=\"1200\" \/>\n<meta name=\"twitter:card\" content=\"summary_large_image\" \/>\n<script type=\"application\/ld+json\" class=\"yoast-schema-graph\">{\"@context\":\"https:\/\/schema.org\",\"@graph\":[{\"@type\":\"Organization\",\"@id\":\"https:\/\/www.comercialanma.es\/#organization\",\"name\":\"Comercial Anma\",\"url\":\"https:\/\/www.comercialanma.es\/\",\"sameAs\":[\"https:\/\/www.facebook.com\/AnmaHosteleria\",\"https:\/\/www.instagram.com\/anmahosteleria\/?hl=es\",\"https:\/\/www.youtube.com\/channel\/UCT2nmn08Ntks0hmpZPnDgCA\"],\"logo\":{\"@type\":\"ImageObject\",\"@id\":\"https:\/\/www.comercialanma.es\/#logo\",\"inLanguage\":\"es\",\"url\":\"https:\/\/i2.wp.com\/www.comercialanma.es\/wp-content\/uploads\/2019\/06\/logo-anma-color.png?fit=247%2C101&ssl=1\",\"width\":247,\"height\":101,\"caption\":\"Comercial Anma\"},\"image\":{\"@id\":\"https:\/\/www.comercialanma.es\/#logo\"}},{\"@type\":\"WebSite\",\"@id\":\"https:\/\/www.comercialanma.es\/#website\",\"url\":\"https:\/\/www.comercialanma.es\/\",\"name\":\"Comercial de Hosteleria Anma\",\"description\":\"\",\"publisher\":{\"@id\":\"https:\/\/www.comercialanma.es\/#organization\"},\"potentialAction\":[{\"@type\":\"SearchAction\",\"target\":\"https:\/\/www.comercialanma.es\/?s={search_term_string}\",\"query-input\":\"required name=search_term_string\"}],\"inLanguage\":\"es\"},{\"@type\":\"ImageObject\",\"@id\":\"https:\/\/www.comercialanma.es\/?product=ron-capitan-morgan-spiced-gold-70cl#primaryimage\",\"inLanguage\":\"es\",\"url\":\"https:\/\/i2.wp.com\/www.comercialanma.es\/wp-content\/uploads\/2019\/07\/Capitan-Morgan-SG.jpg?fit=1200%2C1200&ssl=1\",\"width\":1200,\"height\":1200},{\"@type\":\"WebPage\",\"@id\":\"https:\/\/www.comercialanma.es\/?product=ron-capitan-morgan-spiced-gold-70cl#webpage\",\"url\":\"https:\/\/www.comercialanma.es\/?product=ron-capitan-morgan-spiced-gold-70cl\",\"name\":\"Ron Capit\\u00e1n morgan Spiced Gold 70cl. - Comercial de Hosteleria Anma\",\"isPartOf\":{\"@id\":\"https:\/\/www.comercialanma.es\/#website\"},\"primaryImageOfPage\":{\"@id\":\"https:\/\/www.comercialanma.es\/?product=ron-capitan-morgan-spiced-gold-70cl#primaryimage\"},\"datePublished\":\"2019-07-23T08:10:22+00:00\",\"dateModified\":\"2019-07-23T08:14:30+00:00\",\"breadcrumb\":{\"@id\":\"https:\/\/www.comercialanma.es\/?product=ron-capitan-morgan-spiced-gold-70cl#breadcrumb\"},\"inLanguage\":\"es\",\"potentialAction\":[{\"@type\":\"ReadAction\",\"target\":[\"https:\/\/www.comercialanma.es\/?product=ron-capitan-morgan-spiced-gold-70cl\"]}]},{\"@type\":\"BreadcrumbList\",\"@id\":\"https:\/\/www.comercialanma.es\/?product=ron-capitan-morgan-spiced-gold-70cl#breadcrumb\",\"itemListElement\":[{\"@type\":\"ListItem\",\"position\":1,\"item\":{\"@type\":\"WebPage\",\"@id\":\"https:\/\/www.comercialanma.es\/\",\"url\":\"https:\/\/www.comercialanma.es\/\",\"name\":\"Portada\"}},{\"@type\":\"ListItem\",\"position\":2,\"item\":{\"@type\":\"WebPage\",\"@id\":\"https:\/\/www.comercialanma.es\/?page_id=3963\",\"url\":\"https:\/\/www.comercialanma.es\/?page_id=3963\",\"name\":\"Cat\\u00e1logo de Productos\"}},{\"@type\":\"ListItem\",\"position\":3,\"item\":{\"@type\":\"WebPage\",\"@id\":\"https:\/\/www.comercialanma.es\/?product=ron-capitan-morgan-spiced-gold-70cl\",\"url\":\"https:\/\/www.comercialanma.es\/?product=ron-capitan-morgan-spiced-gold-70cl\",\"name\":\"Ron Capit\\u00e1n morgan Spiced Gold 70cl.\"}}]}]}<\/script>\n<!-- \/ Yoast SEO plugin. -->","_links":{"self":[{"href":"https:\/\/www.comercialanma.es\/index.php?rest_route=\/wp\/v2\/product\/8591"}],"collection":[{"href":"https:\/\/www.comercialanma.es\/index.php?rest_route=\/wp\/v2\/product"}],"about":[{"href":"https:\/\/www.comercialanma.es\/index.php?rest_route=\/wp\/v2\/types\/product"}],"version-history":[{"count":2,"href":"https:\/\/www.comercialanma.es\/index.php?rest_route=\/wp\/v2\/product\/8591\/revisions"}],"predecessor-version":[{"id":8594,"href":"https:\/\/www.comercialanma.es\/index.php?rest_route=\/wp\/v2\/product\/8591\/revisions\/8594"}],"wp:featuredmedia":[{"embeddable":true,"href":"https:\/\/www.comercialanma.es\/index.php?rest_route=\/wp\/v2\/media\/8592"}],"wp:attachment":[{"href":"https:\/\/www.comercialanma.es\/index.php?rest_route=%2Fwp%2Fv2%2Fmedia&parent=8591"}],"curies":[{"name":"wp","href":"https:\/\/api.w.org\/{rel}","templated":true}]}}