
{"id":8639,"date":"2019-07-26T15:44:27","date_gmt":"2019-07-26T13:44:27","guid":{"rendered":"http:\/\/www.comercialanma.es\/?post_type=product&#038;p=8639"},"modified":"2019-07-26T15:51:29","modified_gmt":"2019-07-26T13:51:29","slug":"ron-matusalem-solera-23-anos-70cl","status":"publish","type":"product","link":"https:\/\/www.comercialanma.es\/?product=ron-matusalem-solera-23-anos-70cl","title":{"rendered":"Ron Matusalem Solera 23 a\u00f1os 70cl."},"content":{"rendered":"<h3>Nota de cata:<\/h3>\n<div>\n<div id=\"tabs_content_container\">\n<div id=\"tab_cata_0\">\n<ul>\n<li>Vista:\u00a0Ron Matusalem Solera 23 a\u00f1os es de color ambarino profundo con irisaciones anaranjadas cobrizas. Muy atractivo y apetitoso.<\/li>\n<li>Nariz:\u00a0destacan frutos secos sobre tonos de pasteler\u00eda. Sensaci\u00f3n de miel fresca con toques magnolia y flor de almendro. Fondo de az\u00facar caramelizado y toffee junto a mango enlazado con maderas finas, ex\u00f3ticas y cedro; acompa\u00f1ado de un toque de chocolate blanco y almendras.<\/li>\n<li>Boca:\u00a0 es muy fino, elegante y cremoso. Fondo de regaliz sobre tonos de almendras\/avellanas tostadas. Muy complejo, pasa de sensaciones frescas a frutos secos y se vuelve muy sofisticado, con un toque final que recuerda al jerez.<\/li>\n<li>Graduaci\u00f3n: 40% vol.<\/li>\n<\/ul>\n<\/div>\n<\/div>\n<\/div>\n","protected":false},"excerpt":{"rendered":"<p>Ron Matusalem Solera 23 a\u00f1os es un ron cubano con 23 a\u00f1os de envejecimiento. Su sofisticado sabor, su atractivo gusto y su car\u00e1cter premium har\u00e1 las delicias de los m\u00e1s exigentes. Es un ron gran reserva elaborado con el sistema de envejecimiento en solera utilizado en el envejecimiento de los vinos de jerez y brandys. Mediante este m\u00e9todo se mezclan rones\u00a0muy viejos con rones m\u00e1s j\u00f3venes para mantener la calidad. Este ron es\u00a0el mayor logro de Matusalem.<\/p>\n","protected":false},"featured_media":8640,"template":"","meta":{"spay_email":""},"yoast_head":"<!-- This site is optimized with the Yoast SEO plugin v15.9 - https:\/\/yoast.com\/wordpress\/plugins\/seo\/ -->\n<title>Ron Matusalem Solera 23 a\u00f1os 70cl. - Comercial de Hosteleria Anma<\/title>\n<meta name=\"robots\" content=\"index, follow, max-snippet:-1, max-image-preview:large, max-video-preview:-1\" \/>\n<link rel=\"canonical\" href=\"https:\/\/www.comercialanma.es\/?product=ron-matusalem-solera-23-anos-70cl\" \/>\n<meta property=\"og:locale\" content=\"es_ES\" \/>\n<meta property=\"og:type\" content=\"article\" \/>\n<meta property=\"og:title\" content=\"Ron Matusalem Solera 23 a\u00f1os 70cl. - Comercial de Hosteleria Anma\" \/>\n<meta property=\"og:description\" content=\"Ron Matusalem Solera 23 a\u00f1os es un ron cubano con 23 a\u00f1os de envejecimiento. Su sofisticado sabor, su atractivo gusto y su car\u00e1cter premium har\u00e1 las delicias de los m\u00e1s exigentes. Es un ron gran reserva elaborado con el sistema de envejecimiento en solera utilizado en el envejecimiento de los vinos de jerez y brandys. Mediante este m\u00e9todo se mezclan rones\u00a0muy viejos con rones m\u00e1s j\u00f3venes para mantener la calidad. Este ron es\u00a0el mayor logro de Matusalem.\" \/>\n<meta property=\"og:url\" content=\"https:\/\/www.comercialanma.es\/?product=ron-matusalem-solera-23-anos-70cl\" \/>\n<meta property=\"og:site_name\" content=\"Comercial de Hosteleria Anma\" \/>\n<meta property=\"article:publisher\" content=\"https:\/\/www.facebook.com\/AnmaHosteleria\" \/>\n<meta property=\"article:modified_time\" content=\"2019-07-26T13:51:29+00:00\" \/>\n<meta property=\"og:image\" content=\"https:\/\/i1.wp.com\/www.comercialanma.es\/wp-content\/uploads\/2019\/07\/Matusalem-23.jpg?fit=1200%2C1200&#038;ssl=1\" \/>\n\t<meta property=\"og:image:width\" content=\"1200\" \/>\n\t<meta property=\"og:image:height\" content=\"1200\" \/>\n<meta name=\"twitter:card\" content=\"summary_large_image\" \/>\n<meta name=\"twitter:label1\" content=\"Tiempo de lectura\">\n\t<meta name=\"twitter:data1\" content=\"1 minuto\">\n<script type=\"application\/ld+json\" class=\"yoast-schema-graph\">{\"@context\":\"https:\/\/schema.org\",\"@graph\":[{\"@type\":\"Organization\",\"@id\":\"https:\/\/www.comercialanma.es\/#organization\",\"name\":\"Comercial Anma\",\"url\":\"https:\/\/www.comercialanma.es\/\",\"sameAs\":[\"https:\/\/www.facebook.com\/AnmaHosteleria\",\"https:\/\/www.instagram.com\/anmahosteleria\/?hl=es\",\"https:\/\/www.youtube.com\/channel\/UCT2nmn08Ntks0hmpZPnDgCA\"],\"logo\":{\"@type\":\"ImageObject\",\"@id\":\"https:\/\/www.comercialanma.es\/#logo\",\"inLanguage\":\"es\",\"url\":\"https:\/\/i2.wp.com\/www.comercialanma.es\/wp-content\/uploads\/2019\/06\/logo-anma-color.png?fit=247%2C101&ssl=1\",\"width\":247,\"height\":101,\"caption\":\"Comercial Anma\"},\"image\":{\"@id\":\"https:\/\/www.comercialanma.es\/#logo\"}},{\"@type\":\"WebSite\",\"@id\":\"https:\/\/www.comercialanma.es\/#website\",\"url\":\"https:\/\/www.comercialanma.es\/\",\"name\":\"Comercial de Hosteleria Anma\",\"description\":\"\",\"publisher\":{\"@id\":\"https:\/\/www.comercialanma.es\/#organization\"},\"potentialAction\":[{\"@type\":\"SearchAction\",\"target\":\"https:\/\/www.comercialanma.es\/?s={search_term_string}\",\"query-input\":\"required name=search_term_string\"}],\"inLanguage\":\"es\"},{\"@type\":\"ImageObject\",\"@id\":\"https:\/\/www.comercialanma.es\/?product=ron-matusalem-solera-23-anos-70cl#primaryimage\",\"inLanguage\":\"es\",\"url\":\"https:\/\/i1.wp.com\/www.comercialanma.es\/wp-content\/uploads\/2019\/07\/Matusalem-23.jpg?fit=1200%2C1200&ssl=1\",\"width\":1200,\"height\":1200},{\"@type\":\"WebPage\",\"@id\":\"https:\/\/www.comercialanma.es\/?product=ron-matusalem-solera-23-anos-70cl#webpage\",\"url\":\"https:\/\/www.comercialanma.es\/?product=ron-matusalem-solera-23-anos-70cl\",\"name\":\"Ron Matusalem Solera 23 a\\u00f1os 70cl. - Comercial de Hosteleria Anma\",\"isPartOf\":{\"@id\":\"https:\/\/www.comercialanma.es\/#website\"},\"primaryImageOfPage\":{\"@id\":\"https:\/\/www.comercialanma.es\/?product=ron-matusalem-solera-23-anos-70cl#primaryimage\"},\"datePublished\":\"2019-07-26T13:44:27+00:00\",\"dateModified\":\"2019-07-26T13:51:29+00:00\",\"breadcrumb\":{\"@id\":\"https:\/\/www.comercialanma.es\/?product=ron-matusalem-solera-23-anos-70cl#breadcrumb\"},\"inLanguage\":\"es\",\"potentialAction\":[{\"@type\":\"ReadAction\",\"target\":[\"https:\/\/www.comercialanma.es\/?product=ron-matusalem-solera-23-anos-70cl\"]}]},{\"@type\":\"BreadcrumbList\",\"@id\":\"https:\/\/www.comercialanma.es\/?product=ron-matusalem-solera-23-anos-70cl#breadcrumb\",\"itemListElement\":[{\"@type\":\"ListItem\",\"position\":1,\"item\":{\"@type\":\"WebPage\",\"@id\":\"https:\/\/www.comercialanma.es\/\",\"url\":\"https:\/\/www.comercialanma.es\/\",\"name\":\"Portada\"}},{\"@type\":\"ListItem\",\"position\":2,\"item\":{\"@type\":\"WebPage\",\"@id\":\"https:\/\/www.comercialanma.es\/?page_id=3963\",\"url\":\"https:\/\/www.comercialanma.es\/?page_id=3963\",\"name\":\"Cat\\u00e1logo de Productos\"}},{\"@type\":\"ListItem\",\"position\":3,\"item\":{\"@type\":\"WebPage\",\"@id\":\"https:\/\/www.comercialanma.es\/?product=ron-matusalem-solera-23-anos-70cl\",\"url\":\"https:\/\/www.comercialanma.es\/?product=ron-matusalem-solera-23-anos-70cl\",\"name\":\"Ron Matusalem Solera 23 a\\u00f1os 70cl.\"}}]}]}<\/script>\n<!-- \/ Yoast SEO plugin. -->","_links":{"self":[{"href":"https:\/\/www.comercialanma.es\/index.php?rest_route=\/wp\/v2\/product\/8639"}],"collection":[{"href":"https:\/\/www.comercialanma.es\/index.php?rest_route=\/wp\/v2\/product"}],"about":[{"href":"https:\/\/www.comercialanma.es\/index.php?rest_route=\/wp\/v2\/types\/product"}],"version-history":[{"count":1,"href":"https:\/\/www.comercialanma.es\/index.php?rest_route=\/wp\/v2\/product\/8639\/revisions"}],"predecessor-version":[{"id":8641,"href":"https:\/\/www.comercialanma.es\/index.php?rest_route=\/wp\/v2\/product\/8639\/revisions\/8641"}],"wp:featuredmedia":[{"embeddable":true,"href":"https:\/\/www.comercialanma.es\/index.php?rest_route=\/wp\/v2\/media\/8640"}],"wp:attachment":[{"href":"https:\/\/www.comercialanma.es\/index.php?rest_route=%2Fwp%2Fv2%2Fmedia&parent=8639"}],"curies":[{"name":"wp","href":"https:\/\/api.w.org\/{rel}","templated":true}]}}

Ron Matusalem Solera 23 años 70cl.

<h3>Nota de cata:</h3>
<div>
<div id="tabs_content_container">
<div id="tab_cata_0">
<ul>
<li>Vista: Ron Matusalem Solera 23 años es de color ambarino profundo con irisaciones anaranjadas cobrizas. Muy atractivo y apetitoso.</li>
<li>Nariz: destacan frutos secos sobre tonos de pastelería. Sensación de miel fresca con toques magnolia y flor de almendro. Fondo de azúcar caramelizado y toffee junto a mango enlazado con maderas finas, exóticas y cedro; acompañado de un toque de chocolate blanco y almendras.</li>
<li>Boca:  es muy fino, elegante y cremoso. Fondo de regaliz sobre tonos de almendras/avellanas tostadas. Muy complejo, pasa de sensaciones frescas a frutos secos y se vuelve muy sofisticado, con un toque final que recuerda al jerez.</li>
<li>Graduación: 40% vol.</li>
</ul>
</div>
</div>
</div>

<p>Ron Matusalem Solera 23 años es un ron cubano con 23 años de envejecimiento. Su sofisticado sabor, su atractivo gusto y su carácter premium hará las delicias de los más exigentes. Es un ron gran reserva elaborado con el sistema de envejecimiento en solera utilizado en el envejecimiento de los vinos de jerez y brandys. Mediante este método se mezclan rones muy viejos con rones más jóvenes para mantener la calidad. Este ron es el mayor logro de Matusalem.</p>

<!-- This site is optimized with the Yoast SEO plugin v15.9 - https://yoast.com/wordpress/plugins/seo/ -->
<title>Ron Matusalem Solera 23 años 70cl. - Comercial de Hosteleria Anma</title>
<meta name="robots" content="index, follow, max-snippet:-1, max-image-preview:large, max-video-preview:-1" />
<link rel="canonical" href="https://www.comercialanma.es/?product=ron-matusalem-solera-23-anos-70cl" />
<meta property="og:locale" content="es_ES" />
<meta property="og:type" content="article" />
<meta property="og:title" content="Ron Matusalem Solera 23 años 70cl. - Comercial de Hosteleria Anma" />
<meta property="og:description" content="Ron Matusalem Solera 23 años es un ron cubano con 23 años de envejecimiento. Su sofisticado sabor, su atractivo gusto y su carácter premium hará las delicias de los más exigentes. Es un ron gran reserva elaborado con el sistema de envejecimiento en solera utilizado en el envejecimiento de los vinos de jerez y brandys. Mediante este método se mezclan rones muy viejos con rones más jóvenes para mantener la calidad. Este ron es el mayor logro de Matusalem." />
<meta property="og:url" content="https://www.comercialanma.es/?product=ron-matusalem-solera-23-anos-70cl" />
<meta property="og:site_name" content="Comercial de Hosteleria Anma" />
<meta property="article:publisher" content="https://www.facebook.com/AnmaHosteleria" />
<meta property="article:modified_time" content="2019-07-26T13:51:29+00:00" />
<meta property="og:image" content="https://i1.wp.com/www.comercialanma.es/wp-content/uploads/2019/07/Matusalem-23.jpg?fit=1200%2C1200&#038;ssl=1" />
	<meta property="og:image:width" content="1200" />
	<meta property="og:image:height" content="1200" />
<meta name="twitter:card" content="summary_large_image" />
<meta name="twitter:label1" content="Tiempo de lectura">
	<meta name="twitter:data1" content="1 minuto">
<script type="application/ld+json" class="yoast-schema-graph">{"@context":"https://schema.org","@graph":[{"@type":"Organization","@id":"https://www.comercialanma.es/#organization","name":"Comercial Anma","url":"https://www.comercialanma.es/","sameAs":["https://www.facebook.com/AnmaHosteleria","https://www.instagram.com/anmahosteleria/?hl=es","https://www.youtube.com/channel/UCT2nmn08Ntks0hmpZPnDgCA"],"logo":{"@type":"ImageObject","@id":"https://www.comercialanma.es/#logo","inLanguage":"es","url":"https://i2.wp.com/www.comercialanma.es/wp-content/uploads/2019/06/logo-anma-color.png?fit=247%2C101&ssl=1","width":247,"height":101,"caption":"Comercial Anma"},"image":{"@id":"https://www.comercialanma.es/#logo"}},{"@type":"WebSite","@id":"https://www.comercialanma.es/#website","url":"https://www.comercialanma.es/","name":"Comercial de Hosteleria Anma","description":"","publisher":{"@id":"https://www.comercialanma.es/#organization"},"potentialAction":[{"@type":"SearchAction","target":"https://www.comercialanma.es/?s={search_term_string}","query-input":"required name=search_term_string"}],"inLanguage":"es"},{"@type":"ImageObject","@id":"https://www.comercialanma.es/?product=ron-matusalem-solera-23-anos-70cl#primaryimage","inLanguage":"es","url":"https://i1.wp.com/www.comercialanma.es/wp-content/uploads/2019/07/Matusalem-23.jpg?fit=1200%2C1200&ssl=1","width":1200,"height":1200},{"@type":"WebPage","@id":"https://www.comercialanma.es/?product=ron-matusalem-solera-23-anos-70cl#webpage","url":"https://www.comercialanma.es/?product=ron-matusalem-solera-23-anos-70cl","name":"Ron Matusalem Solera 23 a\u00f1os 70cl. - Comercial de Hosteleria Anma","isPartOf":{"@id":"https://www.comercialanma.es/#website"},"primaryImageOfPage":{"@id":"https://www.comercialanma.es/?product=ron-matusalem-solera-23-anos-70cl#primaryimage"},"datePublished":"2019-07-26T13:44:27+00:00","dateModified":"2019-07-26T13:51:29+00:00","breadcrumb":{"@id":"https://www.comercialanma.es/?product=ron-matusalem-solera-23-anos-70cl#breadcrumb"},"inLanguage":"es","potentialAction":[{"@type":"ReadAction","target":["https://www.comercialanma.es/?product=ron-matusalem-solera-23-anos-70cl"]}]},{"@type":"BreadcrumbList","@id":"https://www.comercialanma.es/?product=ron-matusalem-solera-23-anos-70cl#breadcrumb","itemListElement":[{"@type":"ListItem","position":1,"item":{"@type":"WebPage","@id":"https://www.comercialanma.es/","url":"https://www.comercialanma.es/","name":"Portada"}},{"@type":"ListItem","position":2,"item":{"@type":"WebPage","@id":"https://www.comercialanma.es/?page_id=3963","url":"https://www.comercialanma.es/?page_id=3963","name":"Cat\u00e1logo de Productos"}},{"@type":"ListItem","position":3,"item":{"@type":"WebPage","@id":"https://www.comercialanma.es/?product=ron-matusalem-solera-23-anos-70cl","url":"https://www.comercialanma.es/?product=ron-matusalem-solera-23-anos-70cl","name":"Ron Matusalem Solera 23 a\u00f1os 70cl."}}]}]}</script>
<!-- / Yoast SEO plugin. -->
