
{"id":8754,"date":"2019-07-30T12:04:16","date_gmt":"2019-07-30T10:04:16","guid":{"rendered":"http:\/\/www.comercialanma.es\/?post_type=product&#038;p=8754"},"modified":"2019-07-30T12:09:21","modified_gmt":"2019-07-30T10:09:21","slug":"ron-valdespino-20-anos-70cl","status":"publish","type":"product","link":"https:\/\/www.comercialanma.es\/?product=ron-valdespino-20-anos-70cl","title":{"rendered":"Ron Valdespino 20 a\u00f1os  70cl."},"content":{"rendered":"<h3>Nota de cata:<\/h3>\n<div id=\"tabs_content_container\">\n<div id=\"tab_cata_0\" class=\"tab_content catas_review_container\">\n<div class=\"two-coulumn-wrapper\">\n<div class=\"field field-type-text field-field-vista\">\n<ul>\n<li class=\"field-item odd\">Vista: Intenso color caoba con reflejos ambarinos.<\/li>\n<li class=\"field-item odd\">Nariz: Notas de roble viejo y recuerdos a jerez oloroso. Suaves matices de miel, ciruela y especias.<\/li>\n<li class=\"field-item odd\">\n<div>Boca: Notas complejas en el paladar que combinan especias dulces, mermelada de c\u00edtricos sobre un fondo de madera. Final goloso con toques de caramelo.<\/div>\n<\/li>\n<li class=\"field-item odd\">\n<div>Graduaci\u00f3n: 43% vol.<\/div>\n<\/li>\n<\/ul>\n<\/div>\n<\/div>\n<\/div>\n<\/div>\n","protected":false},"excerpt":{"rendered":"<p>La casa\u00a0Valdespino introdujo\u00a0sus jereces y brandys en Cuba en la \u00e9poca colonial. En los a\u00f1os 40 y procedente de un cliente, due\u00f1o de una peque\u00f1a destiler\u00eda de ron al que se suministraban botas de Jerez, se seleccion\u00f3 e import\u00f3 un n\u00famero reducido de botas de una partida de ron de ca\u00f1a de gran pureza. Este es el origen de este ron viejo con una vejez media de 20 a\u00f1os en botas centenarias que contuvieron olorosos de las soleras m\u00e1s antiguas de Valdespino. Un ron complejo y goloso.<\/p>\n","protected":false},"featured_media":8755,"template":"","meta":{"spay_email":""},"yoast_head":"<!-- This site is optimized with the Yoast SEO plugin v15.9 - https:\/\/yoast.com\/wordpress\/plugins\/seo\/ -->\n<title>Ron Valdespino 20 a\u00f1os 70cl. - Comercial de Hosteleria Anma<\/title>\n<meta name=\"robots\" content=\"index, follow, max-snippet:-1, max-image-preview:large, max-video-preview:-1\" \/>\n<link rel=\"canonical\" href=\"https:\/\/www.comercialanma.es\/?product=ron-valdespino-20-anos-70cl\" \/>\n<meta property=\"og:locale\" content=\"es_ES\" \/>\n<meta property=\"og:type\" content=\"article\" \/>\n<meta property=\"og:title\" content=\"Ron Valdespino 20 a\u00f1os 70cl. - Comercial de Hosteleria Anma\" \/>\n<meta property=\"og:description\" content=\"La casa\u00a0Valdespino introdujo\u00a0sus jereces y brandys en Cuba en la \u00e9poca colonial. En los a\u00f1os 40 y procedente de un cliente, due\u00f1o de una peque\u00f1a destiler\u00eda de ron al que se suministraban botas de Jerez, se seleccion\u00f3 e import\u00f3 un n\u00famero reducido de botas de una partida de ron de ca\u00f1a de gran pureza. Este es el origen de este ron viejo con una vejez media de 20 a\u00f1os en botas centenarias que contuvieron olorosos de las soleras m\u00e1s antiguas de Valdespino. Un ron complejo y goloso.\" \/>\n<meta property=\"og:url\" content=\"https:\/\/www.comercialanma.es\/?product=ron-valdespino-20-anos-70cl\" \/>\n<meta property=\"og:site_name\" content=\"Comercial de Hosteleria Anma\" \/>\n<meta property=\"article:publisher\" content=\"https:\/\/www.facebook.com\/AnmaHosteleria\" \/>\n<meta property=\"article:modified_time\" content=\"2019-07-30T10:09:21+00:00\" \/>\n<meta property=\"og:image\" content=\"https:\/\/i0.wp.com\/www.comercialanma.es\/wp-content\/uploads\/2019\/07\/Valdespino-20.jpg?fit=1200%2C1200&#038;ssl=1\" \/>\n\t<meta property=\"og:image:width\" content=\"1200\" \/>\n\t<meta property=\"og:image:height\" content=\"1200\" \/>\n<meta name=\"twitter:card\" content=\"summary_large_image\" \/>\n<script type=\"application\/ld+json\" class=\"yoast-schema-graph\">{\"@context\":\"https:\/\/schema.org\",\"@graph\":[{\"@type\":\"Organization\",\"@id\":\"https:\/\/www.comercialanma.es\/#organization\",\"name\":\"Comercial Anma\",\"url\":\"https:\/\/www.comercialanma.es\/\",\"sameAs\":[\"https:\/\/www.facebook.com\/AnmaHosteleria\",\"https:\/\/www.instagram.com\/anmahosteleria\/?hl=es\",\"https:\/\/www.youtube.com\/channel\/UCT2nmn08Ntks0hmpZPnDgCA\"],\"logo\":{\"@type\":\"ImageObject\",\"@id\":\"https:\/\/www.comercialanma.es\/#logo\",\"inLanguage\":\"es\",\"url\":\"https:\/\/i2.wp.com\/www.comercialanma.es\/wp-content\/uploads\/2019\/06\/logo-anma-color.png?fit=247%2C101&ssl=1\",\"width\":247,\"height\":101,\"caption\":\"Comercial Anma\"},\"image\":{\"@id\":\"https:\/\/www.comercialanma.es\/#logo\"}},{\"@type\":\"WebSite\",\"@id\":\"https:\/\/www.comercialanma.es\/#website\",\"url\":\"https:\/\/www.comercialanma.es\/\",\"name\":\"Comercial de Hosteleria Anma\",\"description\":\"\",\"publisher\":{\"@id\":\"https:\/\/www.comercialanma.es\/#organization\"},\"potentialAction\":[{\"@type\":\"SearchAction\",\"target\":\"https:\/\/www.comercialanma.es\/?s={search_term_string}\",\"query-input\":\"required name=search_term_string\"}],\"inLanguage\":\"es\"},{\"@type\":\"ImageObject\",\"@id\":\"https:\/\/www.comercialanma.es\/?product=ron-valdespino-20-anos-70cl#primaryimage\",\"inLanguage\":\"es\",\"url\":\"https:\/\/i0.wp.com\/www.comercialanma.es\/wp-content\/uploads\/2019\/07\/Valdespino-20.jpg?fit=1200%2C1200&ssl=1\",\"width\":1200,\"height\":1200},{\"@type\":\"WebPage\",\"@id\":\"https:\/\/www.comercialanma.es\/?product=ron-valdespino-20-anos-70cl#webpage\",\"url\":\"https:\/\/www.comercialanma.es\/?product=ron-valdespino-20-anos-70cl\",\"name\":\"Ron Valdespino 20 a\\u00f1os 70cl. - Comercial de Hosteleria Anma\",\"isPartOf\":{\"@id\":\"https:\/\/www.comercialanma.es\/#website\"},\"primaryImageOfPage\":{\"@id\":\"https:\/\/www.comercialanma.es\/?product=ron-valdespino-20-anos-70cl#primaryimage\"},\"datePublished\":\"2019-07-30T10:04:16+00:00\",\"dateModified\":\"2019-07-30T10:09:21+00:00\",\"breadcrumb\":{\"@id\":\"https:\/\/www.comercialanma.es\/?product=ron-valdespino-20-anos-70cl#breadcrumb\"},\"inLanguage\":\"es\",\"potentialAction\":[{\"@type\":\"ReadAction\",\"target\":[\"https:\/\/www.comercialanma.es\/?product=ron-valdespino-20-anos-70cl\"]}]},{\"@type\":\"BreadcrumbList\",\"@id\":\"https:\/\/www.comercialanma.es\/?product=ron-valdespino-20-anos-70cl#breadcrumb\",\"itemListElement\":[{\"@type\":\"ListItem\",\"position\":1,\"item\":{\"@type\":\"WebPage\",\"@id\":\"https:\/\/www.comercialanma.es\/\",\"url\":\"https:\/\/www.comercialanma.es\/\",\"name\":\"Portada\"}},{\"@type\":\"ListItem\",\"position\":2,\"item\":{\"@type\":\"WebPage\",\"@id\":\"https:\/\/www.comercialanma.es\/?page_id=3963\",\"url\":\"https:\/\/www.comercialanma.es\/?page_id=3963\",\"name\":\"Cat\\u00e1logo de Productos\"}},{\"@type\":\"ListItem\",\"position\":3,\"item\":{\"@type\":\"WebPage\",\"@id\":\"https:\/\/www.comercialanma.es\/?product=ron-valdespino-20-anos-70cl\",\"url\":\"https:\/\/www.comercialanma.es\/?product=ron-valdespino-20-anos-70cl\",\"name\":\"Ron Valdespino 20 a\\u00f1os 70cl.\"}}]}]}<\/script>\n<!-- \/ Yoast SEO plugin. -->","_links":{"self":[{"href":"https:\/\/www.comercialanma.es\/index.php?rest_route=\/wp\/v2\/product\/8754"}],"collection":[{"href":"https:\/\/www.comercialanma.es\/index.php?rest_route=\/wp\/v2\/product"}],"about":[{"href":"https:\/\/www.comercialanma.es\/index.php?rest_route=\/wp\/v2\/types\/product"}],"version-history":[{"count":2,"href":"https:\/\/www.comercialanma.es\/index.php?rest_route=\/wp\/v2\/product\/8754\/revisions"}],"predecessor-version":[{"id":8757,"href":"https:\/\/www.comercialanma.es\/index.php?rest_route=\/wp\/v2\/product\/8754\/revisions\/8757"}],"wp:featuredmedia":[{"embeddable":true,"href":"https:\/\/www.comercialanma.es\/index.php?rest_route=\/wp\/v2\/media\/8755"}],"wp:attachment":[{"href":"https:\/\/www.comercialanma.es\/index.php?rest_route=%2Fwp%2Fv2%2Fmedia&parent=8754"}],"curies":[{"name":"wp","href":"https:\/\/api.w.org\/{rel}","templated":true}]}}

Ron Valdespino 20 años  70cl.

<h3>Nota de cata:</h3>
<div id="tabs_content_container">
<div id="tab_cata_0" class="tab_content catas_review_container">
<div class="two-coulumn-wrapper">
<div class="field field-type-text field-field-vista">
<ul>
<li class="field-item odd">Vista: Intenso color caoba con reflejos ambarinos.</li>
<li class="field-item odd">Nariz: Notas de roble viejo y recuerdos a jerez oloroso. Suaves matices de miel, ciruela y especias.</li>
<li class="field-item odd">
<div>Boca: Notas complejas en el paladar que combinan especias dulces, mermelada de cítricos sobre un fondo de madera. Final goloso con toques de caramelo.</div>
</li>
<li class="field-item odd">
<div>Graduación: 43% vol.</div>
</li>
</ul>
</div>
</div>
</div>
</div>

<p>La casa Valdespino introdujo sus jereces y brandys en Cuba en la época colonial. En los años 40 y procedente de un cliente, dueño de una pequeña destilería de ron al que se suministraban botas de Jerez, se seleccionó e importó un número reducido de botas de una partida de ron de caña de gran pureza. Este es el origen de este ron viejo con una vejez media de 20 años en botas centenarias que contuvieron olorosos de las soleras más antiguas de Valdespino. Un ron complejo y goloso.</p>

<!-- This site is optimized with the Yoast SEO plugin v15.9 - https://yoast.com/wordpress/plugins/seo/ -->
<title>Ron Valdespino 20 años 70cl. - Comercial de Hosteleria Anma</title>
<meta name="robots" content="index, follow, max-snippet:-1, max-image-preview:large, max-video-preview:-1" />
<link rel="canonical" href="https://www.comercialanma.es/?product=ron-valdespino-20-anos-70cl" />
<meta property="og:locale" content="es_ES" />
<meta property="og:type" content="article" />
<meta property="og:title" content="Ron Valdespino 20 años 70cl. - Comercial de Hosteleria Anma" />
<meta property="og:description" content="La casa Valdespino introdujo sus jereces y brandys en Cuba en la época colonial. En los años 40 y procedente de un cliente, dueño de una pequeña destilería de ron al que se suministraban botas de Jerez, se seleccionó e importó un número reducido de botas de una partida de ron de caña de gran pureza. Este es el origen de este ron viejo con una vejez media de 20 años en botas centenarias que contuvieron olorosos de las soleras más antiguas de Valdespino. Un ron complejo y goloso." />
<meta property="og:url" content="https://www.comercialanma.es/?product=ron-valdespino-20-anos-70cl" />
<meta property="og:site_name" content="Comercial de Hosteleria Anma" />
<meta property="article:publisher" content="https://www.facebook.com/AnmaHosteleria" />
<meta property="article:modified_time" content="2019-07-30T10:09:21+00:00" />
<meta property="og:image" content="https://i0.wp.com/www.comercialanma.es/wp-content/uploads/2019/07/Valdespino-20.jpg?fit=1200%2C1200&#038;ssl=1" />
	<meta property="og:image:width" content="1200" />
	<meta property="og:image:height" content="1200" />
<meta name="twitter:card" content="summary_large_image" />
<script type="application/ld+json" class="yoast-schema-graph">{"@context":"https://schema.org","@graph":[{"@type":"Organization","@id":"https://www.comercialanma.es/#organization","name":"Comercial Anma","url":"https://www.comercialanma.es/","sameAs":["https://www.facebook.com/AnmaHosteleria","https://www.instagram.com/anmahosteleria/?hl=es","https://www.youtube.com/channel/UCT2nmn08Ntks0hmpZPnDgCA"],"logo":{"@type":"ImageObject","@id":"https://www.comercialanma.es/#logo","inLanguage":"es","url":"https://i2.wp.com/www.comercialanma.es/wp-content/uploads/2019/06/logo-anma-color.png?fit=247%2C101&ssl=1","width":247,"height":101,"caption":"Comercial Anma"},"image":{"@id":"https://www.comercialanma.es/#logo"}},{"@type":"WebSite","@id":"https://www.comercialanma.es/#website","url":"https://www.comercialanma.es/","name":"Comercial de Hosteleria Anma","description":"","publisher":{"@id":"https://www.comercialanma.es/#organization"},"potentialAction":[{"@type":"SearchAction","target":"https://www.comercialanma.es/?s={search_term_string}","query-input":"required name=search_term_string"}],"inLanguage":"es"},{"@type":"ImageObject","@id":"https://www.comercialanma.es/?product=ron-valdespino-20-anos-70cl#primaryimage","inLanguage":"es","url":"https://i0.wp.com/www.comercialanma.es/wp-content/uploads/2019/07/Valdespino-20.jpg?fit=1200%2C1200&ssl=1","width":1200,"height":1200},{"@type":"WebPage","@id":"https://www.comercialanma.es/?product=ron-valdespino-20-anos-70cl#webpage","url":"https://www.comercialanma.es/?product=ron-valdespino-20-anos-70cl","name":"Ron Valdespino 20 a\u00f1os 70cl. - Comercial de Hosteleria Anma","isPartOf":{"@id":"https://www.comercialanma.es/#website"},"primaryImageOfPage":{"@id":"https://www.comercialanma.es/?product=ron-valdespino-20-anos-70cl#primaryimage"},"datePublished":"2019-07-30T10:04:16+00:00","dateModified":"2019-07-30T10:09:21+00:00","breadcrumb":{"@id":"https://www.comercialanma.es/?product=ron-valdespino-20-anos-70cl#breadcrumb"},"inLanguage":"es","potentialAction":[{"@type":"ReadAction","target":["https://www.comercialanma.es/?product=ron-valdespino-20-anos-70cl"]}]},{"@type":"BreadcrumbList","@id":"https://www.comercialanma.es/?product=ron-valdespino-20-anos-70cl#breadcrumb","itemListElement":[{"@type":"ListItem","position":1,"item":{"@type":"WebPage","@id":"https://www.comercialanma.es/","url":"https://www.comercialanma.es/","name":"Portada"}},{"@type":"ListItem","position":2,"item":{"@type":"WebPage","@id":"https://www.comercialanma.es/?page_id=3963","url":"https://www.comercialanma.es/?page_id=3963","name":"Cat\u00e1logo de Productos"}},{"@type":"ListItem","position":3,"item":{"@type":"WebPage","@id":"https://www.comercialanma.es/?product=ron-valdespino-20-anos-70cl","url":"https://www.comercialanma.es/?product=ron-valdespino-20-anos-70cl","name":"Ron Valdespino 20 a\u00f1os 70cl."}}]}]}</script>
<!-- / Yoast SEO plugin. -->
