
{"id":8991,"date":"2019-08-01T11:40:33","date_gmt":"2019-08-01T09:40:33","guid":{"rendered":"http:\/\/www.comercialanma.es\/?post_type=product&#038;p=8991"},"modified":"2019-08-01T11:52:21","modified_gmt":"2019-08-01T09:52:21","slug":"vodka-smirnoff-north-70cl","status":"publish","type":"product","link":"https:\/\/www.comercialanma.es\/?product=vodka-smirnoff-north-70cl","title":{"rendered":"Vodka Smirnoff North 70cl."},"content":{"rendered":"","protected":false},"excerpt":{"rendered":"<p><span class=\"tlid-translation translation\" lang=\"es\"><span class=\"\" title=\"\">En 1886 su vodka fue nombrado vodka oficial de los Zares, ganando as\u00ed gran fama y popularidad. En la revoluci\u00f3n Bolchevique y la prohibici\u00f3n de la propiedad privada, Piotr huy\u00f3 de Rusia para salvaguardar la formula secreta del vodka y retom\u00f3 su vida y sus proyectos en Francia, un pais donde su bebida no era popular ni conservaba la fama que tuvieron en Rusia y donde los hijos de Piotr cambiaron su apellido a la forma coloquial de pronunciarlo: Smirnoff.En 1930 dieron el salto al mercado de Estados Unidos y fue todo un \u00e9xito, recuperando la fama de anta\u00f1o. Desde los a\u00f1os 40 Smirnoff ha sido una marca habitual en todas las barras de Estados Unidos. Smirnoff North une la pureza de Vodka Smirnoff y bayas noruegas creando un delicioso y suave licor. <\/span><\/span><\/p>\n<p>Graduaci\u00f3n: 20% vol.<\/p>\n","protected":false},"featured_media":8992,"template":"","meta":{"spay_email":""},"yoast_head":"<!-- This site is optimized with the Yoast SEO plugin v15.9 - https:\/\/yoast.com\/wordpress\/plugins\/seo\/ -->\n<title>Vodka Smirnoff North 70cl. - Comercial de Hosteleria Anma<\/title>\n<meta name=\"robots\" content=\"index, follow, max-snippet:-1, max-image-preview:large, max-video-preview:-1\" \/>\n<link rel=\"canonical\" href=\"https:\/\/www.comercialanma.es\/?product=vodka-smirnoff-north-70cl\" \/>\n<meta property=\"og:locale\" content=\"es_ES\" \/>\n<meta property=\"og:type\" content=\"article\" \/>\n<meta property=\"og:title\" content=\"Vodka Smirnoff North 70cl. - Comercial de Hosteleria Anma\" \/>\n<meta property=\"og:description\" content=\"En 1886 su vodka fue nombrado vodka oficial de los Zares, ganando as\u00ed gran fama y popularidad. En la revoluci\u00f3n Bolchevique y la prohibici\u00f3n de la propiedad privada, Piotr huy\u00f3 de Rusia para salvaguardar la formula secreta del vodka y retom\u00f3 su vida y sus proyectos en Francia, un pais donde su bebida no era popular ni conservaba la fama que tuvieron en Rusia y donde los hijos de Piotr cambiaron su apellido a la forma coloquial de pronunciarlo: Smirnoff.En 1930 dieron el salto al mercado de Estados Unidos y fue todo un \u00e9xito, recuperando la fama de anta\u00f1o. Desde los a\u00f1os 40 Smirnoff ha sido una marca habitual en todas las barras de Estados Unidos. Smirnoff North une la pureza de Vodka Smirnoff y bayas noruegas creando un delicioso y suave licor.   Graduaci\u00f3n: 20% vol.\" \/>\n<meta property=\"og:url\" content=\"https:\/\/www.comercialanma.es\/?product=vodka-smirnoff-north-70cl\" \/>\n<meta property=\"og:site_name\" content=\"Comercial de Hosteleria Anma\" \/>\n<meta property=\"article:publisher\" content=\"https:\/\/www.facebook.com\/AnmaHosteleria\" \/>\n<meta property=\"article:modified_time\" content=\"2019-08-01T09:52:21+00:00\" \/>\n<meta property=\"og:image\" content=\"https:\/\/i2.wp.com\/www.comercialanma.es\/wp-content\/uploads\/2019\/08\/Smirnoff-North.jpg?fit=1200%2C1200&#038;ssl=1\" \/>\n\t<meta property=\"og:image:width\" content=\"1200\" \/>\n\t<meta property=\"og:image:height\" content=\"1200\" \/>\n<meta name=\"twitter:card\" content=\"summary_large_image\" \/>\n<script type=\"application\/ld+json\" class=\"yoast-schema-graph\">{\"@context\":\"https:\/\/schema.org\",\"@graph\":[{\"@type\":\"Organization\",\"@id\":\"https:\/\/www.comercialanma.es\/#organization\",\"name\":\"Comercial Anma\",\"url\":\"https:\/\/www.comercialanma.es\/\",\"sameAs\":[\"https:\/\/www.facebook.com\/AnmaHosteleria\",\"https:\/\/www.instagram.com\/anmahosteleria\/?hl=es\",\"https:\/\/www.youtube.com\/channel\/UCT2nmn08Ntks0hmpZPnDgCA\"],\"logo\":{\"@type\":\"ImageObject\",\"@id\":\"https:\/\/www.comercialanma.es\/#logo\",\"inLanguage\":\"es\",\"url\":\"https:\/\/i2.wp.com\/www.comercialanma.es\/wp-content\/uploads\/2019\/06\/logo-anma-color.png?fit=247%2C101&ssl=1\",\"width\":247,\"height\":101,\"caption\":\"Comercial Anma\"},\"image\":{\"@id\":\"https:\/\/www.comercialanma.es\/#logo\"}},{\"@type\":\"WebSite\",\"@id\":\"https:\/\/www.comercialanma.es\/#website\",\"url\":\"https:\/\/www.comercialanma.es\/\",\"name\":\"Comercial de Hosteleria Anma\",\"description\":\"\",\"publisher\":{\"@id\":\"https:\/\/www.comercialanma.es\/#organization\"},\"potentialAction\":[{\"@type\":\"SearchAction\",\"target\":\"https:\/\/www.comercialanma.es\/?s={search_term_string}\",\"query-input\":\"required name=search_term_string\"}],\"inLanguage\":\"es\"},{\"@type\":\"ImageObject\",\"@id\":\"https:\/\/www.comercialanma.es\/?product=vodka-smirnoff-north-70cl#primaryimage\",\"inLanguage\":\"es\",\"url\":\"https:\/\/i2.wp.com\/www.comercialanma.es\/wp-content\/uploads\/2019\/08\/Smirnoff-North.jpg?fit=1200%2C1200&ssl=1\",\"width\":1200,\"height\":1200},{\"@type\":\"WebPage\",\"@id\":\"https:\/\/www.comercialanma.es\/?product=vodka-smirnoff-north-70cl#webpage\",\"url\":\"https:\/\/www.comercialanma.es\/?product=vodka-smirnoff-north-70cl\",\"name\":\"Vodka Smirnoff North 70cl. - Comercial de Hosteleria Anma\",\"isPartOf\":{\"@id\":\"https:\/\/www.comercialanma.es\/#website\"},\"primaryImageOfPage\":{\"@id\":\"https:\/\/www.comercialanma.es\/?product=vodka-smirnoff-north-70cl#primaryimage\"},\"datePublished\":\"2019-08-01T09:40:33+00:00\",\"dateModified\":\"2019-08-01T09:52:21+00:00\",\"breadcrumb\":{\"@id\":\"https:\/\/www.comercialanma.es\/?product=vodka-smirnoff-north-70cl#breadcrumb\"},\"inLanguage\":\"es\",\"potentialAction\":[{\"@type\":\"ReadAction\",\"target\":[\"https:\/\/www.comercialanma.es\/?product=vodka-smirnoff-north-70cl\"]}]},{\"@type\":\"BreadcrumbList\",\"@id\":\"https:\/\/www.comercialanma.es\/?product=vodka-smirnoff-north-70cl#breadcrumb\",\"itemListElement\":[{\"@type\":\"ListItem\",\"position\":1,\"item\":{\"@type\":\"WebPage\",\"@id\":\"https:\/\/www.comercialanma.es\/\",\"url\":\"https:\/\/www.comercialanma.es\/\",\"name\":\"Portada\"}},{\"@type\":\"ListItem\",\"position\":2,\"item\":{\"@type\":\"WebPage\",\"@id\":\"https:\/\/www.comercialanma.es\/?page_id=3963\",\"url\":\"https:\/\/www.comercialanma.es\/?page_id=3963\",\"name\":\"Cat\\u00e1logo de Productos\"}},{\"@type\":\"ListItem\",\"position\":3,\"item\":{\"@type\":\"WebPage\",\"@id\":\"https:\/\/www.comercialanma.es\/?product=vodka-smirnoff-north-70cl\",\"url\":\"https:\/\/www.comercialanma.es\/?product=vodka-smirnoff-north-70cl\",\"name\":\"Vodka Smirnoff North 70cl.\"}}]}]}<\/script>\n<!-- \/ Yoast SEO plugin. -->","_links":{"self":[{"href":"https:\/\/www.comercialanma.es\/index.php?rest_route=\/wp\/v2\/product\/8991"}],"collection":[{"href":"https:\/\/www.comercialanma.es\/index.php?rest_route=\/wp\/v2\/product"}],"about":[{"href":"https:\/\/www.comercialanma.es\/index.php?rest_route=\/wp\/v2\/types\/product"}],"version-history":[{"count":1,"href":"https:\/\/www.comercialanma.es\/index.php?rest_route=\/wp\/v2\/product\/8991\/revisions"}],"predecessor-version":[{"id":8993,"href":"https:\/\/www.comercialanma.es\/index.php?rest_route=\/wp\/v2\/product\/8991\/revisions\/8993"}],"wp:featuredmedia":[{"embeddable":true,"href":"https:\/\/www.comercialanma.es\/index.php?rest_route=\/wp\/v2\/media\/8992"}],"wp:attachment":[{"href":"https:\/\/www.comercialanma.es\/index.php?rest_route=%2Fwp%2Fv2%2Fmedia&parent=8991"}],"curies":[{"name":"wp","href":"https:\/\/api.w.org\/{rel}","templated":true}]}}