
{"id":9348,"date":"2019-08-21T17:14:29","date_gmt":"2019-08-21T15:14:29","guid":{"rendered":"http:\/\/www.comercialanma.es\/?post_type=product&#038;p=9348"},"modified":"2020-02-24T12:35:28","modified_gmt":"2020-02-24T11:35:28","slug":"whisky-glen-kella-5-anos-70cl","status":"publish","type":"product","link":"https:\/\/www.comercialanma.es\/?product=whisky-glen-kella-5-anos-70cl","title":{"rendered":"Whisky Glen Kella 5 a\u00f1os 70cl."},"content":{"rendered":"","protected":false},"excerpt":{"rendered":"<p><span class=\"tlid-translation translation\" lang=\"es\"><span class=\"\" title=\"\">Un whisky interesante producido en y solo disponible en la destiler\u00eda Glen Kella en la Isla de Man.<\/span><\/p>\n<p><span class=\"\" title=\"\">El &#8216;whisky blanco&#8217; contiene whisky de malta de 5 a\u00f1os redestilado, creando un esp\u00edritu puro que no ha sido envejecido.<\/span><\/p>\n<p><span class=\"\" title=\"\">La Scotch Whiskey Association hab\u00eda estado en una batalla legal con Glen Kella por el uso de la palabra Whisky, originalmente se lanz\u00f3 en 1995. El esp\u00edritu ahora se conoce como The Manx Spirit despu\u00e9s de que la SWA gan\u00f3 la batalla legal.<\/span><\/span><\/p>\n<p>Graduaci\u00f3n: 40% vol.<\/p>\n<p>&nbsp;<\/p>\n<p>&nbsp;<\/p>\n<p><span class=\"PBLongTxt PBItemDesc\">\u00a0<\/span><\/p>\n","protected":false},"featured_media":9349,"template":"","meta":{"spay_email":""},"yoast_head":"<!-- This site is optimized with the Yoast SEO plugin v15.9 - https:\/\/yoast.com\/wordpress\/plugins\/seo\/ -->\n<title>Whisky Glen Kella 5 a\u00f1os 70cl. - Comercial de Hosteleria Anma<\/title>\n<meta name=\"robots\" content=\"index, follow, max-snippet:-1, max-image-preview:large, max-video-preview:-1\" \/>\n<link rel=\"canonical\" href=\"https:\/\/www.comercialanma.es\/?product=whisky-glen-kella-5-anos-70cl\" \/>\n<meta property=\"og:locale\" content=\"es_ES\" \/>\n<meta property=\"og:type\" content=\"article\" \/>\n<meta property=\"og:title\" content=\"Whisky Glen Kella 5 a\u00f1os 70cl. - Comercial de Hosteleria Anma\" \/>\n<meta property=\"og:description\" content=\"Un whisky interesante producido en y solo disponible en la destiler\u00eda Glen Kella en la Isla de Man.  El &#039;whisky blanco&#039; contiene whisky de malta de 5 a\u00f1os redestilado, creando un esp\u00edritu puro que no ha sido envejecido.  La Scotch Whiskey Association hab\u00eda estado en una batalla legal con Glen Kella por el uso de la palabra Whisky, originalmente se lanz\u00f3 en 1995. El esp\u00edritu ahora se conoce como The Manx Spirit despu\u00e9s de que la SWA gan\u00f3 la batalla legal.  Graduaci\u00f3n: 40% vol.  &nbsp;  &nbsp;  \u00a0\" \/>\n<meta property=\"og:url\" content=\"https:\/\/www.comercialanma.es\/?product=whisky-glen-kella-5-anos-70cl\" \/>\n<meta property=\"og:site_name\" content=\"Comercial de Hosteleria Anma\" \/>\n<meta property=\"article:publisher\" content=\"https:\/\/www.facebook.com\/AnmaHosteleria\" \/>\n<meta property=\"article:modified_time\" content=\"2020-02-24T11:35:28+00:00\" \/>\n<meta property=\"og:image\" content=\"https:\/\/i0.wp.com\/www.comercialanma.es\/wp-content\/uploads\/2019\/08\/Glen-Kella-5-an\u0303os.jpg?fit=1200%2C1200&#038;ssl=1\" \/>\n\t<meta property=\"og:image:width\" content=\"1200\" \/>\n\t<meta property=\"og:image:height\" content=\"1200\" \/>\n<meta name=\"twitter:card\" content=\"summary_large_image\" \/>\n<script type=\"application\/ld+json\" class=\"yoast-schema-graph\">{\"@context\":\"https:\/\/schema.org\",\"@graph\":[{\"@type\":\"Organization\",\"@id\":\"https:\/\/www.comercialanma.es\/#organization\",\"name\":\"Comercial Anma\",\"url\":\"https:\/\/www.comercialanma.es\/\",\"sameAs\":[\"https:\/\/www.facebook.com\/AnmaHosteleria\",\"https:\/\/www.instagram.com\/anmahosteleria\/?hl=es\",\"https:\/\/www.youtube.com\/channel\/UCT2nmn08Ntks0hmpZPnDgCA\"],\"logo\":{\"@type\":\"ImageObject\",\"@id\":\"https:\/\/www.comercialanma.es\/#logo\",\"inLanguage\":\"es\",\"url\":\"https:\/\/i2.wp.com\/www.comercialanma.es\/wp-content\/uploads\/2019\/06\/logo-anma-color.png?fit=247%2C101&ssl=1\",\"width\":247,\"height\":101,\"caption\":\"Comercial Anma\"},\"image\":{\"@id\":\"https:\/\/www.comercialanma.es\/#logo\"}},{\"@type\":\"WebSite\",\"@id\":\"https:\/\/www.comercialanma.es\/#website\",\"url\":\"https:\/\/www.comercialanma.es\/\",\"name\":\"Comercial de Hosteleria Anma\",\"description\":\"\",\"publisher\":{\"@id\":\"https:\/\/www.comercialanma.es\/#organization\"},\"potentialAction\":[{\"@type\":\"SearchAction\",\"target\":\"https:\/\/www.comercialanma.es\/?s={search_term_string}\",\"query-input\":\"required name=search_term_string\"}],\"inLanguage\":\"es\"},{\"@type\":\"ImageObject\",\"@id\":\"https:\/\/www.comercialanma.es\/?product=whisky-glen-kella-5-anos-70cl#primaryimage\",\"inLanguage\":\"es\",\"url\":\"https:\/\/i0.wp.com\/www.comercialanma.es\/wp-content\/uploads\/2019\/08\/Glen-Kella-5-an\\u0303os.jpg?fit=1200%2C1200&ssl=1\",\"width\":1200,\"height\":1200},{\"@type\":\"WebPage\",\"@id\":\"https:\/\/www.comercialanma.es\/?product=whisky-glen-kella-5-anos-70cl#webpage\",\"url\":\"https:\/\/www.comercialanma.es\/?product=whisky-glen-kella-5-anos-70cl\",\"name\":\"Whisky Glen Kella 5 a\\u00f1os 70cl. - Comercial de Hosteleria Anma\",\"isPartOf\":{\"@id\":\"https:\/\/www.comercialanma.es\/#website\"},\"primaryImageOfPage\":{\"@id\":\"https:\/\/www.comercialanma.es\/?product=whisky-glen-kella-5-anos-70cl#primaryimage\"},\"datePublished\":\"2019-08-21T15:14:29+00:00\",\"dateModified\":\"2020-02-24T11:35:28+00:00\",\"breadcrumb\":{\"@id\":\"https:\/\/www.comercialanma.es\/?product=whisky-glen-kella-5-anos-70cl#breadcrumb\"},\"inLanguage\":\"es\",\"potentialAction\":[{\"@type\":\"ReadAction\",\"target\":[\"https:\/\/www.comercialanma.es\/?product=whisky-glen-kella-5-anos-70cl\"]}]},{\"@type\":\"BreadcrumbList\",\"@id\":\"https:\/\/www.comercialanma.es\/?product=whisky-glen-kella-5-anos-70cl#breadcrumb\",\"itemListElement\":[{\"@type\":\"ListItem\",\"position\":1,\"item\":{\"@type\":\"WebPage\",\"@id\":\"https:\/\/www.comercialanma.es\/\",\"url\":\"https:\/\/www.comercialanma.es\/\",\"name\":\"Portada\"}},{\"@type\":\"ListItem\",\"position\":2,\"item\":{\"@type\":\"WebPage\",\"@id\":\"https:\/\/www.comercialanma.es\/?page_id=3963\",\"url\":\"https:\/\/www.comercialanma.es\/?page_id=3963\",\"name\":\"Cat\\u00e1logo de Productos\"}},{\"@type\":\"ListItem\",\"position\":3,\"item\":{\"@type\":\"WebPage\",\"@id\":\"https:\/\/www.comercialanma.es\/?product=whisky-glen-kella-5-anos-70cl\",\"url\":\"https:\/\/www.comercialanma.es\/?product=whisky-glen-kella-5-anos-70cl\",\"name\":\"Whisky Glen Kella 5 a\\u00f1os 70cl.\"}}]}]}<\/script>\n<!-- \/ Yoast SEO plugin. -->","_links":{"self":[{"href":"https:\/\/www.comercialanma.es\/index.php?rest_route=\/wp\/v2\/product\/9348"}],"collection":[{"href":"https:\/\/www.comercialanma.es\/index.php?rest_route=\/wp\/v2\/product"}],"about":[{"href":"https:\/\/www.comercialanma.es\/index.php?rest_route=\/wp\/v2\/types\/product"}],"version-history":[{"count":2,"href":"https:\/\/www.comercialanma.es\/index.php?rest_route=\/wp\/v2\/product\/9348\/revisions"}],"predecessor-version":[{"id":9351,"href":"https:\/\/www.comercialanma.es\/index.php?rest_route=\/wp\/v2\/product\/9348\/revisions\/9351"}],"wp:featuredmedia":[{"embeddable":true,"href":"https:\/\/www.comercialanma.es\/index.php?rest_route=\/wp\/v2\/media\/9349"}],"wp:attachment":[{"href":"https:\/\/www.comercialanma.es\/index.php?rest_route=%2Fwp%2Fv2%2Fmedia&parent=9348"}],"curies":[{"name":"wp","href":"https:\/\/api.w.org\/{rel}","templated":true}]}}

Whisky Glen Kella 5 años 70cl.

<p><span class="tlid-translation translation" lang="es"><span class="" title="">Un whisky interesante producido en y solo disponible en la destilería Glen Kella en la Isla de Man.</span></p>
<p><span class="" title="">El &#8216;whisky blanco&#8217; contiene whisky de malta de 5 años redestilado, creando un espíritu puro que no ha sido envejecido.</span></p>
<p><span class="" title="">La Scotch Whiskey Association había estado en una batalla legal con Glen Kella por el uso de la palabra Whisky, originalmente se lanzó en 1995. El espíritu ahora se conoce como The Manx Spirit después de que la SWA ganó la batalla legal.</span></span></p>
<p>Graduación: 40% vol.</p>
<p>&nbsp;</p>
<p>&nbsp;</p>
<p><span class="PBLongTxt PBItemDesc"> </span></p>

<!-- This site is optimized with the Yoast SEO plugin v15.9 - https://yoast.com/wordpress/plugins/seo/ -->
<title>Whisky Glen Kella 5 años 70cl. - Comercial de Hosteleria Anma</title>
<meta name="robots" content="index, follow, max-snippet:-1, max-image-preview:large, max-video-preview:-1" />
<link rel="canonical" href="https://www.comercialanma.es/?product=whisky-glen-kella-5-anos-70cl" />
<meta property="og:locale" content="es_ES" />
<meta property="og:type" content="article" />
<meta property="og:title" content="Whisky Glen Kella 5 años 70cl. - Comercial de Hosteleria Anma" />
<meta property="og:description" content="Un whisky interesante producido en y solo disponible en la destilería Glen Kella en la Isla de Man.  El &#039;whisky blanco&#039; contiene whisky de malta de 5 años redestilado, creando un espíritu puro que no ha sido envejecido.  La Scotch Whiskey Association había estado en una batalla legal con Glen Kella por el uso de la palabra Whisky, originalmente se lanzó en 1995. El espíritu ahora se conoce como The Manx Spirit después de que la SWA ganó la batalla legal.  Graduación: 40% vol.  &nbsp;  &nbsp;   " />
<meta property="og:url" content="https://www.comercialanma.es/?product=whisky-glen-kella-5-anos-70cl" />
<meta property="og:site_name" content="Comercial de Hosteleria Anma" />
<meta property="article:publisher" content="https://www.facebook.com/AnmaHosteleria" />
<meta property="article:modified_time" content="2020-02-24T11:35:28+00:00" />
<meta property="og:image" content="https://i0.wp.com/www.comercialanma.es/wp-content/uploads/2019/08/Glen-Kella-5-años.jpg?fit=1200%2C1200&#038;ssl=1" />
	<meta property="og:image:width" content="1200" />
	<meta property="og:image:height" content="1200" />
<meta name="twitter:card" content="summary_large_image" />
<script type="application/ld+json" class="yoast-schema-graph">{"@context":"https://schema.org","@graph":[{"@type":"Organization","@id":"https://www.comercialanma.es/#organization","name":"Comercial Anma","url":"https://www.comercialanma.es/","sameAs":["https://www.facebook.com/AnmaHosteleria","https://www.instagram.com/anmahosteleria/?hl=es","https://www.youtube.com/channel/UCT2nmn08Ntks0hmpZPnDgCA"],"logo":{"@type":"ImageObject","@id":"https://www.comercialanma.es/#logo","inLanguage":"es","url":"https://i2.wp.com/www.comercialanma.es/wp-content/uploads/2019/06/logo-anma-color.png?fit=247%2C101&ssl=1","width":247,"height":101,"caption":"Comercial Anma"},"image":{"@id":"https://www.comercialanma.es/#logo"}},{"@type":"WebSite","@id":"https://www.comercialanma.es/#website","url":"https://www.comercialanma.es/","name":"Comercial de Hosteleria Anma","description":"","publisher":{"@id":"https://www.comercialanma.es/#organization"},"potentialAction":[{"@type":"SearchAction","target":"https://www.comercialanma.es/?s={search_term_string}","query-input":"required name=search_term_string"}],"inLanguage":"es"},{"@type":"ImageObject","@id":"https://www.comercialanma.es/?product=whisky-glen-kella-5-anos-70cl#primaryimage","inLanguage":"es","url":"https://i0.wp.com/www.comercialanma.es/wp-content/uploads/2019/08/Glen-Kella-5-an\u0303os.jpg?fit=1200%2C1200&ssl=1","width":1200,"height":1200},{"@type":"WebPage","@id":"https://www.comercialanma.es/?product=whisky-glen-kella-5-anos-70cl#webpage","url":"https://www.comercialanma.es/?product=whisky-glen-kella-5-anos-70cl","name":"Whisky Glen Kella 5 a\u00f1os 70cl. - Comercial de Hosteleria Anma","isPartOf":{"@id":"https://www.comercialanma.es/#website"},"primaryImageOfPage":{"@id":"https://www.comercialanma.es/?product=whisky-glen-kella-5-anos-70cl#primaryimage"},"datePublished":"2019-08-21T15:14:29+00:00","dateModified":"2020-02-24T11:35:28+00:00","breadcrumb":{"@id":"https://www.comercialanma.es/?product=whisky-glen-kella-5-anos-70cl#breadcrumb"},"inLanguage":"es","potentialAction":[{"@type":"ReadAction","target":["https://www.comercialanma.es/?product=whisky-glen-kella-5-anos-70cl"]}]},{"@type":"BreadcrumbList","@id":"https://www.comercialanma.es/?product=whisky-glen-kella-5-anos-70cl#breadcrumb","itemListElement":[{"@type":"ListItem","position":1,"item":{"@type":"WebPage","@id":"https://www.comercialanma.es/","url":"https://www.comercialanma.es/","name":"Portada"}},{"@type":"ListItem","position":2,"item":{"@type":"WebPage","@id":"https://www.comercialanma.es/?page_id=3963","url":"https://www.comercialanma.es/?page_id=3963","name":"Cat\u00e1logo de Productos"}},{"@type":"ListItem","position":3,"item":{"@type":"WebPage","@id":"https://www.comercialanma.es/?product=whisky-glen-kella-5-anos-70cl","url":"https://www.comercialanma.es/?product=whisky-glen-kella-5-anos-70cl","name":"Whisky Glen Kella 5 a\u00f1os 70cl."}}]}]}</script>
<!-- / Yoast SEO plugin. -->
