
{"id":9375,"date":"2019-08-22T09:11:07","date_gmt":"2019-08-22T07:11:07","guid":{"rendered":"http:\/\/www.comercialanma.es\/?post_type=product&#038;p=9375"},"modified":"2020-02-24T12:28:23","modified_gmt":"2020-02-24T11:28:23","slug":"whisky-chivas-regal-12-anos-2l","status":"publish","type":"product","link":"https:\/\/www.comercialanma.es\/?product=whisky-chivas-regal-12-anos-2l","title":{"rendered":"Whisky Chivas Regal 12 a\u00f1os 2L."},"content":{"rendered":"<h3>Nota de cata:<\/h3>\n<ul>\n<li>Vista: El whisky Chivas 12 a\u00f1os es de color radiante, \u00e1mbar c\u00e1lido, caramelo.<\/li>\n<li>Nariz:\u00a0expresa una infusi\u00f3n arom\u00e1tica de hierbas silvestres, brezo, miel y frutas del huerto.<\/li>\n<li>Boca:\u00a0Sabor afrutado, destacan las manzanas maduras acarameladas y las notas de vainilla, avellana y dulce de caramelo y toques herb\u00e1ceos.<\/li>\n<li>Graduaci\u00f3n 40% vol.<\/li>\n<\/ul>\n<p>&nbsp;<\/p>\n","protected":false},"excerpt":{"rendered":"<div>\n<p>Whisky Chivas 12 a\u00f1os\u00a0es un whisky blended elaborado mediante la mezcla de whiskies de malta y grano. Su periodo de a\u00f1ejo dura un m\u00ednimo de 12 a\u00f1os. Es un whisky muy afamado y ha recibido numerosos primeros internacionales otorgados por organizaciones como la International Wine and Spirits Competition o The Scotch Whisky Masters.<\/p>\n<p>Su creador fue James Chivas con una larga tradici\u00f3n en la elaboraci\u00f3n de whiskies ya que fue pionera en la elaboraci\u00f3n de este destilado en la d\u00e9cada de 1850.<\/p>\n<\/div>\n<p><span class=\"PBLongTxt PBItemDesc\">\u00a0<\/span><\/p>\n","protected":false},"featured_media":9376,"template":"","meta":{"spay_email":""},"yoast_head":"<!-- This site is optimized with the Yoast SEO plugin v15.9 - https:\/\/yoast.com\/wordpress\/plugins\/seo\/ -->\n<title>Whisky Chivas Regal 12 a\u00f1os 2L. - Comercial de Hosteleria Anma<\/title>\n<meta name=\"robots\" content=\"index, follow, max-snippet:-1, max-image-preview:large, max-video-preview:-1\" \/>\n<link rel=\"canonical\" href=\"https:\/\/www.comercialanma.es\/?product=whisky-chivas-regal-12-anos-2l\" \/>\n<meta property=\"og:locale\" content=\"es_ES\" \/>\n<meta property=\"og:type\" content=\"article\" \/>\n<meta property=\"og:title\" content=\"Whisky Chivas Regal 12 a\u00f1os 2L. - Comercial de Hosteleria Anma\" \/>\n<meta property=\"og:description\" content=\"Whisky Chivas 12 a\u00f1os\u00a0es un whisky blended elaborado mediante la mezcla de whiskies de malta y grano. Su periodo de a\u00f1ejo dura un m\u00ednimo de 12 a\u00f1os. Es un whisky muy afamado y ha recibido numerosos primeros internacionales otorgados por organizaciones como la International Wine and Spirits Competition o The Scotch Whisky Masters.  Su creador fue James Chivas con una larga tradici\u00f3n en la elaboraci\u00f3n de whiskies ya que fue pionera en la elaboraci\u00f3n de este destilado en la d\u00e9cada de 1850.   \u00a0\" \/>\n<meta property=\"og:url\" content=\"https:\/\/www.comercialanma.es\/?product=whisky-chivas-regal-12-anos-2l\" \/>\n<meta property=\"og:site_name\" content=\"Comercial de Hosteleria Anma\" \/>\n<meta property=\"article:publisher\" content=\"https:\/\/www.facebook.com\/AnmaHosteleria\" \/>\n<meta property=\"article:modified_time\" content=\"2020-02-24T11:28:23+00:00\" \/>\n<meta property=\"og:image\" content=\"https:\/\/i2.wp.com\/www.comercialanma.es\/wp-content\/uploads\/2019\/08\/Chivas-12-anos.jpg?fit=1200%2C1200&#038;ssl=1\" \/>\n\t<meta property=\"og:image:width\" content=\"1200\" \/>\n\t<meta property=\"og:image:height\" content=\"1200\" \/>\n<meta name=\"twitter:card\" content=\"summary_large_image\" \/>\n<script type=\"application\/ld+json\" class=\"yoast-schema-graph\">{\"@context\":\"https:\/\/schema.org\",\"@graph\":[{\"@type\":\"Organization\",\"@id\":\"https:\/\/www.comercialanma.es\/#organization\",\"name\":\"Comercial Anma\",\"url\":\"https:\/\/www.comercialanma.es\/\",\"sameAs\":[\"https:\/\/www.facebook.com\/AnmaHosteleria\",\"https:\/\/www.instagram.com\/anmahosteleria\/?hl=es\",\"https:\/\/www.youtube.com\/channel\/UCT2nmn08Ntks0hmpZPnDgCA\"],\"logo\":{\"@type\":\"ImageObject\",\"@id\":\"https:\/\/www.comercialanma.es\/#logo\",\"inLanguage\":\"es\",\"url\":\"https:\/\/i2.wp.com\/www.comercialanma.es\/wp-content\/uploads\/2019\/06\/logo-anma-color.png?fit=247%2C101&ssl=1\",\"width\":247,\"height\":101,\"caption\":\"Comercial Anma\"},\"image\":{\"@id\":\"https:\/\/www.comercialanma.es\/#logo\"}},{\"@type\":\"WebSite\",\"@id\":\"https:\/\/www.comercialanma.es\/#website\",\"url\":\"https:\/\/www.comercialanma.es\/\",\"name\":\"Comercial de Hosteleria Anma\",\"description\":\"\",\"publisher\":{\"@id\":\"https:\/\/www.comercialanma.es\/#organization\"},\"potentialAction\":[{\"@type\":\"SearchAction\",\"target\":\"https:\/\/www.comercialanma.es\/?s={search_term_string}\",\"query-input\":\"required name=search_term_string\"}],\"inLanguage\":\"es\"},{\"@type\":\"ImageObject\",\"@id\":\"https:\/\/www.comercialanma.es\/?product=whisky-chivas-regal-12-anos-2l#primaryimage\",\"inLanguage\":\"es\",\"url\":\"https:\/\/i2.wp.com\/www.comercialanma.es\/wp-content\/uploads\/2019\/08\/Chivas-12-anos.jpg?fit=1200%2C1200&ssl=1\",\"width\":1200,\"height\":1200},{\"@type\":\"WebPage\",\"@id\":\"https:\/\/www.comercialanma.es\/?product=whisky-chivas-regal-12-anos-2l#webpage\",\"url\":\"https:\/\/www.comercialanma.es\/?product=whisky-chivas-regal-12-anos-2l\",\"name\":\"Whisky Chivas Regal 12 a\\u00f1os 2L. - Comercial de Hosteleria Anma\",\"isPartOf\":{\"@id\":\"https:\/\/www.comercialanma.es\/#website\"},\"primaryImageOfPage\":{\"@id\":\"https:\/\/www.comercialanma.es\/?product=whisky-chivas-regal-12-anos-2l#primaryimage\"},\"datePublished\":\"2019-08-22T07:11:07+00:00\",\"dateModified\":\"2020-02-24T11:28:23+00:00\",\"breadcrumb\":{\"@id\":\"https:\/\/www.comercialanma.es\/?product=whisky-chivas-regal-12-anos-2l#breadcrumb\"},\"inLanguage\":\"es\",\"potentialAction\":[{\"@type\":\"ReadAction\",\"target\":[\"https:\/\/www.comercialanma.es\/?product=whisky-chivas-regal-12-anos-2l\"]}]},{\"@type\":\"BreadcrumbList\",\"@id\":\"https:\/\/www.comercialanma.es\/?product=whisky-chivas-regal-12-anos-2l#breadcrumb\",\"itemListElement\":[{\"@type\":\"ListItem\",\"position\":1,\"item\":{\"@type\":\"WebPage\",\"@id\":\"https:\/\/www.comercialanma.es\/\",\"url\":\"https:\/\/www.comercialanma.es\/\",\"name\":\"Portada\"}},{\"@type\":\"ListItem\",\"position\":2,\"item\":{\"@type\":\"WebPage\",\"@id\":\"https:\/\/www.comercialanma.es\/?page_id=3963\",\"url\":\"https:\/\/www.comercialanma.es\/?page_id=3963\",\"name\":\"Cat\\u00e1logo de Productos\"}},{\"@type\":\"ListItem\",\"position\":3,\"item\":{\"@type\":\"WebPage\",\"@id\":\"https:\/\/www.comercialanma.es\/?product=whisky-chivas-regal-12-anos-2l\",\"url\":\"https:\/\/www.comercialanma.es\/?product=whisky-chivas-regal-12-anos-2l\",\"name\":\"Whisky Chivas Regal 12 a\\u00f1os 2L.\"}}]}]}<\/script>\n<!-- \/ Yoast SEO plugin. -->","_links":{"self":[{"href":"https:\/\/www.comercialanma.es\/index.php?rest_route=\/wp\/v2\/product\/9375"}],"collection":[{"href":"https:\/\/www.comercialanma.es\/index.php?rest_route=\/wp\/v2\/product"}],"about":[{"href":"https:\/\/www.comercialanma.es\/index.php?rest_route=\/wp\/v2\/types\/product"}],"version-history":[{"count":1,"href":"https:\/\/www.comercialanma.es\/index.php?rest_route=\/wp\/v2\/product\/9375\/revisions"}],"predecessor-version":[{"id":9378,"href":"https:\/\/www.comercialanma.es\/index.php?rest_route=\/wp\/v2\/product\/9375\/revisions\/9378"}],"wp:featuredmedia":[{"embeddable":true,"href":"https:\/\/www.comercialanma.es\/index.php?rest_route=\/wp\/v2\/media\/9376"}],"wp:attachment":[{"href":"https:\/\/www.comercialanma.es\/index.php?rest_route=%2Fwp%2Fv2%2Fmedia&parent=9375"}],"curies":[{"name":"wp","href":"https:\/\/api.w.org\/{rel}","templated":true}]}}