
{"id":9435,"date":"2019-08-22T15:25:39","date_gmt":"2019-08-22T13:25:39","guid":{"rendered":"http:\/\/www.comercialanma.es\/?post_type=product&#038;p=9435"},"modified":"2020-02-24T12:58:31","modified_gmt":"2020-02-24T11:58:31","slug":"whisky-johnnie-walker-double-black-70cl","status":"publish","type":"product","link":"https:\/\/www.comercialanma.es\/?product=whisky-johnnie-walker-double-black-70cl","title":{"rendered":"Whisky Johnnie Walker Double Black 70cl."},"content":{"rendered":"<h3>Nota de cata:<\/h3>\n<ul>\n<li>Vista: presenta una tonalidad entre dorada y \u00e1mbar.<\/li>\n<li>Nariz: los aromas que destacan en este whisky recuerdan a frutas como el albaricoque que se entremezclan con toques melosos.<\/li>\n<li>Boca: de nuevo la fruta ocupa un lugar protagonista en boca, aportando una cremosidad y un dulzor muy bien integrados entre s\u00ed. En el final se intuyen notas ahumadas.<\/li>\n<li>Graduaci\u00f3n 40% vol.<\/li>\n<\/ul>\n<p>&nbsp;<\/p>\n","protected":false},"excerpt":{"rendered":"<p>Johnnie Walker Double Black es un whisky creado con turba de la costa occidental de Escocia, que enfatiza las notas ahumadas de Black Label para lograr un l\u00edquido de expresi\u00f3n m\u00e1s intensa. Para lograr este producto, los maestros destiladores han trabajado bajo los criterios de libertad y creatividad, asociando whiskies de diferentes a\u00f1adas y cualidades. El resultado; un destilado dirigido a los que aprecian el car\u00e1cter de Johnnie Walker y desean explorar en mayor profundidad su whisky. Double Black y Black Label est\u00e1n intr\u00ednsecamente vinculados, comparten ADN, aunque su car\u00e1cter es diferente. Mientras que Black Label es familiar, agradable y accesible, su hom\u00f3logo m\u00e1s negro, Double Black, es misterioso, atrevido y ex\u00f3tico.<\/p>\n<p>&nbsp;<\/p>\n<p><span lang=\"es\"><span title=\"\"><span title=\"\">\u00a0<\/span><\/span><\/span><\/p>\n","protected":false},"featured_media":9436,"template":"","meta":{"spay_email":""},"yoast_head":"<!-- This site is optimized with the Yoast SEO plugin v15.9 - https:\/\/yoast.com\/wordpress\/plugins\/seo\/ -->\n<title>Whisky Johnnie Walker Double Black 70cl. - Comercial de Hosteleria Anma<\/title>\n<meta name=\"robots\" content=\"index, follow, max-snippet:-1, max-image-preview:large, max-video-preview:-1\" \/>\n<link rel=\"canonical\" href=\"https:\/\/www.comercialanma.es\/?product=whisky-johnnie-walker-double-black-70cl\" \/>\n<meta property=\"og:locale\" content=\"es_ES\" \/>\n<meta property=\"og:type\" content=\"article\" \/>\n<meta property=\"og:title\" content=\"Whisky Johnnie Walker Double Black 70cl. - Comercial de Hosteleria Anma\" \/>\n<meta property=\"og:description\" content=\"Johnnie Walker Double Black es un whisky creado con turba de la costa occidental de Escocia, que enfatiza las notas ahumadas de Black Label para lograr un l\u00edquido de expresi\u00f3n m\u00e1s intensa. Para lograr este producto, los maestros destiladores han trabajado bajo los criterios de libertad y creatividad, asociando whiskies de diferentes a\u00f1adas y cualidades. El resultado; un destilado dirigido a los que aprecian el car\u00e1cter de Johnnie Walker y desean explorar en mayor profundidad su whisky. Double Black y Black Label est\u00e1n intr\u00ednsecamente vinculados, comparten ADN, aunque su car\u00e1cter es diferente. Mientras que Black Label es familiar, agradable y accesible, su hom\u00f3logo m\u00e1s negro, Double Black, es misterioso, atrevido y ex\u00f3tico.  &nbsp;  \u00a0\" \/>\n<meta property=\"og:url\" content=\"https:\/\/www.comercialanma.es\/?product=whisky-johnnie-walker-double-black-70cl\" \/>\n<meta property=\"og:site_name\" content=\"Comercial de Hosteleria Anma\" \/>\n<meta property=\"article:publisher\" content=\"https:\/\/www.facebook.com\/AnmaHosteleria\" \/>\n<meta property=\"article:modified_time\" content=\"2020-02-24T11:58:31+00:00\" \/>\n<meta property=\"og:image\" content=\"https:\/\/i2.wp.com\/www.comercialanma.es\/wp-content\/uploads\/2019\/08\/Johnnie-Walker-Double-Black.jpg?fit=1200%2C1200&#038;ssl=1\" \/>\n\t<meta property=\"og:image:width\" content=\"1200\" \/>\n\t<meta property=\"og:image:height\" content=\"1200\" \/>\n<meta name=\"twitter:card\" content=\"summary_large_image\" \/>\n<script type=\"application\/ld+json\" class=\"yoast-schema-graph\">{\"@context\":\"https:\/\/schema.org\",\"@graph\":[{\"@type\":\"Organization\",\"@id\":\"https:\/\/www.comercialanma.es\/#organization\",\"name\":\"Comercial Anma\",\"url\":\"https:\/\/www.comercialanma.es\/\",\"sameAs\":[\"https:\/\/www.facebook.com\/AnmaHosteleria\",\"https:\/\/www.instagram.com\/anmahosteleria\/?hl=es\",\"https:\/\/www.youtube.com\/channel\/UCT2nmn08Ntks0hmpZPnDgCA\"],\"logo\":{\"@type\":\"ImageObject\",\"@id\":\"https:\/\/www.comercialanma.es\/#logo\",\"inLanguage\":\"es\",\"url\":\"https:\/\/i2.wp.com\/www.comercialanma.es\/wp-content\/uploads\/2019\/06\/logo-anma-color.png?fit=247%2C101&ssl=1\",\"width\":247,\"height\":101,\"caption\":\"Comercial Anma\"},\"image\":{\"@id\":\"https:\/\/www.comercialanma.es\/#logo\"}},{\"@type\":\"WebSite\",\"@id\":\"https:\/\/www.comercialanma.es\/#website\",\"url\":\"https:\/\/www.comercialanma.es\/\",\"name\":\"Comercial de Hosteleria Anma\",\"description\":\"\",\"publisher\":{\"@id\":\"https:\/\/www.comercialanma.es\/#organization\"},\"potentialAction\":[{\"@type\":\"SearchAction\",\"target\":\"https:\/\/www.comercialanma.es\/?s={search_term_string}\",\"query-input\":\"required name=search_term_string\"}],\"inLanguage\":\"es\"},{\"@type\":\"ImageObject\",\"@id\":\"https:\/\/www.comercialanma.es\/?product=whisky-johnnie-walker-double-black-70cl#primaryimage\",\"inLanguage\":\"es\",\"url\":\"https:\/\/i2.wp.com\/www.comercialanma.es\/wp-content\/uploads\/2019\/08\/Johnnie-Walker-Double-Black.jpg?fit=1200%2C1200&ssl=1\",\"width\":1200,\"height\":1200},{\"@type\":\"WebPage\",\"@id\":\"https:\/\/www.comercialanma.es\/?product=whisky-johnnie-walker-double-black-70cl#webpage\",\"url\":\"https:\/\/www.comercialanma.es\/?product=whisky-johnnie-walker-double-black-70cl\",\"name\":\"Whisky Johnnie Walker Double Black 70cl. - Comercial de Hosteleria Anma\",\"isPartOf\":{\"@id\":\"https:\/\/www.comercialanma.es\/#website\"},\"primaryImageOfPage\":{\"@id\":\"https:\/\/www.comercialanma.es\/?product=whisky-johnnie-walker-double-black-70cl#primaryimage\"},\"datePublished\":\"2019-08-22T13:25:39+00:00\",\"dateModified\":\"2020-02-24T11:58:31+00:00\",\"breadcrumb\":{\"@id\":\"https:\/\/www.comercialanma.es\/?product=whisky-johnnie-walker-double-black-70cl#breadcrumb\"},\"inLanguage\":\"es\",\"potentialAction\":[{\"@type\":\"ReadAction\",\"target\":[\"https:\/\/www.comercialanma.es\/?product=whisky-johnnie-walker-double-black-70cl\"]}]},{\"@type\":\"BreadcrumbList\",\"@id\":\"https:\/\/www.comercialanma.es\/?product=whisky-johnnie-walker-double-black-70cl#breadcrumb\",\"itemListElement\":[{\"@type\":\"ListItem\",\"position\":1,\"item\":{\"@type\":\"WebPage\",\"@id\":\"https:\/\/www.comercialanma.es\/\",\"url\":\"https:\/\/www.comercialanma.es\/\",\"name\":\"Portada\"}},{\"@type\":\"ListItem\",\"position\":2,\"item\":{\"@type\":\"WebPage\",\"@id\":\"https:\/\/www.comercialanma.es\/?page_id=3963\",\"url\":\"https:\/\/www.comercialanma.es\/?page_id=3963\",\"name\":\"Cat\\u00e1logo de Productos\"}},{\"@type\":\"ListItem\",\"position\":3,\"item\":{\"@type\":\"WebPage\",\"@id\":\"https:\/\/www.comercialanma.es\/?product=whisky-johnnie-walker-double-black-70cl\",\"url\":\"https:\/\/www.comercialanma.es\/?product=whisky-johnnie-walker-double-black-70cl\",\"name\":\"Whisky Johnnie Walker Double Black 70cl.\"}}]}]}<\/script>\n<!-- \/ Yoast SEO plugin. -->","_links":{"self":[{"href":"https:\/\/www.comercialanma.es\/index.php?rest_route=\/wp\/v2\/product\/9435"}],"collection":[{"href":"https:\/\/www.comercialanma.es\/index.php?rest_route=\/wp\/v2\/product"}],"about":[{"href":"https:\/\/www.comercialanma.es\/index.php?rest_route=\/wp\/v2\/types\/product"}],"version-history":[{"count":1,"href":"https:\/\/www.comercialanma.es\/index.php?rest_route=\/wp\/v2\/product\/9435\/revisions"}],"predecessor-version":[{"id":9437,"href":"https:\/\/www.comercialanma.es\/index.php?rest_route=\/wp\/v2\/product\/9435\/revisions\/9437"}],"wp:featuredmedia":[{"embeddable":true,"href":"https:\/\/www.comercialanma.es\/index.php?rest_route=\/wp\/v2\/media\/9436"}],"wp:attachment":[{"href":"https:\/\/www.comercialanma.es\/index.php?rest_route=%2Fwp%2Fv2%2Fmedia&parent=9435"}],"curies":[{"name":"wp","href":"https:\/\/api.w.org\/{rel}","templated":true}]}}