
{"id":9523,"date":"2019-08-23T10:18:09","date_gmt":"2019-08-23T08:18:09","guid":{"rendered":"http:\/\/www.comercialanma.es\/?post_type=product&#038;p=9523"},"modified":"2020-02-24T15:25:45","modified_gmt":"2020-02-24T14:25:45","slug":"whisky-glenfiddich-15-anos-70cl","status":"publish","type":"product","link":"https:\/\/www.comercialanma.es\/?product=whisky-glenfiddich-15-anos-70cl","title":{"rendered":"Whisky Glenfiddich 15 a\u00f1os 70cl."},"content":{"rendered":"<h3>Nota de cata:<\/h3>\n<div>\n<div>\n<ul>\n<li>Vista: Dorado con destellos rojizos.<\/li>\n<li>Nariz: Miel de brezo, notas avainilladas y de frutos pasificados.<\/li>\n<li>Boca: Notas sedosas que recuerdan a Jerez, a mazap\u00e1n, canela y jengibre. Con cuerpo, lleno de sabor y un dulzor persistente.<\/li>\n<li>Graduaci\u00f3n: 40% vol.<\/li>\n<\/ul>\n<\/div>\n<\/div>\n","protected":false},"excerpt":{"rendered":"<p>Este whisky es un ejemplo perfecto de tradici\u00f3n e innovaci\u00f3n: con una elaboraci\u00f3n totalmente artesanal y siguiendo las tradici\u00f3n escocesa, este destilado descansa durante 15 a\u00f1os en la Solera Vat de la casa, una gran barrica inspirada en la tradici\u00f3n elaboradora de Jerez (nunca se vac\u00eda, sino que se realizan sacas peri\u00f3dicas). As\u00ed, este single malt se muestra muy especiado, amielado y rico en notras frutales.<\/p>\n","protected":false},"featured_media":9524,"template":"","meta":{"spay_email":""},"yoast_head":"<!-- This site is optimized with the Yoast SEO plugin v15.9 - https:\/\/yoast.com\/wordpress\/plugins\/seo\/ -->\n<title>Whisky Glenfiddich 15 a\u00f1os 70cl. - Comercial de Hosteleria Anma<\/title>\n<meta name=\"robots\" content=\"index, follow, max-snippet:-1, max-image-preview:large, max-video-preview:-1\" \/>\n<link rel=\"canonical\" href=\"https:\/\/www.comercialanma.es\/?product=whisky-glenfiddich-15-anos-70cl\" \/>\n<meta property=\"og:locale\" content=\"es_ES\" \/>\n<meta property=\"og:type\" content=\"article\" \/>\n<meta property=\"og:title\" content=\"Whisky Glenfiddich 15 a\u00f1os 70cl. - Comercial de Hosteleria Anma\" \/>\n<meta property=\"og:description\" content=\"Este whisky es un ejemplo perfecto de tradici\u00f3n e innovaci\u00f3n: con una elaboraci\u00f3n totalmente artesanal y siguiendo las tradici\u00f3n escocesa, este destilado descansa durante 15 a\u00f1os en la Solera Vat de la casa, una gran barrica inspirada en la tradici\u00f3n elaboradora de Jerez (nunca se vac\u00eda, sino que se realizan sacas peri\u00f3dicas). As\u00ed, este single malt se muestra muy especiado, amielado y rico en notras frutales.\" \/>\n<meta property=\"og:url\" content=\"https:\/\/www.comercialanma.es\/?product=whisky-glenfiddich-15-anos-70cl\" \/>\n<meta property=\"og:site_name\" content=\"Comercial de Hosteleria Anma\" \/>\n<meta property=\"article:publisher\" content=\"https:\/\/www.facebook.com\/AnmaHosteleria\" \/>\n<meta property=\"article:modified_time\" content=\"2020-02-24T14:25:45+00:00\" \/>\n<meta property=\"og:image\" content=\"https:\/\/i1.wp.com\/www.comercialanma.es\/wp-content\/uploads\/2019\/08\/Glenfiddich-15.jpg?fit=1200%2C1200&#038;ssl=1\" \/>\n\t<meta property=\"og:image:width\" content=\"1200\" \/>\n\t<meta property=\"og:image:height\" content=\"1200\" \/>\n<meta name=\"twitter:card\" content=\"summary_large_image\" \/>\n<script type=\"application\/ld+json\" class=\"yoast-schema-graph\">{\"@context\":\"https:\/\/schema.org\",\"@graph\":[{\"@type\":\"Organization\",\"@id\":\"https:\/\/www.comercialanma.es\/#organization\",\"name\":\"Comercial Anma\",\"url\":\"https:\/\/www.comercialanma.es\/\",\"sameAs\":[\"https:\/\/www.facebook.com\/AnmaHosteleria\",\"https:\/\/www.instagram.com\/anmahosteleria\/?hl=es\",\"https:\/\/www.youtube.com\/channel\/UCT2nmn08Ntks0hmpZPnDgCA\"],\"logo\":{\"@type\":\"ImageObject\",\"@id\":\"https:\/\/www.comercialanma.es\/#logo\",\"inLanguage\":\"es\",\"url\":\"https:\/\/i2.wp.com\/www.comercialanma.es\/wp-content\/uploads\/2019\/06\/logo-anma-color.png?fit=247%2C101&ssl=1\",\"width\":247,\"height\":101,\"caption\":\"Comercial Anma\"},\"image\":{\"@id\":\"https:\/\/www.comercialanma.es\/#logo\"}},{\"@type\":\"WebSite\",\"@id\":\"https:\/\/www.comercialanma.es\/#website\",\"url\":\"https:\/\/www.comercialanma.es\/\",\"name\":\"Comercial de Hosteleria Anma\",\"description\":\"\",\"publisher\":{\"@id\":\"https:\/\/www.comercialanma.es\/#organization\"},\"potentialAction\":[{\"@type\":\"SearchAction\",\"target\":\"https:\/\/www.comercialanma.es\/?s={search_term_string}\",\"query-input\":\"required name=search_term_string\"}],\"inLanguage\":\"es\"},{\"@type\":\"ImageObject\",\"@id\":\"https:\/\/www.comercialanma.es\/?product=whisky-glenfiddich-15-anos-70cl#primaryimage\",\"inLanguage\":\"es\",\"url\":\"https:\/\/i1.wp.com\/www.comercialanma.es\/wp-content\/uploads\/2019\/08\/Glenfiddich-15.jpg?fit=1200%2C1200&ssl=1\",\"width\":1200,\"height\":1200},{\"@type\":\"WebPage\",\"@id\":\"https:\/\/www.comercialanma.es\/?product=whisky-glenfiddich-15-anos-70cl#webpage\",\"url\":\"https:\/\/www.comercialanma.es\/?product=whisky-glenfiddich-15-anos-70cl\",\"name\":\"Whisky Glenfiddich 15 a\\u00f1os 70cl. - Comercial de Hosteleria Anma\",\"isPartOf\":{\"@id\":\"https:\/\/www.comercialanma.es\/#website\"},\"primaryImageOfPage\":{\"@id\":\"https:\/\/www.comercialanma.es\/?product=whisky-glenfiddich-15-anos-70cl#primaryimage\"},\"datePublished\":\"2019-08-23T08:18:09+00:00\",\"dateModified\":\"2020-02-24T14:25:45+00:00\",\"breadcrumb\":{\"@id\":\"https:\/\/www.comercialanma.es\/?product=whisky-glenfiddich-15-anos-70cl#breadcrumb\"},\"inLanguage\":\"es\",\"potentialAction\":[{\"@type\":\"ReadAction\",\"target\":[\"https:\/\/www.comercialanma.es\/?product=whisky-glenfiddich-15-anos-70cl\"]}]},{\"@type\":\"BreadcrumbList\",\"@id\":\"https:\/\/www.comercialanma.es\/?product=whisky-glenfiddich-15-anos-70cl#breadcrumb\",\"itemListElement\":[{\"@type\":\"ListItem\",\"position\":1,\"item\":{\"@type\":\"WebPage\",\"@id\":\"https:\/\/www.comercialanma.es\/\",\"url\":\"https:\/\/www.comercialanma.es\/\",\"name\":\"Portada\"}},{\"@type\":\"ListItem\",\"position\":2,\"item\":{\"@type\":\"WebPage\",\"@id\":\"https:\/\/www.comercialanma.es\/?page_id=3963\",\"url\":\"https:\/\/www.comercialanma.es\/?page_id=3963\",\"name\":\"Cat\\u00e1logo de Productos\"}},{\"@type\":\"ListItem\",\"position\":3,\"item\":{\"@type\":\"WebPage\",\"@id\":\"https:\/\/www.comercialanma.es\/?product=whisky-glenfiddich-15-anos-70cl\",\"url\":\"https:\/\/www.comercialanma.es\/?product=whisky-glenfiddich-15-anos-70cl\",\"name\":\"Whisky Glenfiddich 15 a\\u00f1os 70cl.\"}}]}]}<\/script>\n<!-- \/ Yoast SEO plugin. -->","_links":{"self":[{"href":"https:\/\/www.comercialanma.es\/index.php?rest_route=\/wp\/v2\/product\/9523"}],"collection":[{"href":"https:\/\/www.comercialanma.es\/index.php?rest_route=\/wp\/v2\/product"}],"about":[{"href":"https:\/\/www.comercialanma.es\/index.php?rest_route=\/wp\/v2\/types\/product"}],"version-history":[{"count":1,"href":"https:\/\/www.comercialanma.es\/index.php?rest_route=\/wp\/v2\/product\/9523\/revisions"}],"predecessor-version":[{"id":9525,"href":"https:\/\/www.comercialanma.es\/index.php?rest_route=\/wp\/v2\/product\/9523\/revisions\/9525"}],"wp:featuredmedia":[{"embeddable":true,"href":"https:\/\/www.comercialanma.es\/index.php?rest_route=\/wp\/v2\/media\/9524"}],"wp:attachment":[{"href":"https:\/\/www.comercialanma.es\/index.php?rest_route=%2Fwp%2Fv2%2Fmedia&parent=9523"}],"curies":[{"name":"wp","href":"https:\/\/api.w.org\/{rel}","templated":true}]}}

Whisky Glenfiddich 15 años 70cl.

<h3>Nota de cata:</h3>
<div>
<div>
<ul>
<li>Vista: Dorado con destellos rojizos.</li>
<li>Nariz: Miel de brezo, notas avainilladas y de frutos pasificados.</li>
<li>Boca: Notas sedosas que recuerdan a Jerez, a mazapán, canela y jengibre. Con cuerpo, lleno de sabor y un dulzor persistente.</li>
<li>Graduación: 40% vol.</li>
</ul>
</div>
</div>

<p>Este whisky es un ejemplo perfecto de tradición e innovación: con una elaboración totalmente artesanal y siguiendo las tradición escocesa, este destilado descansa durante 15 años en la Solera Vat de la casa, una gran barrica inspirada en la tradición elaboradora de Jerez (nunca se vacía, sino que se realizan sacas periódicas). Así, este single malt se muestra muy especiado, amielado y rico en notras frutales.</p>

<!-- This site is optimized with the Yoast SEO plugin v15.9 - https://yoast.com/wordpress/plugins/seo/ -->
<title>Whisky Glenfiddich 15 años 70cl. - Comercial de Hosteleria Anma</title>
<meta name="robots" content="index, follow, max-snippet:-1, max-image-preview:large, max-video-preview:-1" />
<link rel="canonical" href="https://www.comercialanma.es/?product=whisky-glenfiddich-15-anos-70cl" />
<meta property="og:locale" content="es_ES" />
<meta property="og:type" content="article" />
<meta property="og:title" content="Whisky Glenfiddich 15 años 70cl. - Comercial de Hosteleria Anma" />
<meta property="og:description" content="Este whisky es un ejemplo perfecto de tradición e innovación: con una elaboración totalmente artesanal y siguiendo las tradición escocesa, este destilado descansa durante 15 años en la Solera Vat de la casa, una gran barrica inspirada en la tradición elaboradora de Jerez (nunca se vacía, sino que se realizan sacas periódicas). Así, este single malt se muestra muy especiado, amielado y rico en notras frutales." />
<meta property="og:url" content="https://www.comercialanma.es/?product=whisky-glenfiddich-15-anos-70cl" />
<meta property="og:site_name" content="Comercial de Hosteleria Anma" />
<meta property="article:publisher" content="https://www.facebook.com/AnmaHosteleria" />
<meta property="article:modified_time" content="2020-02-24T14:25:45+00:00" />
<meta property="og:image" content="https://i1.wp.com/www.comercialanma.es/wp-content/uploads/2019/08/Glenfiddich-15.jpg?fit=1200%2C1200&#038;ssl=1" />
	<meta property="og:image:width" content="1200" />
	<meta property="og:image:height" content="1200" />
<meta name="twitter:card" content="summary_large_image" />
<script type="application/ld+json" class="yoast-schema-graph">{"@context":"https://schema.org","@graph":[{"@type":"Organization","@id":"https://www.comercialanma.es/#organization","name":"Comercial Anma","url":"https://www.comercialanma.es/","sameAs":["https://www.facebook.com/AnmaHosteleria","https://www.instagram.com/anmahosteleria/?hl=es","https://www.youtube.com/channel/UCT2nmn08Ntks0hmpZPnDgCA"],"logo":{"@type":"ImageObject","@id":"https://www.comercialanma.es/#logo","inLanguage":"es","url":"https://i2.wp.com/www.comercialanma.es/wp-content/uploads/2019/06/logo-anma-color.png?fit=247%2C101&ssl=1","width":247,"height":101,"caption":"Comercial Anma"},"image":{"@id":"https://www.comercialanma.es/#logo"}},{"@type":"WebSite","@id":"https://www.comercialanma.es/#website","url":"https://www.comercialanma.es/","name":"Comercial de Hosteleria Anma","description":"","publisher":{"@id":"https://www.comercialanma.es/#organization"},"potentialAction":[{"@type":"SearchAction","target":"https://www.comercialanma.es/?s={search_term_string}","query-input":"required name=search_term_string"}],"inLanguage":"es"},{"@type":"ImageObject","@id":"https://www.comercialanma.es/?product=whisky-glenfiddich-15-anos-70cl#primaryimage","inLanguage":"es","url":"https://i1.wp.com/www.comercialanma.es/wp-content/uploads/2019/08/Glenfiddich-15.jpg?fit=1200%2C1200&ssl=1","width":1200,"height":1200},{"@type":"WebPage","@id":"https://www.comercialanma.es/?product=whisky-glenfiddich-15-anos-70cl#webpage","url":"https://www.comercialanma.es/?product=whisky-glenfiddich-15-anos-70cl","name":"Whisky Glenfiddich 15 a\u00f1os 70cl. - Comercial de Hosteleria Anma","isPartOf":{"@id":"https://www.comercialanma.es/#website"},"primaryImageOfPage":{"@id":"https://www.comercialanma.es/?product=whisky-glenfiddich-15-anos-70cl#primaryimage"},"datePublished":"2019-08-23T08:18:09+00:00","dateModified":"2020-02-24T14:25:45+00:00","breadcrumb":{"@id":"https://www.comercialanma.es/?product=whisky-glenfiddich-15-anos-70cl#breadcrumb"},"inLanguage":"es","potentialAction":[{"@type":"ReadAction","target":["https://www.comercialanma.es/?product=whisky-glenfiddich-15-anos-70cl"]}]},{"@type":"BreadcrumbList","@id":"https://www.comercialanma.es/?product=whisky-glenfiddich-15-anos-70cl#breadcrumb","itemListElement":[{"@type":"ListItem","position":1,"item":{"@type":"WebPage","@id":"https://www.comercialanma.es/","url":"https://www.comercialanma.es/","name":"Portada"}},{"@type":"ListItem","position":2,"item":{"@type":"WebPage","@id":"https://www.comercialanma.es/?page_id=3963","url":"https://www.comercialanma.es/?page_id=3963","name":"Cat\u00e1logo de Productos"}},{"@type":"ListItem","position":3,"item":{"@type":"WebPage","@id":"https://www.comercialanma.es/?product=whisky-glenfiddich-15-anos-70cl","url":"https://www.comercialanma.es/?product=whisky-glenfiddich-15-anos-70cl","name":"Whisky Glenfiddich 15 a\u00f1os 70cl."}}]}]}</script>
<!-- / Yoast SEO plugin. -->
