
{"id":9599,"date":"2019-08-23T15:06:08","date_gmt":"2019-08-23T13:06:08","guid":{"rendered":"http:\/\/www.comercialanma.es\/?post_type=product&#038;p=9599"},"modified":"2020-02-24T15:32:54","modified_gmt":"2020-02-24T14:32:54","slug":"whisky-the-macallan-double-cask-70cl","status":"publish","type":"product","link":"https:\/\/www.comercialanma.es\/?product=whisky-the-macallan-double-cask-70cl","title":{"rendered":"Whisky The Macallan 12 a\u00f1os Double Cask 70cl."},"content":{"rendered":"<h3>Nota de cata:<\/h3>\n<div id=\"tabs_content_container\">\n<div id=\"tab_cata_0\" class=\"tab_content catas_review_container\">\n<ul>\n<li>Vista: El whisky\u00a0The Macallan 12 A\u00f1os tiene un color t\u00edpico de \u00e1mbar o resina envejecida.<\/li>\n<li>Nariz:\u00a0Aroma delicado, con una entrada en nariz suave con un principio floral y c\u00edtrico que se torna dulce, con notas a vainilla, canela, algod\u00f3n de az\u00facar y manzanas caramelizaras.<\/li>\n<li>Boca: Las manzanas, esta vez verdes, vuelven a presentarse acompa\u00f1adas de lim\u00f3n con canela. El jengibre hace tambi\u00e9n acto de presencia, acompa\u00f1ado por el sutil roble. Adem\u00e1s se percibe el sabor a caramelo cremoso.<\/li>\n<li class=\"sp catas_review col-xs-12 nopadding\">Graduaci\u00f3n: 40% vol.<\/li>\n<\/ul>\n<\/div>\n<\/div>\n","protected":false},"excerpt":{"rendered":"<div>\n<p>El whisky The Macallan 12 A\u00f1os Double Cask, destaca por su caracter\u00edstico toque floral. Es un Single Malt de la colecci\u00f3n de 1824. En vez de edad esta gama de whiskies ofrece sensaciones correspondientes al color de cada botella.<\/p>\n<p>La destiler\u00eda es una de las m\u00e1s prestigiosas de Escocia, por su cuidado en la elaboraci\u00f3n de single malts. Esta destiler\u00eda es famosa por utilizar alambiques de cobre peque\u00f1os lo que ayuda a la mayor concentraci\u00f3n del destilado de nueva creaci\u00f3n. Se utilizan para su elaboraci\u00f3n barricas de roble espa\u00f1ol y de roble americano lo que aporta gran parte del sabor y aromas al whisky.<\/p>\n<p>Esto tambi\u00e9n permite que todos los colores sean naturales, y ning\u00fan producto contiene colorantes artificiales.<\/p>\n<p><span lang=\"es\"><span title=\"\">\u00a0<\/span><\/span><\/p>\n<\/div>\n<p>&nbsp;<\/p>\n","protected":false},"featured_media":9600,"template":"","meta":{"spay_email":""},"yoast_head":"<!-- This site is optimized with the Yoast SEO plugin v15.9 - https:\/\/yoast.com\/wordpress\/plugins\/seo\/ -->\n<title>Whisky The Macallan 12 a\u00f1os Double Cask 70cl. - Comercial de Hosteleria Anma<\/title>\n<meta name=\"robots\" content=\"index, follow, max-snippet:-1, max-image-preview:large, max-video-preview:-1\" \/>\n<link rel=\"canonical\" href=\"https:\/\/www.comercialanma.es\/?product=whisky-the-macallan-double-cask-70cl\" \/>\n<meta property=\"og:locale\" content=\"es_ES\" \/>\n<meta property=\"og:type\" content=\"article\" \/>\n<meta property=\"og:title\" content=\"Whisky The Macallan 12 a\u00f1os Double Cask 70cl. - Comercial de Hosteleria Anma\" \/>\n<meta property=\"og:description\" content=\"El whisky The Macallan 12 A\u00f1os Double Cask, destaca por su caracter\u00edstico toque floral. Es un Single Malt de la colecci\u00f3n de 1824. En vez de edad esta gama de whiskies ofrece sensaciones correspondientes al color de cada botella.  La destiler\u00eda es una de las m\u00e1s prestigiosas de Escocia, por su cuidado en la elaboraci\u00f3n de single malts. Esta destiler\u00eda es famosa por utilizar alambiques de cobre peque\u00f1os lo que ayuda a la mayor concentraci\u00f3n del destilado de nueva creaci\u00f3n. Se utilizan para su elaboraci\u00f3n barricas de roble espa\u00f1ol y de roble americano lo que aporta gran parte del sabor y aromas al whisky.  Esto tambi\u00e9n permite que todos los colores sean naturales, y ning\u00fan producto contiene colorantes artificiales.  \u00a0   &nbsp;\" \/>\n<meta property=\"og:url\" content=\"https:\/\/www.comercialanma.es\/?product=whisky-the-macallan-double-cask-70cl\" \/>\n<meta property=\"og:site_name\" content=\"Comercial de Hosteleria Anma\" \/>\n<meta property=\"article:publisher\" content=\"https:\/\/www.facebook.com\/AnmaHosteleria\" \/>\n<meta property=\"article:modified_time\" content=\"2020-02-24T14:32:54+00:00\" \/>\n<meta property=\"og:image\" content=\"https:\/\/i2.wp.com\/www.comercialanma.es\/wp-content\/uploads\/2019\/08\/The-Macallan-Double-Cask-12.jpg?fit=1200%2C1200&#038;ssl=1\" \/>\n\t<meta property=\"og:image:width\" content=\"1200\" \/>\n\t<meta property=\"og:image:height\" content=\"1200\" \/>\n<meta name=\"twitter:card\" content=\"summary_large_image\" \/>\n<script type=\"application\/ld+json\" class=\"yoast-schema-graph\">{\"@context\":\"https:\/\/schema.org\",\"@graph\":[{\"@type\":\"Organization\",\"@id\":\"https:\/\/www.comercialanma.es\/#organization\",\"name\":\"Comercial Anma\",\"url\":\"https:\/\/www.comercialanma.es\/\",\"sameAs\":[\"https:\/\/www.facebook.com\/AnmaHosteleria\",\"https:\/\/www.instagram.com\/anmahosteleria\/?hl=es\",\"https:\/\/www.youtube.com\/channel\/UCT2nmn08Ntks0hmpZPnDgCA\"],\"logo\":{\"@type\":\"ImageObject\",\"@id\":\"https:\/\/www.comercialanma.es\/#logo\",\"inLanguage\":\"es\",\"url\":\"https:\/\/i2.wp.com\/www.comercialanma.es\/wp-content\/uploads\/2019\/06\/logo-anma-color.png?fit=247%2C101&ssl=1\",\"width\":247,\"height\":101,\"caption\":\"Comercial Anma\"},\"image\":{\"@id\":\"https:\/\/www.comercialanma.es\/#logo\"}},{\"@type\":\"WebSite\",\"@id\":\"https:\/\/www.comercialanma.es\/#website\",\"url\":\"https:\/\/www.comercialanma.es\/\",\"name\":\"Comercial de Hosteleria Anma\",\"description\":\"\",\"publisher\":{\"@id\":\"https:\/\/www.comercialanma.es\/#organization\"},\"potentialAction\":[{\"@type\":\"SearchAction\",\"target\":\"https:\/\/www.comercialanma.es\/?s={search_term_string}\",\"query-input\":\"required name=search_term_string\"}],\"inLanguage\":\"es\"},{\"@type\":\"ImageObject\",\"@id\":\"https:\/\/www.comercialanma.es\/?product=whisky-the-macallan-double-cask-70cl#primaryimage\",\"inLanguage\":\"es\",\"url\":\"https:\/\/i2.wp.com\/www.comercialanma.es\/wp-content\/uploads\/2019\/08\/The-Macallan-Double-Cask-12.jpg?fit=1200%2C1200&ssl=1\",\"width\":1200,\"height\":1200},{\"@type\":\"WebPage\",\"@id\":\"https:\/\/www.comercialanma.es\/?product=whisky-the-macallan-double-cask-70cl#webpage\",\"url\":\"https:\/\/www.comercialanma.es\/?product=whisky-the-macallan-double-cask-70cl\",\"name\":\"Whisky The Macallan 12 a\\u00f1os Double Cask 70cl. - Comercial de Hosteleria Anma\",\"isPartOf\":{\"@id\":\"https:\/\/www.comercialanma.es\/#website\"},\"primaryImageOfPage\":{\"@id\":\"https:\/\/www.comercialanma.es\/?product=whisky-the-macallan-double-cask-70cl#primaryimage\"},\"datePublished\":\"2019-08-23T13:06:08+00:00\",\"dateModified\":\"2020-02-24T14:32:54+00:00\",\"breadcrumb\":{\"@id\":\"https:\/\/www.comercialanma.es\/?product=whisky-the-macallan-double-cask-70cl#breadcrumb\"},\"inLanguage\":\"es\",\"potentialAction\":[{\"@type\":\"ReadAction\",\"target\":[\"https:\/\/www.comercialanma.es\/?product=whisky-the-macallan-double-cask-70cl\"]}]},{\"@type\":\"BreadcrumbList\",\"@id\":\"https:\/\/www.comercialanma.es\/?product=whisky-the-macallan-double-cask-70cl#breadcrumb\",\"itemListElement\":[{\"@type\":\"ListItem\",\"position\":1,\"item\":{\"@type\":\"WebPage\",\"@id\":\"https:\/\/www.comercialanma.es\/\",\"url\":\"https:\/\/www.comercialanma.es\/\",\"name\":\"Portada\"}},{\"@type\":\"ListItem\",\"position\":2,\"item\":{\"@type\":\"WebPage\",\"@id\":\"https:\/\/www.comercialanma.es\/?page_id=3963\",\"url\":\"https:\/\/www.comercialanma.es\/?page_id=3963\",\"name\":\"Cat\\u00e1logo de Productos\"}},{\"@type\":\"ListItem\",\"position\":3,\"item\":{\"@type\":\"WebPage\",\"@id\":\"https:\/\/www.comercialanma.es\/?product=whisky-the-macallan-double-cask-70cl\",\"url\":\"https:\/\/www.comercialanma.es\/?product=whisky-the-macallan-double-cask-70cl\",\"name\":\"Whisky The Macallan 12 a\\u00f1os Double Cask 70cl.\"}}]}]}<\/script>\n<!-- \/ Yoast SEO plugin. -->","_links":{"self":[{"href":"https:\/\/www.comercialanma.es\/index.php?rest_route=\/wp\/v2\/product\/9599"}],"collection":[{"href":"https:\/\/www.comercialanma.es\/index.php?rest_route=\/wp\/v2\/product"}],"about":[{"href":"https:\/\/www.comercialanma.es\/index.php?rest_route=\/wp\/v2\/types\/product"}],"version-history":[{"count":3,"href":"https:\/\/www.comercialanma.es\/index.php?rest_route=\/wp\/v2\/product\/9599\/revisions"}],"predecessor-version":[{"id":9603,"href":"https:\/\/www.comercialanma.es\/index.php?rest_route=\/wp\/v2\/product\/9599\/revisions\/9603"}],"wp:featuredmedia":[{"embeddable":true,"href":"https:\/\/www.comercialanma.es\/index.php?rest_route=\/wp\/v2\/media\/9600"}],"wp:attachment":[{"href":"https:\/\/www.comercialanma.es\/index.php?rest_route=%2Fwp%2Fv2%2Fmedia&parent=9599"}],"curies":[{"name":"wp","href":"https:\/\/api.w.org\/{rel}","templated":true}]}}