
{"id":9632,"date":"2019-08-23T16:38:15","date_gmt":"2019-08-23T14:38:15","guid":{"rendered":"http:\/\/www.comercialanma.es\/?post_type=product&#038;p=9632"},"modified":"2020-02-24T15:35:13","modified_gmt":"2020-02-24T14:35:13","slug":"whisky-glenlivet-15-anos-70cl","status":"publish","type":"product","link":"https:\/\/www.comercialanma.es\/?product=whisky-glenlivet-15-anos-70cl","title":{"rendered":"Whisky Glenlivet 15 a\u00f1os 70cl."},"content":{"rendered":"","protected":false},"excerpt":{"rendered":"<p>The Glenlivet 15 a\u00f1os se destila en la parte m\u00e1s fr\u00eda de Escocia y tiene una selecta maduraci\u00f3n primero en barricas tradicionales y luego en barricas nuevas de roble franc\u00e9s de Limousin que le confieren a este whisky un toque muy exclusivo y caracter\u00edstico, con un acabado final perdurable, suave y cremoso con un toque de sequedad y aroma especiado.The Glenlivet 15 a\u00f1os est\u00e1 perfectamente logrado en la interacci\u00f3n de frutas y especias, que le confieren ese aroma intenso y dulce con dejes de fruta c\u00edtrica tan caracter\u00edstico de The Glenlivet. Presenta un paladar pleno que contrasta notas de mango maduro con canela y pimienta blanca.<\/p>\n<p>Graduaci\u00f3n: 40% vol.<\/p>\n","protected":false},"featured_media":9633,"template":"","meta":{"spay_email":""},"yoast_head":"<!-- This site is optimized with the Yoast SEO plugin v15.9 - https:\/\/yoast.com\/wordpress\/plugins\/seo\/ -->\n<title>Whisky Glenlivet 15 a\u00f1os 70cl. - Comercial de Hosteleria Anma<\/title>\n<meta name=\"robots\" content=\"index, follow, max-snippet:-1, max-image-preview:large, max-video-preview:-1\" \/>\n<link rel=\"canonical\" href=\"https:\/\/www.comercialanma.es\/?product=whisky-glenlivet-15-anos-70cl\" \/>\n<meta property=\"og:locale\" content=\"es_ES\" \/>\n<meta property=\"og:type\" content=\"article\" \/>\n<meta property=\"og:title\" content=\"Whisky Glenlivet 15 a\u00f1os 70cl. - Comercial de Hosteleria Anma\" \/>\n<meta property=\"og:description\" content=\"The Glenlivet 15 a\u00f1os se destila en la parte m\u00e1s fr\u00eda de Escocia y tiene una selecta maduraci\u00f3n primero en barricas tradicionales y luego en barricas nuevas de roble franc\u00e9s de Limousin que le confieren a este whisky un toque muy exclusivo y caracter\u00edstico, con un acabado final perdurable, suave y cremoso con un toque de sequedad y aroma especiado.The Glenlivet 15 a\u00f1os est\u00e1 perfectamente logrado en la interacci\u00f3n de frutas y especias, que le confieren ese aroma intenso y dulce con dejes de fruta c\u00edtrica tan caracter\u00edstico de The Glenlivet. Presenta un paladar pleno que contrasta notas de mango maduro con canela y pimienta blanca.  Graduaci\u00f3n: 40% vol.\" \/>\n<meta property=\"og:url\" content=\"https:\/\/www.comercialanma.es\/?product=whisky-glenlivet-15-anos-70cl\" \/>\n<meta property=\"og:site_name\" content=\"Comercial de Hosteleria Anma\" \/>\n<meta property=\"article:publisher\" content=\"https:\/\/www.facebook.com\/AnmaHosteleria\" \/>\n<meta property=\"article:modified_time\" content=\"2020-02-24T14:35:13+00:00\" \/>\n<meta property=\"og:image\" content=\"https:\/\/i2.wp.com\/www.comercialanma.es\/wp-content\/uploads\/2019\/08\/Glenlivet-15.jpg?fit=1200%2C1200&#038;ssl=1\" \/>\n\t<meta property=\"og:image:width\" content=\"1200\" \/>\n\t<meta property=\"og:image:height\" content=\"1200\" \/>\n<meta name=\"twitter:card\" content=\"summary_large_image\" \/>\n<script type=\"application\/ld+json\" class=\"yoast-schema-graph\">{\"@context\":\"https:\/\/schema.org\",\"@graph\":[{\"@type\":\"Organization\",\"@id\":\"https:\/\/www.comercialanma.es\/#organization\",\"name\":\"Comercial Anma\",\"url\":\"https:\/\/www.comercialanma.es\/\",\"sameAs\":[\"https:\/\/www.facebook.com\/AnmaHosteleria\",\"https:\/\/www.instagram.com\/anmahosteleria\/?hl=es\",\"https:\/\/www.youtube.com\/channel\/UCT2nmn08Ntks0hmpZPnDgCA\"],\"logo\":{\"@type\":\"ImageObject\",\"@id\":\"https:\/\/www.comercialanma.es\/#logo\",\"inLanguage\":\"es\",\"url\":\"https:\/\/i2.wp.com\/www.comercialanma.es\/wp-content\/uploads\/2019\/06\/logo-anma-color.png?fit=247%2C101&ssl=1\",\"width\":247,\"height\":101,\"caption\":\"Comercial Anma\"},\"image\":{\"@id\":\"https:\/\/www.comercialanma.es\/#logo\"}},{\"@type\":\"WebSite\",\"@id\":\"https:\/\/www.comercialanma.es\/#website\",\"url\":\"https:\/\/www.comercialanma.es\/\",\"name\":\"Comercial de Hosteleria Anma\",\"description\":\"\",\"publisher\":{\"@id\":\"https:\/\/www.comercialanma.es\/#organization\"},\"potentialAction\":[{\"@type\":\"SearchAction\",\"target\":\"https:\/\/www.comercialanma.es\/?s={search_term_string}\",\"query-input\":\"required name=search_term_string\"}],\"inLanguage\":\"es\"},{\"@type\":\"ImageObject\",\"@id\":\"https:\/\/www.comercialanma.es\/?product=whisky-glenlivet-15-anos-70cl#primaryimage\",\"inLanguage\":\"es\",\"url\":\"https:\/\/i2.wp.com\/www.comercialanma.es\/wp-content\/uploads\/2019\/08\/Glenlivet-15.jpg?fit=1200%2C1200&ssl=1\",\"width\":1200,\"height\":1200},{\"@type\":\"WebPage\",\"@id\":\"https:\/\/www.comercialanma.es\/?product=whisky-glenlivet-15-anos-70cl#webpage\",\"url\":\"https:\/\/www.comercialanma.es\/?product=whisky-glenlivet-15-anos-70cl\",\"name\":\"Whisky Glenlivet 15 a\\u00f1os 70cl. - Comercial de Hosteleria Anma\",\"isPartOf\":{\"@id\":\"https:\/\/www.comercialanma.es\/#website\"},\"primaryImageOfPage\":{\"@id\":\"https:\/\/www.comercialanma.es\/?product=whisky-glenlivet-15-anos-70cl#primaryimage\"},\"datePublished\":\"2019-08-23T14:38:15+00:00\",\"dateModified\":\"2020-02-24T14:35:13+00:00\",\"breadcrumb\":{\"@id\":\"https:\/\/www.comercialanma.es\/?product=whisky-glenlivet-15-anos-70cl#breadcrumb\"},\"inLanguage\":\"es\",\"potentialAction\":[{\"@type\":\"ReadAction\",\"target\":[\"https:\/\/www.comercialanma.es\/?product=whisky-glenlivet-15-anos-70cl\"]}]},{\"@type\":\"BreadcrumbList\",\"@id\":\"https:\/\/www.comercialanma.es\/?product=whisky-glenlivet-15-anos-70cl#breadcrumb\",\"itemListElement\":[{\"@type\":\"ListItem\",\"position\":1,\"item\":{\"@type\":\"WebPage\",\"@id\":\"https:\/\/www.comercialanma.es\/\",\"url\":\"https:\/\/www.comercialanma.es\/\",\"name\":\"Portada\"}},{\"@type\":\"ListItem\",\"position\":2,\"item\":{\"@type\":\"WebPage\",\"@id\":\"https:\/\/www.comercialanma.es\/?page_id=3963\",\"url\":\"https:\/\/www.comercialanma.es\/?page_id=3963\",\"name\":\"Cat\\u00e1logo de Productos\"}},{\"@type\":\"ListItem\",\"position\":3,\"item\":{\"@type\":\"WebPage\",\"@id\":\"https:\/\/www.comercialanma.es\/?product=whisky-glenlivet-15-anos-70cl\",\"url\":\"https:\/\/www.comercialanma.es\/?product=whisky-glenlivet-15-anos-70cl\",\"name\":\"Whisky Glenlivet 15 a\\u00f1os 70cl.\"}}]}]}<\/script>\n<!-- \/ Yoast SEO plugin. -->","_links":{"self":[{"href":"https:\/\/www.comercialanma.es\/index.php?rest_route=\/wp\/v2\/product\/9632"}],"collection":[{"href":"https:\/\/www.comercialanma.es\/index.php?rest_route=\/wp\/v2\/product"}],"about":[{"href":"https:\/\/www.comercialanma.es\/index.php?rest_route=\/wp\/v2\/types\/product"}],"version-history":[{"count":1,"href":"https:\/\/www.comercialanma.es\/index.php?rest_route=\/wp\/v2\/product\/9632\/revisions"}],"predecessor-version":[{"id":9634,"href":"https:\/\/www.comercialanma.es\/index.php?rest_route=\/wp\/v2\/product\/9632\/revisions\/9634"}],"wp:featuredmedia":[{"embeddable":true,"href":"https:\/\/www.comercialanma.es\/index.php?rest_route=\/wp\/v2\/media\/9633"}],"wp:attachment":[{"href":"https:\/\/www.comercialanma.es\/index.php?rest_route=%2Fwp%2Fv2%2Fmedia&parent=9632"}],"curies":[{"name":"wp","href":"https:\/\/api.w.org\/{rel}","templated":true}]}}

Whisky Glenlivet 15 años 70cl.

<p>The Glenlivet 15 años se destila en la parte más fría de Escocia y tiene una selecta maduración primero en barricas tradicionales y luego en barricas nuevas de roble francés de Limousin que le confieren a este whisky un toque muy exclusivo y característico, con un acabado final perdurable, suave y cremoso con un toque de sequedad y aroma especiado.The Glenlivet 15 años está perfectamente logrado en la interacción de frutas y especias, que le confieren ese aroma intenso y dulce con dejes de fruta cítrica tan característico de The Glenlivet. Presenta un paladar pleno que contrasta notas de mango maduro con canela y pimienta blanca.</p>
<p>Graduación: 40% vol.</p>

<!-- This site is optimized with the Yoast SEO plugin v15.9 - https://yoast.com/wordpress/plugins/seo/ -->
<title>Whisky Glenlivet 15 años 70cl. - Comercial de Hosteleria Anma</title>
<meta name="robots" content="index, follow, max-snippet:-1, max-image-preview:large, max-video-preview:-1" />
<link rel="canonical" href="https://www.comercialanma.es/?product=whisky-glenlivet-15-anos-70cl" />
<meta property="og:locale" content="es_ES" />
<meta property="og:type" content="article" />
<meta property="og:title" content="Whisky Glenlivet 15 años 70cl. - Comercial de Hosteleria Anma" />
<meta property="og:description" content="The Glenlivet 15 años se destila en la parte más fría de Escocia y tiene una selecta maduración primero en barricas tradicionales y luego en barricas nuevas de roble francés de Limousin que le confieren a este whisky un toque muy exclusivo y característico, con un acabado final perdurable, suave y cremoso con un toque de sequedad y aroma especiado.The Glenlivet 15 años está perfectamente logrado en la interacción de frutas y especias, que le confieren ese aroma intenso y dulce con dejes de fruta cítrica tan característico de The Glenlivet. Presenta un paladar pleno que contrasta notas de mango maduro con canela y pimienta blanca.  Graduación: 40% vol." />
<meta property="og:url" content="https://www.comercialanma.es/?product=whisky-glenlivet-15-anos-70cl" />
<meta property="og:site_name" content="Comercial de Hosteleria Anma" />
<meta property="article:publisher" content="https://www.facebook.com/AnmaHosteleria" />
<meta property="article:modified_time" content="2020-02-24T14:35:13+00:00" />
<meta property="og:image" content="https://i2.wp.com/www.comercialanma.es/wp-content/uploads/2019/08/Glenlivet-15.jpg?fit=1200%2C1200&#038;ssl=1" />
	<meta property="og:image:width" content="1200" />
	<meta property="og:image:height" content="1200" />
<meta name="twitter:card" content="summary_large_image" />
<script type="application/ld+json" class="yoast-schema-graph">{"@context":"https://schema.org","@graph":[{"@type":"Organization","@id":"https://www.comercialanma.es/#organization","name":"Comercial Anma","url":"https://www.comercialanma.es/","sameAs":["https://www.facebook.com/AnmaHosteleria","https://www.instagram.com/anmahosteleria/?hl=es","https://www.youtube.com/channel/UCT2nmn08Ntks0hmpZPnDgCA"],"logo":{"@type":"ImageObject","@id":"https://www.comercialanma.es/#logo","inLanguage":"es","url":"https://i2.wp.com/www.comercialanma.es/wp-content/uploads/2019/06/logo-anma-color.png?fit=247%2C101&ssl=1","width":247,"height":101,"caption":"Comercial Anma"},"image":{"@id":"https://www.comercialanma.es/#logo"}},{"@type":"WebSite","@id":"https://www.comercialanma.es/#website","url":"https://www.comercialanma.es/","name":"Comercial de Hosteleria Anma","description":"","publisher":{"@id":"https://www.comercialanma.es/#organization"},"potentialAction":[{"@type":"SearchAction","target":"https://www.comercialanma.es/?s={search_term_string}","query-input":"required name=search_term_string"}],"inLanguage":"es"},{"@type":"ImageObject","@id":"https://www.comercialanma.es/?product=whisky-glenlivet-15-anos-70cl#primaryimage","inLanguage":"es","url":"https://i2.wp.com/www.comercialanma.es/wp-content/uploads/2019/08/Glenlivet-15.jpg?fit=1200%2C1200&ssl=1","width":1200,"height":1200},{"@type":"WebPage","@id":"https://www.comercialanma.es/?product=whisky-glenlivet-15-anos-70cl#webpage","url":"https://www.comercialanma.es/?product=whisky-glenlivet-15-anos-70cl","name":"Whisky Glenlivet 15 a\u00f1os 70cl. - Comercial de Hosteleria Anma","isPartOf":{"@id":"https://www.comercialanma.es/#website"},"primaryImageOfPage":{"@id":"https://www.comercialanma.es/?product=whisky-glenlivet-15-anos-70cl#primaryimage"},"datePublished":"2019-08-23T14:38:15+00:00","dateModified":"2020-02-24T14:35:13+00:00","breadcrumb":{"@id":"https://www.comercialanma.es/?product=whisky-glenlivet-15-anos-70cl#breadcrumb"},"inLanguage":"es","potentialAction":[{"@type":"ReadAction","target":["https://www.comercialanma.es/?product=whisky-glenlivet-15-anos-70cl"]}]},{"@type":"BreadcrumbList","@id":"https://www.comercialanma.es/?product=whisky-glenlivet-15-anos-70cl#breadcrumb","itemListElement":[{"@type":"ListItem","position":1,"item":{"@type":"WebPage","@id":"https://www.comercialanma.es/","url":"https://www.comercialanma.es/","name":"Portada"}},{"@type":"ListItem","position":2,"item":{"@type":"WebPage","@id":"https://www.comercialanma.es/?page_id=3963","url":"https://www.comercialanma.es/?page_id=3963","name":"Cat\u00e1logo de Productos"}},{"@type":"ListItem","position":3,"item":{"@type":"WebPage","@id":"https://www.comercialanma.es/?product=whisky-glenlivet-15-anos-70cl","url":"https://www.comercialanma.es/?product=whisky-glenlivet-15-anos-70cl","name":"Whisky Glenlivet 15 a\u00f1os 70cl."}}]}]}</script>
<!-- / Yoast SEO plugin. -->
