
{"id":9665,"date":"2019-08-23T17:46:50","date_gmt":"2019-08-23T15:46:50","guid":{"rendered":"http:\/\/www.comercialanma.es\/?post_type=product&#038;p=9665"},"modified":"2020-02-24T15:38:44","modified_gmt":"2020-02-24T14:38:44","slug":"whisky-ardbeg-10-anos-70cl","status":"publish","type":"product","link":"https:\/\/www.comercialanma.es\/?product=whisky-ardbeg-10-anos-70cl","title":{"rendered":"Whisky Ardbeg 10 a\u00f1os 70cl."},"content":{"rendered":"<h3>Nota de cata:<\/h3>\n<ul>\n<li><span class=\"cata_title\">Cata a la vista<\/span> <span class=\"cata_content\">Color \u00e1mbar lim\u00f3n, p\u00e1lido. <\/span><\/li>\n<li><span class=\"cata_title\">Cata en nariz<\/span> <span class=\"cata_content\">Intenso, madera y turba. Humo. Entorno marino. <\/span><\/li>\n<li><span class=\"cata_title\">Cata en boca<\/span> <span class=\"cata_content\">Firme, con cuerpo. <\/span><\/li>\n<li><span class=\"cata_content\">Redondo, sal y turba. Final contundente, yodo. <\/span><\/li>\n<li>Graduaci\u00f3n: 48% vol.<\/li>\n<\/ul>\n<div id=\"tabs_content_container\">\n<div id=\"tab_cata_0\" class=\"tab_content catas_review_container\"><\/div>\n<\/div>\n","protected":false},"excerpt":{"rendered":"<p class=\"page-title\"><strong>Whisky Ardbeg 10 a\u00f1os<\/strong> es el whisky de malta m\u00e1s complejo de Escocia. Este,\u00a0no es sometido a un proceso de filtrado. Adem\u00e1s retiene el m\u00e1ximo aroma y sabor debido a su alta graduaci\u00f3n.<\/p>\n<p>Su fuerte personalidad, esta influenciada por el entorno ambiental de la destiler\u00eda situada en Islay, una peque\u00f1a isla de Escocia, as\u00ed como por los m\u00e9todos tradicionales utilizados en su elaboraci\u00f3n. Los aromas marinos, se integran en la complejidad de este whisky.<\/p>\n<p>Otra caracter\u00edstica que le diferencia, proviene del m\u00e9todo de tostado de la malta que se realiza quemando la turba de procedencia local en secaderos provistos de aireaci\u00f3n natural, sin extractores.\u00a0El humo acumulado impregna la malta d\u00e1ndole as\u00ed un aroma final de turba que, en el caso parad\u00f3jico de Ardbeg, resulta suave y agradable.<\/p>\n<p>Es envejecido en barricas de roble durante 10 a\u00f1os.<\/p>\n","protected":false},"featured_media":9666,"template":"","meta":{"spay_email":""},"yoast_head":"<!-- This site is optimized with the Yoast SEO plugin v15.9 - https:\/\/yoast.com\/wordpress\/plugins\/seo\/ -->\n<title>Whisky Ardbeg 10 a\u00f1os 70cl. - Comercial de Hosteleria Anma<\/title>\n<meta name=\"robots\" content=\"index, follow, max-snippet:-1, max-image-preview:large, max-video-preview:-1\" \/>\n<link rel=\"canonical\" href=\"https:\/\/www.comercialanma.es\/?product=whisky-ardbeg-10-anos-70cl\" \/>\n<meta property=\"og:locale\" content=\"es_ES\" \/>\n<meta property=\"og:type\" content=\"article\" \/>\n<meta property=\"og:title\" content=\"Whisky Ardbeg 10 a\u00f1os 70cl. - Comercial de Hosteleria Anma\" \/>\n<meta property=\"og:description\" content=\"Whisky Ardbeg 10 a\u00f1os es el whisky de malta m\u00e1s complejo de Escocia. Este,\u00a0no es sometido a un proceso de filtrado. Adem\u00e1s retiene el m\u00e1ximo aroma y sabor debido a su alta graduaci\u00f3n. Su fuerte personalidad, esta influenciada por el entorno ambiental de la destiler\u00eda situada en Islay, una peque\u00f1a isla de Escocia, as\u00ed como por los m\u00e9todos tradicionales utilizados en su elaboraci\u00f3n. Los aromas marinos, se integran en la complejidad de este whisky.  Otra caracter\u00edstica que le diferencia, proviene del m\u00e9todo de tostado de la malta que se realiza quemando la turba de procedencia local en secaderos provistos de aireaci\u00f3n natural, sin extractores.\u00a0El humo acumulado impregna la malta d\u00e1ndole as\u00ed un aroma final de turba que, en el caso parad\u00f3jico de Ardbeg, resulta suave y agradable.  Es envejecido en barricas de roble durante 10 a\u00f1os.\" \/>\n<meta property=\"og:url\" content=\"https:\/\/www.comercialanma.es\/?product=whisky-ardbeg-10-anos-70cl\" \/>\n<meta property=\"og:site_name\" content=\"Comercial de Hosteleria Anma\" \/>\n<meta property=\"article:publisher\" content=\"https:\/\/www.facebook.com\/AnmaHosteleria\" \/>\n<meta property=\"article:modified_time\" content=\"2020-02-24T14:38:44+00:00\" \/>\n<meta property=\"og:image\" content=\"https:\/\/i1.wp.com\/www.comercialanma.es\/wp-content\/uploads\/2019\/08\/Ardbeg-10.jpg?fit=1200%2C1200&#038;ssl=1\" \/>\n\t<meta property=\"og:image:width\" content=\"1200\" \/>\n\t<meta property=\"og:image:height\" content=\"1200\" \/>\n<meta name=\"twitter:card\" content=\"summary_large_image\" \/>\n<script type=\"application\/ld+json\" class=\"yoast-schema-graph\">{\"@context\":\"https:\/\/schema.org\",\"@graph\":[{\"@type\":\"Organization\",\"@id\":\"https:\/\/www.comercialanma.es\/#organization\",\"name\":\"Comercial Anma\",\"url\":\"https:\/\/www.comercialanma.es\/\",\"sameAs\":[\"https:\/\/www.facebook.com\/AnmaHosteleria\",\"https:\/\/www.instagram.com\/anmahosteleria\/?hl=es\",\"https:\/\/www.youtube.com\/channel\/UCT2nmn08Ntks0hmpZPnDgCA\"],\"logo\":{\"@type\":\"ImageObject\",\"@id\":\"https:\/\/www.comercialanma.es\/#logo\",\"inLanguage\":\"es\",\"url\":\"https:\/\/i2.wp.com\/www.comercialanma.es\/wp-content\/uploads\/2019\/06\/logo-anma-color.png?fit=247%2C101&ssl=1\",\"width\":247,\"height\":101,\"caption\":\"Comercial Anma\"},\"image\":{\"@id\":\"https:\/\/www.comercialanma.es\/#logo\"}},{\"@type\":\"WebSite\",\"@id\":\"https:\/\/www.comercialanma.es\/#website\",\"url\":\"https:\/\/www.comercialanma.es\/\",\"name\":\"Comercial de Hosteleria Anma\",\"description\":\"\",\"publisher\":{\"@id\":\"https:\/\/www.comercialanma.es\/#organization\"},\"potentialAction\":[{\"@type\":\"SearchAction\",\"target\":\"https:\/\/www.comercialanma.es\/?s={search_term_string}\",\"query-input\":\"required name=search_term_string\"}],\"inLanguage\":\"es\"},{\"@type\":\"ImageObject\",\"@id\":\"https:\/\/www.comercialanma.es\/?product=whisky-ardbeg-10-anos-70cl#primaryimage\",\"inLanguage\":\"es\",\"url\":\"https:\/\/i1.wp.com\/www.comercialanma.es\/wp-content\/uploads\/2019\/08\/Ardbeg-10.jpg?fit=1200%2C1200&ssl=1\",\"width\":1200,\"height\":1200},{\"@type\":\"WebPage\",\"@id\":\"https:\/\/www.comercialanma.es\/?product=whisky-ardbeg-10-anos-70cl#webpage\",\"url\":\"https:\/\/www.comercialanma.es\/?product=whisky-ardbeg-10-anos-70cl\",\"name\":\"Whisky Ardbeg 10 a\\u00f1os 70cl. - Comercial de Hosteleria Anma\",\"isPartOf\":{\"@id\":\"https:\/\/www.comercialanma.es\/#website\"},\"primaryImageOfPage\":{\"@id\":\"https:\/\/www.comercialanma.es\/?product=whisky-ardbeg-10-anos-70cl#primaryimage\"},\"datePublished\":\"2019-08-23T15:46:50+00:00\",\"dateModified\":\"2020-02-24T14:38:44+00:00\",\"breadcrumb\":{\"@id\":\"https:\/\/www.comercialanma.es\/?product=whisky-ardbeg-10-anos-70cl#breadcrumb\"},\"inLanguage\":\"es\",\"potentialAction\":[{\"@type\":\"ReadAction\",\"target\":[\"https:\/\/www.comercialanma.es\/?product=whisky-ardbeg-10-anos-70cl\"]}]},{\"@type\":\"BreadcrumbList\",\"@id\":\"https:\/\/www.comercialanma.es\/?product=whisky-ardbeg-10-anos-70cl#breadcrumb\",\"itemListElement\":[{\"@type\":\"ListItem\",\"position\":1,\"item\":{\"@type\":\"WebPage\",\"@id\":\"https:\/\/www.comercialanma.es\/\",\"url\":\"https:\/\/www.comercialanma.es\/\",\"name\":\"Portada\"}},{\"@type\":\"ListItem\",\"position\":2,\"item\":{\"@type\":\"WebPage\",\"@id\":\"https:\/\/www.comercialanma.es\/?page_id=3963\",\"url\":\"https:\/\/www.comercialanma.es\/?page_id=3963\",\"name\":\"Cat\\u00e1logo de Productos\"}},{\"@type\":\"ListItem\",\"position\":3,\"item\":{\"@type\":\"WebPage\",\"@id\":\"https:\/\/www.comercialanma.es\/?product=whisky-ardbeg-10-anos-70cl\",\"url\":\"https:\/\/www.comercialanma.es\/?product=whisky-ardbeg-10-anos-70cl\",\"name\":\"Whisky Ardbeg 10 a\\u00f1os 70cl.\"}}]}]}<\/script>\n<!-- \/ Yoast SEO plugin. -->","_links":{"self":[{"href":"https:\/\/www.comercialanma.es\/index.php?rest_route=\/wp\/v2\/product\/9665"}],"collection":[{"href":"https:\/\/www.comercialanma.es\/index.php?rest_route=\/wp\/v2\/product"}],"about":[{"href":"https:\/\/www.comercialanma.es\/index.php?rest_route=\/wp\/v2\/types\/product"}],"version-history":[{"count":1,"href":"https:\/\/www.comercialanma.es\/index.php?rest_route=\/wp\/v2\/product\/9665\/revisions"}],"predecessor-version":[{"id":9667,"href":"https:\/\/www.comercialanma.es\/index.php?rest_route=\/wp\/v2\/product\/9665\/revisions\/9667"}],"wp:featuredmedia":[{"embeddable":true,"href":"https:\/\/www.comercialanma.es\/index.php?rest_route=\/wp\/v2\/media\/9666"}],"wp:attachment":[{"href":"https:\/\/www.comercialanma.es\/index.php?rest_route=%2Fwp%2Fv2%2Fmedia&parent=9665"}],"curies":[{"name":"wp","href":"https:\/\/api.w.org\/{rel}","templated":true}]}}