
{"id":9694,"date":"2019-08-26T09:16:02","date_gmt":"2019-08-26T07:16:02","guid":{"rendered":"http:\/\/www.comercialanma.es\/?post_type=product&#038;p=9694"},"modified":"2020-02-24T15:40:01","modified_gmt":"2020-02-24T14:40:01","slug":"whisky-nikka-taketsuru-non-age-50cl","status":"publish","type":"product","link":"https:\/\/www.comercialanma.es\/?product=whisky-nikka-taketsuru-non-age-50cl","title":{"rendered":"Whisky Nikka Taketsuru Non Age 50cl."},"content":{"rendered":"<h3>Nota de cata:<\/h3>\n<ul>\n<li>Una mezcla de las dos maltas simples de Nikka, Taketsuru combina el car\u00e1cter de Yoichi con la elegancia y la precisi\u00f3n de Miyagikyo.<br \/>\nEn boca percibimos notas de caf\u00e9, regaliz, madera de roble tostada, poso de caf\u00e9 y tabaco quemando lentamente. Su sorprendente amplitud es expresiva, casi excesiva. Vigoroso, firme y contundente. La turba es elusiva y se impone como un susurro.<\/li>\n<li>Final con apuntes de caramelo de regaliz. Un refinado toque amargo deja paso r\u00e1pidamente a aromas m\u00e1s integrados y medicinales de alcanfor y eucalipto. El final acaba disip\u00e1ndose en notas de cebada malteada.<\/li>\n<li>Graduaci\u00f3n: 43% vol.<\/li>\n<\/ul>\n<div>\n<div><\/div>\n<\/div>\n<div><\/div>\n<div class=\"field\"><\/div>\n","protected":false},"excerpt":{"rendered":"<p>Este excepcional whisky de malta pura es tan masculino como femenino, tradicional como innovador, y merecedor de rendir tributo a Masataka Taketsuru, el padre del whisky japon\u00e9s y fundador de Nikka.<br \/>\nWhisky japones sin edad elaborado a partir de whisky 100% Malta de unos 10 a\u00f1os de envejecimiento y de diferentes barricas de roble. El Malta que mas contiene es el Miyagikyo, el cual le otorga caracter\u00edsticas afrutadas y frescas.<\/p>\n","protected":false},"featured_media":9695,"template":"","meta":{"spay_email":""},"yoast_head":"<!-- This site is optimized with the Yoast SEO plugin v15.9 - https:\/\/yoast.com\/wordpress\/plugins\/seo\/ -->\n<title>Whisky Nikka Taketsuru Non Age 50cl. - Comercial de Hosteleria Anma<\/title>\n<meta name=\"robots\" content=\"index, follow, max-snippet:-1, max-image-preview:large, max-video-preview:-1\" \/>\n<link rel=\"canonical\" href=\"https:\/\/www.comercialanma.es\/?product=whisky-nikka-taketsuru-non-age-50cl\" \/>\n<meta property=\"og:locale\" content=\"es_ES\" \/>\n<meta property=\"og:type\" content=\"article\" \/>\n<meta property=\"og:title\" content=\"Whisky Nikka Taketsuru Non Age 50cl. - Comercial de Hosteleria Anma\" \/>\n<meta property=\"og:description\" content=\"Este excepcional whisky de malta pura es tan masculino como femenino, tradicional como innovador, y merecedor de rendir tributo a Masataka Taketsuru, el padre del whisky japon\u00e9s y fundador de Nikka. Whisky japones sin edad elaborado a partir de whisky 100% Malta de unos 10 a\u00f1os de envejecimiento y de diferentes barricas de roble. El Malta que mas contiene es el Miyagikyo, el cual le otorga caracter\u00edsticas afrutadas y frescas.\" \/>\n<meta property=\"og:url\" content=\"https:\/\/www.comercialanma.es\/?product=whisky-nikka-taketsuru-non-age-50cl\" \/>\n<meta property=\"og:site_name\" content=\"Comercial de Hosteleria Anma\" \/>\n<meta property=\"article:publisher\" content=\"https:\/\/www.facebook.com\/AnmaHosteleria\" \/>\n<meta property=\"article:modified_time\" content=\"2020-02-24T14:40:01+00:00\" \/>\n<meta property=\"og:image\" content=\"https:\/\/i2.wp.com\/www.comercialanma.es\/wp-content\/uploads\/2019\/08\/Nikka-Taketsuru-Non-Age.jpg?fit=1200%2C1200&#038;ssl=1\" \/>\n\t<meta property=\"og:image:width\" content=\"1200\" \/>\n\t<meta property=\"og:image:height\" content=\"1200\" \/>\n<meta name=\"twitter:card\" content=\"summary_large_image\" \/>\n<meta name=\"twitter:label1\" content=\"Tiempo de lectura\">\n\t<meta name=\"twitter:data1\" content=\"1 minuto\">\n<script type=\"application\/ld+json\" class=\"yoast-schema-graph\">{\"@context\":\"https:\/\/schema.org\",\"@graph\":[{\"@type\":\"Organization\",\"@id\":\"https:\/\/www.comercialanma.es\/#organization\",\"name\":\"Comercial Anma\",\"url\":\"https:\/\/www.comercialanma.es\/\",\"sameAs\":[\"https:\/\/www.facebook.com\/AnmaHosteleria\",\"https:\/\/www.instagram.com\/anmahosteleria\/?hl=es\",\"https:\/\/www.youtube.com\/channel\/UCT2nmn08Ntks0hmpZPnDgCA\"],\"logo\":{\"@type\":\"ImageObject\",\"@id\":\"https:\/\/www.comercialanma.es\/#logo\",\"inLanguage\":\"es\",\"url\":\"https:\/\/i2.wp.com\/www.comercialanma.es\/wp-content\/uploads\/2019\/06\/logo-anma-color.png?fit=247%2C101&ssl=1\",\"width\":247,\"height\":101,\"caption\":\"Comercial Anma\"},\"image\":{\"@id\":\"https:\/\/www.comercialanma.es\/#logo\"}},{\"@type\":\"WebSite\",\"@id\":\"https:\/\/www.comercialanma.es\/#website\",\"url\":\"https:\/\/www.comercialanma.es\/\",\"name\":\"Comercial de Hosteleria Anma\",\"description\":\"\",\"publisher\":{\"@id\":\"https:\/\/www.comercialanma.es\/#organization\"},\"potentialAction\":[{\"@type\":\"SearchAction\",\"target\":\"https:\/\/www.comercialanma.es\/?s={search_term_string}\",\"query-input\":\"required name=search_term_string\"}],\"inLanguage\":\"es\"},{\"@type\":\"ImageObject\",\"@id\":\"https:\/\/www.comercialanma.es\/?product=whisky-nikka-taketsuru-non-age-50cl#primaryimage\",\"inLanguage\":\"es\",\"url\":\"https:\/\/i2.wp.com\/www.comercialanma.es\/wp-content\/uploads\/2019\/08\/Nikka-Taketsuru-Non-Age.jpg?fit=1200%2C1200&ssl=1\",\"width\":1200,\"height\":1200},{\"@type\":\"WebPage\",\"@id\":\"https:\/\/www.comercialanma.es\/?product=whisky-nikka-taketsuru-non-age-50cl#webpage\",\"url\":\"https:\/\/www.comercialanma.es\/?product=whisky-nikka-taketsuru-non-age-50cl\",\"name\":\"Whisky Nikka Taketsuru Non Age 50cl. - Comercial de Hosteleria Anma\",\"isPartOf\":{\"@id\":\"https:\/\/www.comercialanma.es\/#website\"},\"primaryImageOfPage\":{\"@id\":\"https:\/\/www.comercialanma.es\/?product=whisky-nikka-taketsuru-non-age-50cl#primaryimage\"},\"datePublished\":\"2019-08-26T07:16:02+00:00\",\"dateModified\":\"2020-02-24T14:40:01+00:00\",\"breadcrumb\":{\"@id\":\"https:\/\/www.comercialanma.es\/?product=whisky-nikka-taketsuru-non-age-50cl#breadcrumb\"},\"inLanguage\":\"es\",\"potentialAction\":[{\"@type\":\"ReadAction\",\"target\":[\"https:\/\/www.comercialanma.es\/?product=whisky-nikka-taketsuru-non-age-50cl\"]}]},{\"@type\":\"BreadcrumbList\",\"@id\":\"https:\/\/www.comercialanma.es\/?product=whisky-nikka-taketsuru-non-age-50cl#breadcrumb\",\"itemListElement\":[{\"@type\":\"ListItem\",\"position\":1,\"item\":{\"@type\":\"WebPage\",\"@id\":\"https:\/\/www.comercialanma.es\/\",\"url\":\"https:\/\/www.comercialanma.es\/\",\"name\":\"Portada\"}},{\"@type\":\"ListItem\",\"position\":2,\"item\":{\"@type\":\"WebPage\",\"@id\":\"https:\/\/www.comercialanma.es\/?page_id=3963\",\"url\":\"https:\/\/www.comercialanma.es\/?page_id=3963\",\"name\":\"Cat\\u00e1logo de Productos\"}},{\"@type\":\"ListItem\",\"position\":3,\"item\":{\"@type\":\"WebPage\",\"@id\":\"https:\/\/www.comercialanma.es\/?product=whisky-nikka-taketsuru-non-age-50cl\",\"url\":\"https:\/\/www.comercialanma.es\/?product=whisky-nikka-taketsuru-non-age-50cl\",\"name\":\"Whisky Nikka Taketsuru Non Age 50cl.\"}}]}]}<\/script>\n<!-- \/ Yoast SEO plugin. -->","_links":{"self":[{"href":"https:\/\/www.comercialanma.es\/index.php?rest_route=\/wp\/v2\/product\/9694"}],"collection":[{"href":"https:\/\/www.comercialanma.es\/index.php?rest_route=\/wp\/v2\/product"}],"about":[{"href":"https:\/\/www.comercialanma.es\/index.php?rest_route=\/wp\/v2\/types\/product"}],"version-history":[{"count":1,"href":"https:\/\/www.comercialanma.es\/index.php?rest_route=\/wp\/v2\/product\/9694\/revisions"}],"predecessor-version":[{"id":9696,"href":"https:\/\/www.comercialanma.es\/index.php?rest_route=\/wp\/v2\/product\/9694\/revisions\/9696"}],"wp:featuredmedia":[{"embeddable":true,"href":"https:\/\/www.comercialanma.es\/index.php?rest_route=\/wp\/v2\/media\/9695"}],"wp:attachment":[{"href":"https:\/\/www.comercialanma.es\/index.php?rest_route=%2Fwp%2Fv2%2Fmedia&parent=9694"}],"curies":[{"name":"wp","href":"https:\/\/api.w.org\/{rel}","templated":true}]}}