
{"id":9923,"date":"2019-08-27T12:19:23","date_gmt":"2019-08-27T10:19:23","guid":{"rendered":"http:\/\/www.comercialanma.es\/?post_type=product&#038;p=9923"},"modified":"2022-04-25T08:59:36","modified_gmt":"2022-04-25T06:59:36","slug":"cava-anna-de-codorniu-brut-375cl","status":"publish","type":"product","link":"https:\/\/www.comercialanma.es\/?product=cava-anna-de-codorniu-brut-375cl","title":{"rendered":"Cava Anna de Codorn\u00edu Brut 37,5cl."},"content":{"rendered":"<h3>D.O.:<\/h3>\n<ul>\n<li>Cava<\/li>\n<\/ul>\n<h3>Variedad:<\/h3>\n<ul>\n<li>Chardonnay, Parellada, Macabeo, Xarel\u00b7lo.<\/li>\n<\/ul>\n<h3>Nota de cata:<\/h3>\n<ul>\n<li>Color amarillo pajizo p\u00e1lido, limpio y brillante.<\/li>\n<li>De burbuja fina y con rosario continuo y corona persistente. Destacan sus aromas delicados entre los que predomina la fruta tropical como la pi\u00f1a y los c\u00edtricos, pomelo y lima.<\/li>\n<li>En boca es suave, con delicadas notas c\u00edtricas, equilibrado y muy refrescante.<\/li>\n<li>Graduaci\u00f3n: 11,5% vol.<\/li>\n<\/ul>\n","protected":false},"excerpt":{"rendered":"<p>Las uvas utilizadas en la elaboraci\u00f3n de Anna de Codorn\u00edu Brut Nature Vintage proceden de dos zonas vitivin\u00edcolas muy distintas, y su selecci\u00f3n se lleva a cabo minuciosamente. La variedad Chardonnay procede de vi\u00f1edos propios situados en la regi\u00f3n de clima m\u00e1s continental de la D.O. Cava, en Lleida, que favorece una \u00f3ptima concentraci\u00f3n, mayor acidez, m\u00e1s cuerpo y mayor intensidad en la uva. Los sistemas de cultivo siguen los criterios de producci\u00f3n integrada y est\u00e1n especialmente adaptados a la elaboraci\u00f3n de espumosos.<\/p>\n","protected":false},"featured_media":9925,"template":"","meta":{"spay_email":""},"yoast_head":"<!-- This site is optimized with the Yoast SEO plugin v15.9 - https:\/\/yoast.com\/wordpress\/plugins\/seo\/ -->\n<title>Cava Anna de Codorn\u00edu Brut 37,5cl. - Comercial de Hosteleria Anma<\/title>\n<meta name=\"robots\" content=\"index, follow, max-snippet:-1, max-image-preview:large, max-video-preview:-1\" \/>\n<link rel=\"canonical\" href=\"https:\/\/www.comercialanma.es\/?product=cava-anna-de-codorniu-brut-375cl\" \/>\n<meta property=\"og:locale\" content=\"es_ES\" \/>\n<meta property=\"og:type\" content=\"article\" \/>\n<meta property=\"og:title\" content=\"Cava Anna de Codorn\u00edu Brut 37,5cl. - Comercial de Hosteleria Anma\" \/>\n<meta property=\"og:description\" content=\"Las uvas utilizadas en la elaboraci\u00f3n de Anna de Codorn\u00edu Brut Nature Vintage proceden de dos zonas vitivin\u00edcolas muy distintas, y su selecci\u00f3n se lleva a cabo minuciosamente. La variedad Chardonnay procede de vi\u00f1edos propios situados en la regi\u00f3n de clima m\u00e1s continental de la D.O. Cava, en Lleida, que favorece una \u00f3ptima concentraci\u00f3n, mayor acidez, m\u00e1s cuerpo y mayor intensidad en la uva. Los sistemas de cultivo siguen los criterios de producci\u00f3n integrada y est\u00e1n especialmente adaptados a la elaboraci\u00f3n de espumosos.\" \/>\n<meta property=\"og:url\" content=\"https:\/\/www.comercialanma.es\/?product=cava-anna-de-codorniu-brut-375cl\" \/>\n<meta property=\"og:site_name\" content=\"Comercial de Hosteleria Anma\" \/>\n<meta property=\"article:publisher\" content=\"https:\/\/www.facebook.com\/AnmaHosteleria\" \/>\n<meta property=\"article:modified_time\" content=\"2022-04-25T06:59:36+00:00\" \/>\n<meta property=\"og:image\" content=\"https:\/\/i1.wp.com\/www.comercialanma.es\/wp-content\/uploads\/2019\/08\/Anna-Brut-375.jpg?fit=1200%2C1200&#038;ssl=1\" \/>\n\t<meta property=\"og:image:width\" content=\"1200\" \/>\n\t<meta property=\"og:image:height\" content=\"1200\" \/>\n<meta name=\"twitter:card\" content=\"summary_large_image\" \/>\n<script type=\"application\/ld+json\" class=\"yoast-schema-graph\">{\"@context\":\"https:\/\/schema.org\",\"@graph\":[{\"@type\":\"Organization\",\"@id\":\"https:\/\/www.comercialanma.es\/#organization\",\"name\":\"Comercial Anma\",\"url\":\"https:\/\/www.comercialanma.es\/\",\"sameAs\":[\"https:\/\/www.facebook.com\/AnmaHosteleria\",\"https:\/\/www.instagram.com\/anmahosteleria\/?hl=es\",\"https:\/\/www.youtube.com\/channel\/UCT2nmn08Ntks0hmpZPnDgCA\"],\"logo\":{\"@type\":\"ImageObject\",\"@id\":\"https:\/\/www.comercialanma.es\/#logo\",\"inLanguage\":\"es\",\"url\":\"https:\/\/i2.wp.com\/www.comercialanma.es\/wp-content\/uploads\/2019\/06\/logo-anma-color.png?fit=247%2C101&ssl=1\",\"width\":247,\"height\":101,\"caption\":\"Comercial Anma\"},\"image\":{\"@id\":\"https:\/\/www.comercialanma.es\/#logo\"}},{\"@type\":\"WebSite\",\"@id\":\"https:\/\/www.comercialanma.es\/#website\",\"url\":\"https:\/\/www.comercialanma.es\/\",\"name\":\"Comercial de Hosteleria Anma\",\"description\":\"\",\"publisher\":{\"@id\":\"https:\/\/www.comercialanma.es\/#organization\"},\"potentialAction\":[{\"@type\":\"SearchAction\",\"target\":\"https:\/\/www.comercialanma.es\/?s={search_term_string}\",\"query-input\":\"required name=search_term_string\"}],\"inLanguage\":\"es\"},{\"@type\":\"ImageObject\",\"@id\":\"https:\/\/www.comercialanma.es\/?product=cava-anna-de-codorniu-brut-375cl#primaryimage\",\"inLanguage\":\"es\",\"url\":\"https:\/\/i1.wp.com\/www.comercialanma.es\/wp-content\/uploads\/2019\/08\/Anna-Brut-375.jpg?fit=1200%2C1200&ssl=1\",\"width\":1200,\"height\":1200},{\"@type\":\"WebPage\",\"@id\":\"https:\/\/www.comercialanma.es\/?product=cava-anna-de-codorniu-brut-375cl#webpage\",\"url\":\"https:\/\/www.comercialanma.es\/?product=cava-anna-de-codorniu-brut-375cl\",\"name\":\"Cava Anna de Codorn\\u00edu Brut 37,5cl. - Comercial de Hosteleria Anma\",\"isPartOf\":{\"@id\":\"https:\/\/www.comercialanma.es\/#website\"},\"primaryImageOfPage\":{\"@id\":\"https:\/\/www.comercialanma.es\/?product=cava-anna-de-codorniu-brut-375cl#primaryimage\"},\"datePublished\":\"2019-08-27T10:19:23+00:00\",\"dateModified\":\"2022-04-25T06:59:36+00:00\",\"breadcrumb\":{\"@id\":\"https:\/\/www.comercialanma.es\/?product=cava-anna-de-codorniu-brut-375cl#breadcrumb\"},\"inLanguage\":\"es\",\"potentialAction\":[{\"@type\":\"ReadAction\",\"target\":[\"https:\/\/www.comercialanma.es\/?product=cava-anna-de-codorniu-brut-375cl\"]}]},{\"@type\":\"BreadcrumbList\",\"@id\":\"https:\/\/www.comercialanma.es\/?product=cava-anna-de-codorniu-brut-375cl#breadcrumb\",\"itemListElement\":[{\"@type\":\"ListItem\",\"position\":1,\"item\":{\"@type\":\"WebPage\",\"@id\":\"https:\/\/www.comercialanma.es\/\",\"url\":\"https:\/\/www.comercialanma.es\/\",\"name\":\"Portada\"}},{\"@type\":\"ListItem\",\"position\":2,\"item\":{\"@type\":\"WebPage\",\"@id\":\"https:\/\/www.comercialanma.es\/?page_id=3963\",\"url\":\"https:\/\/www.comercialanma.es\/?page_id=3963\",\"name\":\"Cat\\u00e1logo de Productos\"}},{\"@type\":\"ListItem\",\"position\":3,\"item\":{\"@type\":\"WebPage\",\"@id\":\"https:\/\/www.comercialanma.es\/?product=cava-anna-de-codorniu-brut-375cl\",\"url\":\"https:\/\/www.comercialanma.es\/?product=cava-anna-de-codorniu-brut-375cl\",\"name\":\"Cava Anna de Codorn\\u00edu Brut 37,5cl.\"}}]}]}<\/script>\n<!-- \/ Yoast SEO plugin. -->","_links":{"self":[{"href":"https:\/\/www.comercialanma.es\/index.php?rest_route=\/wp\/v2\/product\/9923"}],"collection":[{"href":"https:\/\/www.comercialanma.es\/index.php?rest_route=\/wp\/v2\/product"}],"about":[{"href":"https:\/\/www.comercialanma.es\/index.php?rest_route=\/wp\/v2\/types\/product"}],"version-history":[{"count":1,"href":"https:\/\/www.comercialanma.es\/index.php?rest_route=\/wp\/v2\/product\/9923\/revisions"}],"predecessor-version":[{"id":9926,"href":"https:\/\/www.comercialanma.es\/index.php?rest_route=\/wp\/v2\/product\/9923\/revisions\/9926"}],"wp:featuredmedia":[{"embeddable":true,"href":"https:\/\/www.comercialanma.es\/index.php?rest_route=\/wp\/v2\/media\/9925"}],"wp:attachment":[{"href":"https:\/\/www.comercialanma.es\/index.php?rest_route=%2Fwp%2Fv2%2Fmedia&parent=9923"}],"curies":[{"name":"wp","href":"https:\/\/api.w.org\/{rel}","templated":true}]}}

Cava Anna de Codorníu Brut 37,5cl.

<h3>D.O.:</h3>
<ul>
<li>Cava</li>
</ul>
<h3>Variedad:</h3>
<ul>
<li>Chardonnay, Parellada, Macabeo, Xarel·lo.</li>
</ul>
<h3>Nota de cata:</h3>
<ul>
<li>Color amarillo pajizo pálido, limpio y brillante.</li>
<li>De burbuja fina y con rosario continuo y corona persistente. Destacan sus aromas delicados entre los que predomina la fruta tropical como la piña y los cítricos, pomelo y lima.</li>
<li>En boca es suave, con delicadas notas cítricas, equilibrado y muy refrescante.</li>
<li>Graduación: 11,5% vol.</li>
</ul>

<p>Las uvas utilizadas en la elaboración de Anna de Codorníu Brut Nature Vintage proceden de dos zonas vitivinícolas muy distintas, y su selección se lleva a cabo minuciosamente. La variedad Chardonnay procede de viñedos propios situados en la región de clima más continental de la D.O. Cava, en Lleida, que favorece una óptima concentración, mayor acidez, más cuerpo y mayor intensidad en la uva. Los sistemas de cultivo siguen los criterios de producción integrada y están especialmente adaptados a la elaboración de espumosos.</p>

<!-- This site is optimized with the Yoast SEO plugin v15.9 - https://yoast.com/wordpress/plugins/seo/ -->
<title>Cava Anna de Codorníu Brut 37,5cl. - Comercial de Hosteleria Anma</title>
<meta name="robots" content="index, follow, max-snippet:-1, max-image-preview:large, max-video-preview:-1" />
<link rel="canonical" href="https://www.comercialanma.es/?product=cava-anna-de-codorniu-brut-375cl" />
<meta property="og:locale" content="es_ES" />
<meta property="og:type" content="article" />
<meta property="og:title" content="Cava Anna de Codorníu Brut 37,5cl. - Comercial de Hosteleria Anma" />
<meta property="og:description" content="Las uvas utilizadas en la elaboración de Anna de Codorníu Brut Nature Vintage proceden de dos zonas vitivinícolas muy distintas, y su selección se lleva a cabo minuciosamente. La variedad Chardonnay procede de viñedos propios situados en la región de clima más continental de la D.O. Cava, en Lleida, que favorece una óptima concentración, mayor acidez, más cuerpo y mayor intensidad en la uva. Los sistemas de cultivo siguen los criterios de producción integrada y están especialmente adaptados a la elaboración de espumosos." />
<meta property="og:url" content="https://www.comercialanma.es/?product=cava-anna-de-codorniu-brut-375cl" />
<meta property="og:site_name" content="Comercial de Hosteleria Anma" />
<meta property="article:publisher" content="https://www.facebook.com/AnmaHosteleria" />
<meta property="article:modified_time" content="2022-04-25T06:59:36+00:00" />
<meta property="og:image" content="https://i1.wp.com/www.comercialanma.es/wp-content/uploads/2019/08/Anna-Brut-375.jpg?fit=1200%2C1200&#038;ssl=1" />
	<meta property="og:image:width" content="1200" />
	<meta property="og:image:height" content="1200" />
<meta name="twitter:card" content="summary_large_image" />
<script type="application/ld+json" class="yoast-schema-graph">{"@context":"https://schema.org","@graph":[{"@type":"Organization","@id":"https://www.comercialanma.es/#organization","name":"Comercial Anma","url":"https://www.comercialanma.es/","sameAs":["https://www.facebook.com/AnmaHosteleria","https://www.instagram.com/anmahosteleria/?hl=es","https://www.youtube.com/channel/UCT2nmn08Ntks0hmpZPnDgCA"],"logo":{"@type":"ImageObject","@id":"https://www.comercialanma.es/#logo","inLanguage":"es","url":"https://i2.wp.com/www.comercialanma.es/wp-content/uploads/2019/06/logo-anma-color.png?fit=247%2C101&ssl=1","width":247,"height":101,"caption":"Comercial Anma"},"image":{"@id":"https://www.comercialanma.es/#logo"}},{"@type":"WebSite","@id":"https://www.comercialanma.es/#website","url":"https://www.comercialanma.es/","name":"Comercial de Hosteleria Anma","description":"","publisher":{"@id":"https://www.comercialanma.es/#organization"},"potentialAction":[{"@type":"SearchAction","target":"https://www.comercialanma.es/?s={search_term_string}","query-input":"required name=search_term_string"}],"inLanguage":"es"},{"@type":"ImageObject","@id":"https://www.comercialanma.es/?product=cava-anna-de-codorniu-brut-375cl#primaryimage","inLanguage":"es","url":"https://i1.wp.com/www.comercialanma.es/wp-content/uploads/2019/08/Anna-Brut-375.jpg?fit=1200%2C1200&ssl=1","width":1200,"height":1200},{"@type":"WebPage","@id":"https://www.comercialanma.es/?product=cava-anna-de-codorniu-brut-375cl#webpage","url":"https://www.comercialanma.es/?product=cava-anna-de-codorniu-brut-375cl","name":"Cava Anna de Codorn\u00edu Brut 37,5cl. - Comercial de Hosteleria Anma","isPartOf":{"@id":"https://www.comercialanma.es/#website"},"primaryImageOfPage":{"@id":"https://www.comercialanma.es/?product=cava-anna-de-codorniu-brut-375cl#primaryimage"},"datePublished":"2019-08-27T10:19:23+00:00","dateModified":"2022-04-25T06:59:36+00:00","breadcrumb":{"@id":"https://www.comercialanma.es/?product=cava-anna-de-codorniu-brut-375cl#breadcrumb"},"inLanguage":"es","potentialAction":[{"@type":"ReadAction","target":["https://www.comercialanma.es/?product=cava-anna-de-codorniu-brut-375cl"]}]},{"@type":"BreadcrumbList","@id":"https://www.comercialanma.es/?product=cava-anna-de-codorniu-brut-375cl#breadcrumb","itemListElement":[{"@type":"ListItem","position":1,"item":{"@type":"WebPage","@id":"https://www.comercialanma.es/","url":"https://www.comercialanma.es/","name":"Portada"}},{"@type":"ListItem","position":2,"item":{"@type":"WebPage","@id":"https://www.comercialanma.es/?page_id=3963","url":"https://www.comercialanma.es/?page_id=3963","name":"Cat\u00e1logo de Productos"}},{"@type":"ListItem","position":3,"item":{"@type":"WebPage","@id":"https://www.comercialanma.es/?product=cava-anna-de-codorniu-brut-375cl","url":"https://www.comercialanma.es/?product=cava-anna-de-codorniu-brut-375cl","name":"Cava Anna de Codorn\u00edu Brut 37,5cl."}}]}]}</script>
<!-- / Yoast SEO plugin. -->
